{"id":41999,"date":"2025-05-16T12:54:20","date_gmt":"2025-05-16T12:54:20","guid":{"rendered":"https:\/\/intercontrol.be\/?post_type=product&#038;p=41999"},"modified":"2025-05-16T12:55:50","modified_gmt":"2025-05-16T12:55:50","slug":"titan-metra-clear","status":"publish","type":"product","link":"https:\/\/intercontrol.be\/frs\/non class\u00e9\/titan-metra-clear\/","title":{"rendered":"<b>Titan Metra-Clear<\/b> <br>"},"content":{"rendered":"<section class=\"l-section wpb_row height_large color_primary parallax_ver with_shape\"><div class=\"l-section-overlay\" style=\"background:rgba(6,56,119,0.81)\"><\/div><div class=\"l-section-shape type_triangle pos_bottom\" style=\"height:5vh;\"><svg xmlns=\"http:\/\/www.w3.org\/2000\/svg\" viewBox=\"0 0 64 8\" preserveAspectRatio=\"none\" width=\"100%\" height=\"100%\">\r\n\t<path fill=\"currentColor\" d=\"M64 8 L0 8 L0 0 L32 7.9 L64 0 Z\"\/>\r\n<\/svg><\/div><div class=\"l-section-h i-cf\"><div class=\"g-cols vc_row via_flex valign_top type_default stacking_default\"><div class=\"vc_col-sm-2 wpb_column vc_column_container\"><div class=\"vc_column-inner\"><div class=\"wpb_wrapper\"><\/div><\/div><\/div><div class=\"vc_col-sm-8 wpb_column vc_column_container\"><div class=\"vc_column-inner\"><div class=\"wpb_wrapper\"><div class=\"wpb_text_column\"><div class=\"wpb_wrapper\"><h1 style=\"text-align: center;\">Titan Metra-Clear<\/h1>\n<\/div><\/div><div class=\"wpb_text_column\"><div class=\"wpb_wrapper\"><h3 style=\"text-align: center;\">D\u00e9bitm\u00e8tre \u00e0 engrenages ovales<\/h3>\n<\/div><\/div><\/div><\/div><\/div><div class=\"vc_col-sm-2 wpb_column vc_column_container\"><div class=\"vc_column-inner\"><div class=\"wpb_wrapper\"><\/div><\/div><\/div><\/div><\/div><\/section><section class=\"l-section wpb_row us_custom_a4ebe4e2 height_large\"><div class=\"l-section-h i-cf\"><div class=\"g-cols vc_row via_flex valign_top type_default stacking_default\" style=\"--additional-gap:10px;\"><div class=\"vc_col-sm-12 wpb_column vc_column_container\"><div class=\"vc_column-inner\"><div class=\"wpb_wrapper\"><div class=\"g-cols wpb_row via_flex valign_middle type_default stacking_default\"><div class=\"vc_col-sm-8 wpb_column vc_column_container\"><div class=\"vc_column-inner\"><div class=\"wpb_wrapper\"><div class=\"w-image align_center\"><div class=\"w-image-h\"><img decoding=\"async\" width=\"500\" height=\"500\" data-src=\"https:\/\/intercontrol.be\/wp-content\/uploads\/2025\/05\/Titan-Metra-Clear-oval-gear-flowmeter.jpg\" class=\"attachment-large size-large lazyload\" alt=\"Titan Metra-Clear oval gear flowmeter\" data-srcset=\"https:\/\/intercontrol.be\/wp-content\/uploads\/2025\/05\/Titan-Metra-Clear-oval-gear-flowmeter.jpg 500w, https:\/\/intercontrol.be\/wp-content\/uploads\/2025\/05\/Titan-Metra-Clear-oval-gear-flowmeter-300x300.jpg 300w, https:\/\/intercontrol.be\/wp-content\/uploads\/2025\/05\/Titan-Metra-Clear-oval-gear-flowmeter-120x120.jpg 120w, https:\/\/intercontrol.be\/wp-content\/uploads\/2025\/05\/Titan-Metra-Clear-oval-gear-flowmeter-150x150.jpg 150w\" data-sizes=\"(max-width: 500px) 100vw, 500px\" src=\"data:image\/svg+xml;base64,PHN2ZyB3aWR0aD0iMSIgaGVpZ2h0PSIxIiB4bWxucz0iaHR0cDovL3d3dy53My5vcmcvMjAwMC9zdmciPjwvc3ZnPg==\" style=\"--smush-placeholder-width: 500px; --smush-placeholder-aspect-ratio: 500\/500;\" \/><\/div><\/div><\/div><\/div><\/div><div class=\"vc_col-sm-4 wpb_column vc_column_container\"><div class=\"vc_column-inner\"><div class=\"wpb_wrapper\"><div class=\"w-image align_center\"><a title=\"Titan\" href=\"https:\/\/intercontrol.be\/titan-flowmeters\/\" aria-label=\"Link\" class=\"w-image-h\"><img decoding=\"async\" width=\"400\" height=\"200\" data-src=\"https:\/\/intercontrol.be\/wp-content\/uploads\/2023\/01\/Titan-logo-batch.png\" class=\"attachment-large size-large lazyload\" alt=\"Titan logo\" data-srcset=\"https:\/\/intercontrol.be\/wp-content\/uploads\/2023\/01\/Titan-logo-batch.png 400w, https:\/\/intercontrol.be\/wp-content\/uploads\/2023\/01\/Titan-logo-batch-300x150.png 300w\" data-sizes=\"(max-width: 400px) 100vw, 400px\" src=\"data:image\/svg+xml;base64,PHN2ZyB3aWR0aD0iMSIgaGVpZ2h0PSIxIiB4bWxucz0iaHR0cDovL3d3dy53My5vcmcvMjAwMC9zdmciPjwvc3ZnPg==\" style=\"--smush-placeholder-width: 400px; --smush-placeholder-aspect-ratio: 400\/200;\" \/><\/a><\/div><div class=\"wpb_text_column\"><div class=\"wpb_wrapper\"><p>Le d\u00e9bitm\u00e8tre \u00e0 engrenages ovales Titan Metra-Clear offre une plage de d\u00e9bit de 0,01 \u00e0 100 litres par minute pour une huile de viscosit\u00e9 30 centiStokes et de 0,1 \u00e0 100 litres par minute pour des liquides similaires \u00e0 l\u2019eau.<\/p>\n<\/div><\/div><\/div><\/div><\/div><\/div><div class=\"w-separator size_huge with_line width_default thick_1 style_solid color_primary align_center with_text with_content\"><div class=\"w-separator-h\"><h3 class=\"w-separator-text\"><span>Sp\u00e9cifications<\/span><\/h3><\/div><\/div><div class=\"w-html\"><!DOCTYPE html>\n<html lang=\"fr\">\n<head>\n    <meta charset=\"UTF-8\">\n    <meta name=\"viewport\" content=\"width=device-width, initial-scale=1.0\">\n    <title>Sp\u00e9cifications MC D\u00e9bitm\u00e8tres<\/title>\n    <style>\n        .table-wrapper {\n            overflow-x: auto;\n            width: 100%;\n            -webkit-overflow-scrolling: touch;\n        }\n        .data-table {\n            width: 100%;\n            min-width: 600px;\n            border-collapse: collapse;\n        }\n        .data-table th,\n        .data-table td {\n            border: 1px solid #ddd;\n            padding: 8px;\n            text-align: left;\n            white-space: nowrap;\n        }\n        .data-table th {\n            background-color: #f2f2f2;\n            font-weight: bold;\n        }\n        .data-table tr:nth-child(even) {\n            background-color: #f9f9f9;\n        }\n        th.darker-bg {\n            background-color: #d3d3d3;\n            text-align: left;\n        }\n    <\/style>\n<\/head>\n<body>\n    <div class=\"table-wrapper\">\n        <table class=\"data-table\">\n            <tbody>\n                <tr>\n                    <th rowspan=\"2\" class=\"darker-bg\">Mod\u00e8le<\/th>\n                    <th colspan=\"3\" class=\"darker-bg\">Plage de d\u00e9bit Huile<\/th>\n                    <th colspan=\"3\" class=\"darker-bg\">Plage de d\u00e9bit Eau<\/th>\n                    <th rowspan=\"2\" class=\"darker-bg\">Facteur \u2018K\u2019 (Impulsions\/Litre)<\/th>\n                <\/tr>\n                <tr>\n                    <th>Min (L\/min)<\/th>\n                    <th>Max (L\/min)<\/th>\n                    <th>Pr\u00e9cision<\/th>\n                    <th>Min (L\/min)<\/th>\n                    <th>Max (L\/min)<\/th>\n                    <th>Pr\u00e9cision<\/th>\n                <\/tr>\n                <tr>\n                    <td>MC1<\/td>\n                    <td>0,01<\/td>\n                    <td>1,0<\/td>\n                    <td>0,75 % FSD<\/td>\n                    <td>0,1<\/td>\n                    <td>1,0<\/td>\n                    <td>1,00 % FSD<\/td>\n                    <td>2050<\/td>\n                <\/tr>\n                <tr>\n                    <td>MC2<\/td>\n                    <td>0,03<\/td>\n                    <td>4,0<\/td>\n                    <td>0,75 % FSD<\/td>\n                    <td>0,15<\/td>\n                    <td>4,0<\/td>\n                    <td>1,00 % FSD<\/td>\n                    <td>1100<\/td>\n                <\/tr>\n                <tr>\n                    <td>MC3<\/td>\n                    <td>0,05<\/td>\n                    <td>10<\/td>\n                    <td>1 %<\/td>\n                    <td>0,5<\/td>\n                    <td>10<\/td>\n                    <td>0,50 % FSD<\/td>\n                    <td>440<\/td>\n                <\/tr>\n                <tr>\n                    <td>MC4<\/td>\n                    <td>0,25<\/td>\n                    <td>50<\/td>\n                    <td>0,50 %<\/td>\n                    <td>2,5<\/td>\n                    <td>50<\/td>\n                    <td>1,00 %<\/td>\n                    <td>115<\/td>\n                <\/tr>\n                <tr>\n                    <td>MC5<\/td>\n                    <td>0,50<\/td>\n                    <td>100<\/td>\n                    <td>0,50 %<\/td>\n                    <td>4,0<\/td>\n                    <td>100<\/td>\n                    <td>0,75 %<\/td>\n                    <td>78<\/td>\n                <\/tr>\n            <\/tbody>\n        <\/table>\n    <\/div>\n<\/body>\n<\/html><\/div><div class=\"w-separator size_huge with_line width_default thick_1 style_solid color_primary align_center with_text with_content\"><div class=\"w-separator-h\"><h3 class=\"w-separator-text\"><span>Aper\u00e7u du produit<\/span><\/h3><\/div><\/div><div class=\"g-cols wpb_row via_flex valign_top type_default stacking_default\"><div class=\"vc_col-sm-6 wpb_column vc_column_container\"><div class=\"vc_column-inner\"><div class=\"wpb_wrapper\"><div class=\"wpb_text_column\"><div class=\"wpb_wrapper\"><p data-sourcepos=\"1:1-1:543\">Pour les fabricants d\u2019\u00e9quipements d\u2019origine (OEM), des alternatives sont disponibles, y compris le montage sur collecteur. Les mod\u00e8les standard ont des corps en acier inoxydable 316, en aluminium (sauf MC1 et MC2) ou en PEEK avec des joints toriques Viton\u2122.<\/p>\n<p data-sourcepos=\"1:1-1:111\">Le c\u0153ur du d\u00e9bitm\u00e8tre est constitu\u00e9 de deux engrenages ovales dent\u00e9s, dont l\u2019un contient des aimants r\u00e9sistants aux produits chimiques.<\/p>\n<p data-sourcepos=\"3:1-3:173\">La rotation est d\u00e9tect\u00e9e \u00e0 travers la paroi de la chambre de mesure par un capteur Hall ou un contact reed, qui g\u00e9n\u00e8re un nombre pr\u00e9cis d\u2019impulsions par litre \u00e9coul\u00e9.<\/p>\n<p data-sourcepos=\"5:1-5:197\">Le signal de sortie est une impulsion NPN ou une fermeture de contact sans potentiel, tous deux facilement connectables \u00e0 la plupart des afficheurs \u00e9lectroniques ou appareils d\u2019enregistrement, tels que le Pulsite\u00ae Solo.<\/p>\n<p data-sourcepos=\"7:1-7:133\">Cette combinaison de mat\u00e9riaux et de technologie garantit un produit avec une longue dur\u00e9e de vie et un fonctionnement fiable et pr\u00e9cis.<\/p>\n<\/div><\/div><\/div><\/div><\/div><div class=\"vc_col-sm-6 wpb_column vc_column_container has_bg_color\"><div class=\"vc_column-inner us_custom_c2693ae2\"><div class=\"wpb_wrapper\"><div class=\"wpb_text_column\"><div class=\"wpb_wrapper\"><h3 class=\"\" data-start=\"1128\" data-end=\"1160\">Caract\u00e9ristiques<\/h3>\n<div class=\"ProseMirror\" contenteditable=\"true\" translate=\"no\">\n<ul>\n<li data-sourcepos=\"1:1-1:22\">Construction robuste<\/li>\n<li data-sourcepos=\"2:1-2:21\">Bonne visibilit\u00e9<\/li>\n<li data-sourcepos=\"3:1-3:24\">Calibration individuelle<\/li>\n<li data-sourcepos=\"4:1-4:30\">Options pour haute viscosit\u00e9<\/li>\n<li data-sourcepos=\"5:1-5:14\">Faible perte de pression<\/li>\n<li data-sourcepos=\"6:1-6:33\">Aucun conditionnement de d\u00e9bit requis<\/li>\n<li data-sourcepos=\"7:1-7:26\">Assemblage compact du d\u00e9bitm\u00e8tre<\/li>\n<li data-sourcepos=\"8:1-8:20\">Capteur Hall, contact reed<\/li>\n<li data-sourcepos=\"9:1-9:31\">Pr\u00e9cision 1,0 % FSD pour l\u2019eau<\/li>\n<li data-sourcepos=\"10:1-10:25\">0,75 % FSD pour l\u2019huile (30 cSt)<\/li>\n<li data-sourcepos=\"11:1-11:22\">R\u00e9p\u00e9tabilit\u00e9 0,1 %<\/li>\n<li data-sourcepos=\"12:1-12:24\">Indice de protection IP65<\/li>\n<li data-sourcepos=\"13:1-13:13\">Pression de 10 bar<\/li>\n<li data-sourcepos=\"14:1-14:24\">Option non m\u00e9tallique<\/li>\n<li data-sourcepos=\"15:1-15:27\">Temp\u00e9rature maximale de 60 \u00b0C<\/li>\n<li data-sourcepos=\"16:1-16:16\">5 plages de d\u00e9bit<\/li>\n<\/ul>\n<\/div>\n<\/div><\/div><\/div><\/div><\/div><\/div><div class=\"w-separator size_huge with_line width_default thick_1 style_solid color_primary align_center with_text with_content\"><div class=\"w-separator-h\"><h3 class=\"w-separator-text\"><span>Application(s)<\/span><\/h3><\/div><\/div><div class=\"g-cols wpb_row via_flex valign_top type_default stacking_default\"><div class=\"vc_col-sm-6 wpb_column vc_column_container\"><div class=\"vc_column-inner\"><div class=\"wpb_wrapper\"><div class=\"wpb_text_column\"><div class=\"wpb_wrapper\"><ul>\n<li data-sourcepos=\"3:1-3:13\">Tests de moteurs<\/li>\n<li data-sourcepos=\"4:1-4:12\">D\u00e9bit d\u2019huile<\/li>\n<li data-sourcepos=\"5:1-5:35\">Liquides \u00e0 haute viscosit\u00e9<\/li>\n<\/ul>\n<\/div><\/div><\/div><\/div><\/div><div class=\"vc_col-sm-6 wpb_column vc_column_container\"><div class=\"vc_column-inner\"><div class=\"wpb_wrapper\"><div class=\"wpb_text_column\"><div class=\"wpb_wrapper\"><ul>\n<li data-sourcepos=\"6:1-6:16\">\u00c9quipements OEM<\/li>\n<li data-sourcepos=\"7:1-7:32\">Environnements \u00e0 risque d\u2019explosion<\/li>\n<li data-sourcepos=\"8:1-8:16\">Processus par lots<\/li>\n<\/ul>\n<\/div><\/div><\/div><\/div><\/div><\/div><div class=\"w-separator size_huge with_line width_default thick_1 style_solid color_primary align_center with_text with_content\"><div class=\"w-separator-h\"><h3 class=\"w-separator-text\"><span>T\u00e9l\u00e9chargement(s)<\/span><\/h3><\/div><\/div><div class=\"wpb_text_column us_custom_c2693ae2\"><div class=\"wpb_wrapper\"><ul>\n<li><a href=\"https:\/\/intercontrol.be\/wp-content\/uploads\/2025\/05\/Titan-Maetra-Clear-oval-gear-flowmeter-datasheet-ENG.pdf\">Titan Metra-Clear &#8211; d\u00e9bitm\u00e8tre \u00e0 engrenages ovales &#8211; fiche technique (ANG)<\/a><\/li>\n<\/ul>\n<\/div><\/div><div class=\"w-separator size_small with_line width_default thick_1 style_solid color_primary align_center\"><div class=\"w-separator-h\"><\/div><\/div><\/div><\/div><\/div><\/div><\/div><\/section>\n","protected":false},"excerpt":{"rendered":"Titan Metra-Clear D\u00e9bitm\u00e8tre \u00e0 engrenages ovales Le d\u00e9bitm\u00e8tre \u00e0 engrenages ovales Titan Metra-Clear offre une plage de d\u00e9bit de 0,01 \u00e0 100 litres par minute pour une huile de viscosit\u00e9 30 centiStokes et de 0,1 \u00e0 100 litres par minute pour des liquides similaires \u00e0 l\u2019eau. Sp\u00e9cifications Sp\u00e9cifications MC D\u00e9bitm\u00e8tres Mod\u00e8le Plage de d\u00e9bit Huile...","protected":false},"featured_media":41996,"comment_status":"closed","ping_status":"closed","template":"","meta":{"_acf_changed":false,"_monsterinsights_skip_tracking":false,"_monsterinsights_sitenote_active":false,"_monsterinsights_sitenote_note":"","_monsterinsights_sitenote_category":0},"product_brand":[],"product_cat":[],"product_tag":[],"class_list":{"0":"post-41999","1":"product","2":"type-product","3":"status-publish","4":"has-post-thumbnail","7":"first","8":"instock","9":"shipping-taxable","10":"product-type-simple"},"acf":[],"yoast_head":"<!-- This site is optimized with the Yoast SEO plugin v27.5 - https:\/\/yoast.com\/product\/yoast-seo-wordpress\/ -->\n<title>Titan Metra-Clear  - Intercontrol Belgi\u00eb<\/title>\n<meta name=\"description\" content=\"Le d\u00e9bitm\u00e8tre \u00e0 engrenages ovales Titan Metra-Clear - une plage de d\u00e9bit allant jusqu&#039;\u00e0 100 litres par minute pour l&#039;huile et les liquides similaires \u00e0 l&#039;eau. V\u00e9rifiez les d\u00e9tails ici.\" \/>\n<meta name=\"robots\" content=\"index, follow, max-snippet:-1, max-image-preview:large, max-video-preview:-1\" \/>\n<link rel=\"canonical\" href=\"https:\/\/intercontrol.be\/frs\/niet-gecategoriseerd\/titan-metra-clear\/\" \/>\n<meta property=\"og:locale\" content=\"fr_FR\" \/>\n<meta property=\"og:type\" content=\"article\" \/>\n<meta property=\"og:title\" content=\"Titan Metra-Clear  - Intercontrol Belgi\u00eb\" \/>\n<meta property=\"og:description\" content=\"Le d\u00e9bitm\u00e8tre \u00e0 engrenages ovales Titan Metra-Clear - une plage de d\u00e9bit allant jusqu&#039;\u00e0 100 litres par minute pour l&#039;huile et les liquides similaires \u00e0 l&#039;eau. V\u00e9rifiez les d\u00e9tails ici.\" \/>\n<meta property=\"og:url\" content=\"https:\/\/intercontrol.be\/frs\/niet-gecategoriseerd\/titan-metra-clear\/\" \/>\n<meta property=\"og:site_name\" content=\"Intercontrol Belgi\u00eb\" \/>\n<meta property=\"article:modified_time\" content=\"2025-05-16T12:55:50+00:00\" \/>\n<meta property=\"og:image\" content=\"https:\/\/intercontrol.be\/wp-content\/uploads\/2025\/05\/Titan-Metra-Clear-oval-gear-flowmeter.jpg\" \/>\n\t<meta property=\"og:image:width\" content=\"500\" \/>\n\t<meta property=\"og:image:height\" content=\"500\" \/>\n\t<meta property=\"og:image:type\" content=\"image\/jpeg\" \/>\n<meta name=\"twitter:card\" content=\"summary_large_image\" \/>\n<meta name=\"twitter:label1\" content=\"Dur\u00e9e de lecture estim\u00e9e\" \/>\n\t<meta name=\"twitter:data1\" content=\"3 minutes\" \/>\n<script type=\"application\/ld+json\" class=\"yoast-schema-graph\">{\"@context\":\"https:\\\/\\\/schema.org\",\"@graph\":[{\"@type\":\"WebPage\",\"@id\":\"https:\\\/\\\/intercontrol.be\\\/frs\\\/niet-gecategoriseerd\\\/titan-metra-clear\\\/\",\"url\":\"https:\\\/\\\/intercontrol.be\\\/frs\\\/niet-gecategoriseerd\\\/titan-metra-clear\\\/\",\"name\":\"Titan Metra-Clear - Intercontrol Belgi\u00eb\",\"isPartOf\":{\"@id\":\"https:\\\/\\\/intercontrol.be\\\/#website\"},\"primaryImageOfPage\":{\"@id\":\"https:\\\/\\\/intercontrol.be\\\/frs\\\/niet-gecategoriseerd\\\/titan-metra-clear\\\/#primaryimage\"},\"image\":{\"@id\":\"https:\\\/\\\/intercontrol.be\\\/frs\\\/niet-gecategoriseerd\\\/titan-metra-clear\\\/#primaryimage\"},\"thumbnailUrl\":\"https:\\\/\\\/intercontrol.be\\\/wp-content\\\/uploads\\\/2025\\\/05\\\/Titan-Metra-Clear-oval-gear-flowmeter.jpg\",\"datePublished\":\"2025-05-16T12:54:20+00:00\",\"dateModified\":\"2025-05-16T12:55:50+00:00\",\"description\":\"Le d\u00e9bitm\u00e8tre \u00e0 engrenages ovales Titan Metra-Clear - une plage de d\u00e9bit allant jusqu'\u00e0 100 litres par minute pour l'huile et les liquides similaires \u00e0 l'eau. V\u00e9rifiez les d\u00e9tails ici.\",\"breadcrumb\":{\"@id\":\"https:\\\/\\\/intercontrol.be\\\/frs\\\/niet-gecategoriseerd\\\/titan-metra-clear\\\/#breadcrumb\"},\"inLanguage\":\"fr-FR\",\"potentialAction\":[{\"@type\":\"ReadAction\",\"target\":[\"https:\\\/\\\/intercontrol.be\\\/frs\\\/niet-gecategoriseerd\\\/titan-metra-clear\\\/\"]}]},{\"@type\":\"ImageObject\",\"inLanguage\":\"fr-FR\",\"@id\":\"https:\\\/\\\/intercontrol.be\\\/frs\\\/niet-gecategoriseerd\\\/titan-metra-clear\\\/#primaryimage\",\"url\":\"https:\\\/\\\/intercontrol.be\\\/wp-content\\\/uploads\\\/2025\\\/05\\\/Titan-Metra-Clear-oval-gear-flowmeter.jpg\",\"contentUrl\":\"https:\\\/\\\/intercontrol.be\\\/wp-content\\\/uploads\\\/2025\\\/05\\\/Titan-Metra-Clear-oval-gear-flowmeter.jpg\",\"width\":500,\"height\":500,\"caption\":\"Titan Metra-Clear oval gear flowmeter\"},{\"@type\":\"BreadcrumbList\",\"@id\":\"https:\\\/\\\/intercontrol.be\\\/frs\\\/niet-gecategoriseerd\\\/titan-metra-clear\\\/#breadcrumb\",\"itemListElement\":[{\"@type\":\"ListItem\",\"position\":1,\"name\":\"Home\",\"item\":\"https:\\\/\\\/intercontrol.be\\\/frs\\\/\"},{\"@type\":\"ListItem\",\"position\":2,\"name\":\"Catalogus\",\"item\":\"https:\\\/\\\/intercontrol.be\\\/catalogus\\\/\"},{\"@type\":\"ListItem\",\"position\":3,\"name\":\"Titan Metra-Clear\"}]},{\"@type\":\"WebSite\",\"@id\":\"https:\\\/\\\/intercontrol.be\\\/#website\",\"url\":\"https:\\\/\\\/intercontrol.be\\\/\",\"name\":\"Intercontrol Belgi\u00eb\",\"description\":\"Alles onder controle!\",\"potentialAction\":[{\"@type\":\"SearchAction\",\"target\":{\"@type\":\"EntryPoint\",\"urlTemplate\":\"https:\\\/\\\/intercontrol.be\\\/?s={search_term_string}\"},\"query-input\":{\"@type\":\"PropertyValueSpecification\",\"valueRequired\":true,\"valueName\":\"search_term_string\"}}],\"inLanguage\":\"fr-FR\"}]}<\/script>\n<!-- \/ Yoast SEO plugin. -->","yoast_head_json":{"title":"Titan Metra-Clear  - Intercontrol Belgi\u00eb","description":"Le d\u00e9bitm\u00e8tre \u00e0 engrenages ovales Titan Metra-Clear - une plage de d\u00e9bit allant jusqu'\u00e0 100 litres par minute pour l'huile et les liquides similaires \u00e0 l'eau. V\u00e9rifiez les d\u00e9tails ici.","robots":{"index":"index","follow":"follow","max-snippet":"max-snippet:-1","max-image-preview":"max-image-preview:large","max-video-preview":"max-video-preview:-1"},"canonical":"https:\/\/intercontrol.be\/frs\/niet-gecategoriseerd\/titan-metra-clear\/","og_locale":"fr_FR","og_type":"article","og_title":"Titan Metra-Clear  - Intercontrol Belgi\u00eb","og_description":"Le d\u00e9bitm\u00e8tre \u00e0 engrenages ovales Titan Metra-Clear - une plage de d\u00e9bit allant jusqu'\u00e0 100 litres par minute pour l'huile et les liquides similaires \u00e0 l'eau. V\u00e9rifiez les d\u00e9tails ici.","og_url":"https:\/\/intercontrol.be\/frs\/niet-gecategoriseerd\/titan-metra-clear\/","og_site_name":"Intercontrol Belgi\u00eb","article_modified_time":"2025-05-16T12:55:50+00:00","og_image":[{"width":500,"height":500,"url":"https:\/\/intercontrol.be\/wp-content\/uploads\/2025\/05\/Titan-Metra-Clear-oval-gear-flowmeter.jpg","type":"image\/jpeg"}],"twitter_card":"summary_large_image","twitter_misc":{"Dur\u00e9e de lecture estim\u00e9e":"3 minutes"},"schema":{"@context":"https:\/\/schema.org","@graph":[{"@type":"WebPage","@id":"https:\/\/intercontrol.be\/frs\/niet-gecategoriseerd\/titan-metra-clear\/","url":"https:\/\/intercontrol.be\/frs\/niet-gecategoriseerd\/titan-metra-clear\/","name":"Titan Metra-Clear - Intercontrol Belgi\u00eb","isPartOf":{"@id":"https:\/\/intercontrol.be\/#website"},"primaryImageOfPage":{"@id":"https:\/\/intercontrol.be\/frs\/niet-gecategoriseerd\/titan-metra-clear\/#primaryimage"},"image":{"@id":"https:\/\/intercontrol.be\/frs\/niet-gecategoriseerd\/titan-metra-clear\/#primaryimage"},"thumbnailUrl":"https:\/\/intercontrol.be\/wp-content\/uploads\/2025\/05\/Titan-Metra-Clear-oval-gear-flowmeter.jpg","datePublished":"2025-05-16T12:54:20+00:00","dateModified":"2025-05-16T12:55:50+00:00","description":"Le d\u00e9bitm\u00e8tre \u00e0 engrenages ovales Titan Metra-Clear - une plage de d\u00e9bit allant jusqu'\u00e0 100 litres par minute pour l'huile et les liquides similaires \u00e0 l'eau. V\u00e9rifiez les d\u00e9tails ici.","breadcrumb":{"@id":"https:\/\/intercontrol.be\/frs\/niet-gecategoriseerd\/titan-metra-clear\/#breadcrumb"},"inLanguage":"fr-FR","potentialAction":[{"@type":"ReadAction","target":["https:\/\/intercontrol.be\/frs\/niet-gecategoriseerd\/titan-metra-clear\/"]}]},{"@type":"ImageObject","inLanguage":"fr-FR","@id":"https:\/\/intercontrol.be\/frs\/niet-gecategoriseerd\/titan-metra-clear\/#primaryimage","url":"https:\/\/intercontrol.be\/wp-content\/uploads\/2025\/05\/Titan-Metra-Clear-oval-gear-flowmeter.jpg","contentUrl":"https:\/\/intercontrol.be\/wp-content\/uploads\/2025\/05\/Titan-Metra-Clear-oval-gear-flowmeter.jpg","width":500,"height":500,"caption":"Titan Metra-Clear oval gear flowmeter"},{"@type":"BreadcrumbList","@id":"https:\/\/intercontrol.be\/frs\/niet-gecategoriseerd\/titan-metra-clear\/#breadcrumb","itemListElement":[{"@type":"ListItem","position":1,"name":"Home","item":"https:\/\/intercontrol.be\/frs\/"},{"@type":"ListItem","position":2,"name":"Catalogus","item":"https:\/\/intercontrol.be\/catalogus\/"},{"@type":"ListItem","position":3,"name":"Titan Metra-Clear"}]},{"@type":"WebSite","@id":"https:\/\/intercontrol.be\/#website","url":"https:\/\/intercontrol.be\/","name":"Intercontrol Belgi\u00eb","description":"Alles onder controle!","potentialAction":[{"@type":"SearchAction","target":{"@type":"EntryPoint","urlTemplate":"https:\/\/intercontrol.be\/?s={search_term_string}"},"query-input":{"@type":"PropertyValueSpecification","valueRequired":true,"valueName":"search_term_string"}}],"inLanguage":"fr-FR"}]}},"_links":{"self":[{"href":"https:\/\/intercontrol.be\/frs\/wp-json\/wp\/v2\/product\/41999","targetHints":{"allow":["GET"]}}],"collection":[{"href":"https:\/\/intercontrol.be\/frs\/wp-json\/wp\/v2\/product"}],"about":[{"href":"https:\/\/intercontrol.be\/frs\/wp-json\/wp\/v2\/types\/product"}],"replies":[{"embeddable":true,"href":"https:\/\/intercontrol.be\/frs\/wp-json\/wp\/v2\/comments?post=41999"}],"wp:featuredmedia":[{"embeddable":true,"href":"https:\/\/intercontrol.be\/frs\/wp-json\/wp\/v2\/media\/41996"}],"wp:attachment":[{"href":"https:\/\/intercontrol.be\/frs\/wp-json\/wp\/v2\/media?parent=41999"}],"wp:term":[{"taxonomy":"product_brand","embeddable":true,"href":"https:\/\/intercontrol.be\/frs\/wp-json\/wp\/v2\/product_brand?post=41999"},{"taxonomy":"product_cat","embeddable":true,"href":"https:\/\/intercontrol.be\/frs\/wp-json\/wp\/v2\/product_cat?post=41999"},{"taxonomy":"product_tag","embeddable":true,"href":"https:\/\/intercontrol.be\/frs\/wp-json\/wp\/v2\/product_tag?post=41999"}],"curies":[{"name":"wp","href":"https:\/\/api.w.org\/{rel}","templated":true}]}}