{"id":41689,"date":"2024-12-06T10:50:01","date_gmt":"2024-12-06T10:50:01","guid":{"rendered":"https:\/\/intercontrol.be\/non%20class\u00e9\/bd-sensors-17-600-g-transmetteur-de-pression-feo\/"},"modified":"2024-12-09T08:34:25","modified_gmt":"2024-12-09T08:34:25","slug":"bd-sensors-17-600-g-transmetteur-de-pression-feo","status":"publish","type":"product","link":"https:\/\/intercontrol.be\/frs\/gaz\/bd-sensors-17-600-g-transmetteur-de-pression-feo\/","title":{"rendered":"<b>BD Sensors 17.600 G<\/b> <br>transmetteur de pression (FEO)"},"content":{"rendered":"<section class=\"l-section wpb_row height_large color_primary parallax_ver with_shape\"><div class=\"l-section-overlay\" style=\"background:rgba(6,56,119,0.81)\"><\/div><div class=\"l-section-shape type_triangle pos_bottom\" style=\"height:5vh;\"><svg xmlns=\"http:\/\/www.w3.org\/2000\/svg\" viewBox=\"0 0 64 8\" preserveAspectRatio=\"none\" width=\"100%\" height=\"100%\">\r\n\t<path fill=\"currentColor\" d=\"M64 8 L0 8 L0 0 L32 7.9 L64 0 Z\"\/>\r\n<\/svg><\/div><div class=\"l-section-h i-cf\"><div class=\"g-cols vc_row via_flex valign_top type_default stacking_default\"><div class=\"vc_col-sm-2 wpb_column vc_column_container\"><div class=\"vc_column-inner\"><div class=\"wpb_wrapper\"><\/div><\/div><\/div><div class=\"vc_col-sm-8 wpb_column vc_column_container\"><div class=\"vc_column-inner\"><div class=\"wpb_wrapper\"><div class=\"wpb_text_column\"><div class=\"wpb_wrapper\"><h1 style=\"text-align: center;\">BD SENSORS 17.600 G<\/h1>\n<\/div><\/div><div class=\"w-image align_center\"><div class=\"w-image-h\"><img decoding=\"async\" width=\"50\" height=\"10\" data-src=\"https:\/\/intercontrol.be\/wp-content\/uploads\/2021\/04\/intercontrol-dividerwit.png\" class=\"attachment-large size-large lazyload\" alt=\"\" src=\"data:image\/svg+xml;base64,PHN2ZyB3aWR0aD0iMSIgaGVpZ2h0PSIxIiB4bWxucz0iaHR0cDovL3d3dy53My5vcmcvMjAwMC9zdmciPjwvc3ZnPg==\" style=\"--smush-placeholder-width: 50px; --smush-placeholder-aspect-ratio: 50\/10;\" \/><\/div><\/div><div class=\"w-separator size_small\"><\/div><div class=\"wpb_text_column\"><div class=\"wpb_wrapper\"><h3 style=\"text-align: center;\">Transmetteur de pression FEO polyvalent.<\/h3>\n<\/div><\/div><\/div><\/div><\/div><div class=\"vc_col-sm-2 wpb_column vc_column_container\"><div class=\"vc_column-inner\"><div class=\"wpb_wrapper\"><\/div><\/div><\/div><\/div><\/div><\/section><section class=\"l-section wpb_row us_custom_a4ebe4e2 height_large\"><div class=\"l-section-h i-cf\"><div class=\"g-cols vc_row via_flex valign_top type_default stacking_default\" style=\"--additional-gap:10px;\"><div class=\"vc_col-sm-12 wpb_column vc_column_container\"><div class=\"vc_column-inner\"><div class=\"wpb_wrapper\"><div class=\"w-separator size_medium\"><\/div><div class=\"g-cols wpb_row via_flex valign_middle type_default stacking_default\"><div class=\"vc_col-sm-8 wpb_column vc_column_container\"><div class=\"vc_column-inner\"><div class=\"wpb_wrapper\"><div class=\"w-slider style_none fit_scaledown\"><div class=\"w-slider-h\"><div class=\"royalSlider\"><div class=\"rsContent\"><a class=\"rsImg\" data-rsw=\"645\" data-rsh=\"470\" data-rsBigImg=\"https:\/\/intercontrol.be\/wp-content\/uploads\/2016\/02\/BD-Sensors-17.600G-Transmetteur-de-pression.jpg\" href=\"https:\/\/intercontrol.be\/wp-content\/uploads\/2016\/02\/BD-Sensors-17.600G-Transmetteur-de-pression.jpg\"><span data-alt=\"\"><\/span><\/a><\/div><div class=\"rsContent\"><a class=\"rsImg\" data-rsw=\"1024\" data-rsh=\"427\" data-rsBigImg=\"https:\/\/intercontrol.be\/wp-content\/uploads\/2016\/06\/drukbewaking-bd-sensors-17.600G-Intercontrol-Hytorc-Ice-RFA-reactiearm-TRANS.png\" href=\"https:\/\/intercontrol.be\/wp-content\/uploads\/2016\/06\/drukbewaking-bd-sensors-17.600G-Intercontrol-Hytorc-Ice-RFA-reactiearm-TRANS.png\"><span data-alt=\"\"><\/span><\/a><\/div><\/div><img decoding=\"async\" data-src=\"https:\/\/intercontrol.be\/wp-content\/uploads\/2016\/02\/BD-Sensors-17.600G-Transmetteur-de-pression.jpg\" width=\"645\" height=\"470\" alt src=\"data:image\/svg+xml;base64,PHN2ZyB3aWR0aD0iMSIgaGVpZ2h0PSIxIiB4bWxucz0iaHR0cDovL3d3dy53My5vcmcvMjAwMC9zdmciPjwvc3ZnPg==\" class=\"lazyload\" style=\"--smush-placeholder-width: 645px; --smush-placeholder-aspect-ratio: 645\/470;\"><\/div><div class=\"w-slider-json\" onclick='return {&quot;autoScaleSlider&quot;:true,&quot;loop&quot;:true,&quot;fadeInLoadedSlide&quot;:false,&quot;slidesSpacing&quot;:0,&quot;imageScalePadding&quot;:0,&quot;numImagesToPreload&quot;:2,&quot;arrowsNav&quot;:true,&quot;arrowsNavAutoHide&quot;:false,&quot;transitionType&quot;:&quot;move&quot;,&quot;transitionSpeed&quot;:250,&quot;block&quot;:{&quot;moveEffect&quot;:&quot;none&quot;,&quot;speed&quot;:300},&quot;thumbs&quot;:{&quot;fitInViewport&quot;:false},&quot;controlNavigation&quot;:&quot;none&quot;,&quot;fullscreen&quot;:{&quot;enabled&quot;:true},&quot;imageScaleMode&quot;:&quot;fit-if-smaller&quot;,&quot;autoScaleSliderWidth&quot;:645,&quot;autoScaleSliderHeight&quot;:470}'><\/div><\/div><\/div><\/div><\/div><div class=\"vc_col-sm-4 wpb_column vc_column_container\"><div class=\"vc_column-inner\"><div class=\"wpb_wrapper\"><div class=\"wpb_text_column\"><div class=\"wpb_wrapper\"><p><img decoding=\"async\" class=\"alignnone wp-image-6837 size-full lazyload\" data-src=\"https:\/\/intercontrol.be\/wp-content\/uploads\/2015\/08\/BD-Sensors.png\" alt=\"BD Sensors\" width=\"995\" height=\"247\" data-srcset=\"https:\/\/intercontrol.be\/wp-content\/uploads\/2015\/08\/BD-Sensors.png 995w, https:\/\/intercontrol.be\/wp-content\/uploads\/2015\/08\/BD-Sensors-600x149.png 600w\" data-sizes=\"(max-width: 995px) 100vw, 995px\" src=\"data:image\/svg+xml;base64,PHN2ZyB3aWR0aD0iMSIgaGVpZ2h0PSIxIiB4bWxucz0iaHR0cDovL3d3dy53My5vcmcvMjAwMC9zdmciPjwvc3ZnPg==\" style=\"--smush-placeholder-width: 995px; --smush-placeholder-aspect-ratio: 995\/247;\" \/><\/p>\n<p>De OEM druktransmitter is veelzijdig inzetbaar; met name geschikt voor OEM applicaties in de commerci\u00eble voertuigenindustrie en bij hydraulische installaties.<\/p>\n<\/div><\/div><\/div><\/div><\/div><\/div><div class=\"w-separator size_huge with_line width_default thick_1 style_solid color_primary align_center with_text with_content\"><div class=\"w-separator-h\"><h3 class=\"w-separator-text\"><span>Pr\u00e9sentation du produit<\/span><\/h3><\/div><\/div><div class=\"wpb_text_column\"><div class=\"wpb_wrapper\"><table style=\"height: 332px;\" width=\"692\">\n<tbody>\n<tr>\n<th><b>Fabricant<\/b><\/th>\n<td>BD | SENSORS<\/td>\n<\/tr>\n<tr>\n<th>Plage de mesure<\/th>\n<td>0 \u00e0 0,6 bar ; 0 \u00e0 600 bars<\/td>\n<\/tr>\n<tr>\n<th>Pr\u00e9cision<\/th>\n<td>0,5% FSO<\/td>\n<\/tr>\n<tr>\n<th>Bo\u00eetier<\/th>\n<td>acier inoxydable 1.4301<\/td>\n<\/tr>\n<tr>\n<th>Capteur<\/th>\n<td>acier inoxydable<\/td>\n<\/tr>\n<tr>\n<th>Atex<\/th>\n<td>Non<\/td>\n<\/tr>\n<tr>\n<th>SIL<\/th>\n<td>2<\/td>\n<\/tr>\n<tr>\n<th>Sortie<\/th>\n<td>4 \u2026 20 mA, 2 fils, 0 \u2026 20 mA, 3 fils, 0 \u2026 10 V, 3 fils<\/td>\n<\/tr>\n<\/tbody>\n<\/table>\n<\/div><\/div><div class=\"w-separator size_huge with_line width_default thick_1 style_solid color_primary align_center with_text with_content\"><div class=\"w-separator-h\"><h3 class=\"w-separator-text\"><span>Caract\u00e9ristiques<\/span><\/h3><\/div><\/div><div class=\"g-cols wpb_row via_flex valign_top type_default stacking_default\"><div class=\"vc_col-sm-12 wpb_column vc_column_container\"><div class=\"vc_column-inner\"><div class=\"wpb_wrapper\"><div class=\"wpb_text_column\"><div class=\"wpb_wrapper\"><h5>Applications<\/h5>\n<ul>\n<li>Installations hydrauliques pour v\u00e9hicules<\/li>\n<li>Presses \u00e0 imprimer<\/li>\n<li>Installations m\u00e9caniques g\u00e9n\u00e9rales<\/li>\n<li>Applications de l&#8217;oxyg\u00e8ne<\/li>\n<\/ul>\n<\/div><\/div><\/div><\/div><\/div><\/div><div class=\"w-separator size_huge with_line width_default thick_1 style_solid color_primary align_center with_text with_content\"><div class=\"w-separator-h\"><h3 class=\"w-separator-text\"><span>Regardez la vid\u00e9o<\/span><\/h3><\/div><\/div><div class=\"w-video align_none ratio_16x9\"><div class=\"w-video-h\"><iframe title=\"Youtube video player\" data-src=\"\/\/www.youtube.com\/embed\/j2aZCXzpCT8?origin=https:\/\/intercontrol.be&controls=1\" allowfullscreen=\"1\" src=\"data:image\/svg+xml;base64,PHN2ZyB3aWR0aD0iMSIgaGVpZ2h0PSIxIiB4bWxucz0iaHR0cDovL3d3dy53My5vcmcvMjAwMC9zdmciPjwvc3ZnPg==\" class=\"lazyload\" data-load-mode=\"1\"><\/iframe><\/div><div class=\"w-video-icon\" style=\"font-size:1.5rem;background:rgba(0,0,0,0.5);color:#fff\"><\/div><\/div><div class=\"w-separator size_huge with_line width_default thick_1 style_solid color_primary align_center with_text with_content\"><div class=\"w-separator-h\"><h3 class=\"w-separator-text\"><span>T\u00e9l\u00e9chargement(s)<\/span><\/h3><\/div><\/div><div class=\"wpb_text_column us_custom_77169355\"><div class=\"wpb_wrapper\"><ul>\n<li><a href=\"https:\/\/intercontrol.be\/wp-content\/uploads\/2015\/11\/BD-Sensors-druktransmitter-17.600G-datasheet-ENG.pdf\">Transmetteur de pression BD Sensors 17.600G &#8211; fiche technique (ENG)<\/a><\/li>\n<\/ul>\n<\/div><\/div><div class=\"w-separator size_huge with_line width_default thick_1 style_solid color_primary align_center with_text with_content\"><div class=\"w-separator-h\"><h3 class=\"w-separator-text\"><span>Plus de BD Sensors?<\/span><\/h3><\/div><\/div><div class=\"g-cols wpb_row via_flex valign_top type_default stacking_default\"><div class=\"vc_col-sm-6 wpb_column vc_column_container has_bg_color\"><div class=\"vc_column-inner us_custom_6843bfc2\"><div class=\"wpb_wrapper\"><div class=\"w-btn-wrapper align_justify\"><a class=\"w-btn us-btn-style_1\" href=\"https:\/\/intercontrol.be\/frs\/bdsensors\/#assorti\"><span class=\"w-btn-label\">D\u00e9couvrez notre gamme de BD sensors<\/span><\/a><\/div><\/div><\/div><\/div><div class=\"vc_col-sm-6 wpb_column vc_column_container has_bg_color\"><div class=\"vc_column-inner us_custom_6843bfc2\"><div class=\"wpb_wrapper\"><div class=\"w-btn-wrapper align_justify\"><a class=\"w-btn us-btn-style_1\" href=\"https:\/\/intercontrol.be\/frs\/bdsensors\/#cases\"><span class=\"w-btn-label\">voir nos cas avec bd sensors<\/span><\/a><\/div><\/div><\/div><\/div><\/div><div class=\"w-separator size_small with_line width_default thick_1 style_solid color_primary align_center\"><div class=\"w-separator-h\"><\/div><\/div><\/div><\/div><\/div><\/div><\/div><\/section>\n","protected":false},"excerpt":{"rendered":"BD SENSORS 17.600 G Transmetteur de pression FEO polyvalent. De OEM druktransmitter is veelzijdig inzetbaar; met name geschikt voor OEM applicaties in de commerci\u00eble voertuigenindustrie en bij hydraulische installaties. Pr\u00e9sentation du produit Fabricant BD | SENSORS Plage de mesure 0 \u00e0 0,6 bar ; 0 \u00e0 600 bars Pr\u00e9cision 0,5% FSO Bo\u00eetier acier inoxydable 1.4301...","protected":false},"featured_media":19027,"comment_status":"closed","ping_status":"closed","template":"","meta":{"_acf_changed":false,"_monsterinsights_skip_tracking":false,"_monsterinsights_sitenote_active":false,"_monsterinsights_sitenote_note":"","_monsterinsights_sitenote_category":0},"product_brand":[],"product_cat":[1197,1198,1196],"product_tag":[],"class_list":{"0":"post-41689","1":"product","2":"type-product","3":"status-publish","4":"has-post-thumbnail","6":"product_cat-gaz","7":"product_cat-huile","8":"product_cat-manometres","10":"first","11":"instock","12":"shipping-taxable","13":"product-type-simple"},"acf":[],"yoast_head":"<!-- This site is optimized with the Yoast SEO plugin v27.3 - https:\/\/yoast.com\/product\/yoast-seo-wordpress\/ -->\n<title>BD Sensors 17.600 G transmetteur de pression (FEO) - Intercontrol Belgi\u00eb<\/title>\n<meta name=\"description\" content=\"Ce transmetteur de pression est polyvalent\u00a0; particuli\u00e8rement adapt\u00e9 aux applications FEO dans l&#039;industrie des v\u00e9hicules utilitaires et aux installations hydrauliques.\" \/>\n<meta name=\"robots\" content=\"index, follow, max-snippet:-1, max-image-preview:large, max-video-preview:-1\" \/>\n<link rel=\"canonical\" href=\"https:\/\/intercontrol.be\/drukmeters\/bd-sensors-17-600-g-druktransmitter-3\/\" \/>\n<meta property=\"og:locale\" content=\"fr_FR\" \/>\n<meta property=\"og:type\" content=\"article\" \/>\n<meta property=\"og:title\" content=\"BD Sensors 17.600 G transmetteur de pression (FEO) - Intercontrol Belgi\u00eb\" \/>\n<meta property=\"og:description\" content=\"Ce transmetteur de pression est polyvalent\u00a0; particuli\u00e8rement adapt\u00e9 aux applications FEO dans l&#039;industrie des v\u00e9hicules utilitaires et aux installations hydrauliques.\" \/>\n<meta property=\"og:url\" content=\"https:\/\/intercontrol.be\/drukmeters\/bd-sensors-17-600-g-druktransmitter-3\/\" \/>\n<meta property=\"og:site_name\" content=\"Intercontrol Belgi\u00eb\" \/>\n<meta property=\"article:modified_time\" content=\"2024-12-09T08:34:25+00:00\" \/>\n<meta property=\"og:image\" content=\"https:\/\/intercontrol.be\/wp-content\/uploads\/2022\/06\/BD-Sensors-17.600G-druktransmitter-intercontrol.jpg\" \/>\n\t<meta property=\"og:image:width\" content=\"800\" \/>\n\t<meta property=\"og:image:height\" content=\"800\" \/>\n\t<meta property=\"og:image:type\" content=\"image\/jpeg\" \/>\n<meta name=\"twitter:card\" content=\"summary_large_image\" \/>\n<meta name=\"twitter:label1\" content=\"Dur\u00e9e de lecture estim\u00e9e\" \/>\n\t<meta name=\"twitter:data1\" content=\"3 minutes\" \/>\n<script type=\"application\/ld+json\" class=\"yoast-schema-graph\">{\"@context\":\"https:\\\/\\\/schema.org\",\"@graph\":[{\"@type\":\"WebPage\",\"@id\":\"https:\\\/\\\/intercontrol.be\\\/drukmeters\\\/bd-sensors-17-600-g-druktransmitter-3\\\/\",\"url\":\"https:\\\/\\\/intercontrol.be\\\/drukmeters\\\/bd-sensors-17-600-g-druktransmitter-3\\\/\",\"name\":\"BD Sensors 17.600 G transmetteur de pression (FEO) - Intercontrol Belgi\u00eb\",\"isPartOf\":{\"@id\":\"https:\\\/\\\/intercontrol.be\\\/#website\"},\"primaryImageOfPage\":{\"@id\":\"https:\\\/\\\/intercontrol.be\\\/drukmeters\\\/bd-sensors-17-600-g-druktransmitter-3\\\/#primaryimage\"},\"image\":{\"@id\":\"https:\\\/\\\/intercontrol.be\\\/drukmeters\\\/bd-sensors-17-600-g-druktransmitter-3\\\/#primaryimage\"},\"thumbnailUrl\":\"https:\\\/\\\/intercontrol.be\\\/wp-content\\\/uploads\\\/2022\\\/06\\\/BD-Sensors-17.600G-druktransmitter-intercontrol.jpg\",\"datePublished\":\"2024-12-06T10:50:01+00:00\",\"dateModified\":\"2024-12-09T08:34:25+00:00\",\"description\":\"Ce transmetteur de pression est polyvalent\u00a0; particuli\u00e8rement adapt\u00e9 aux applications FEO dans l'industrie des v\u00e9hicules utilitaires et aux installations hydrauliques.\",\"breadcrumb\":{\"@id\":\"https:\\\/\\\/intercontrol.be\\\/drukmeters\\\/bd-sensors-17-600-g-druktransmitter-3\\\/#breadcrumb\"},\"inLanguage\":\"fr-FR\",\"potentialAction\":[{\"@type\":\"ReadAction\",\"target\":[\"https:\\\/\\\/intercontrol.be\\\/drukmeters\\\/bd-sensors-17-600-g-druktransmitter-3\\\/\"]}]},{\"@type\":\"ImageObject\",\"inLanguage\":\"fr-FR\",\"@id\":\"https:\\\/\\\/intercontrol.be\\\/drukmeters\\\/bd-sensors-17-600-g-druktransmitter-3\\\/#primaryimage\",\"url\":\"https:\\\/\\\/intercontrol.be\\\/wp-content\\\/uploads\\\/2022\\\/06\\\/BD-Sensors-17.600G-druktransmitter-intercontrol.jpg\",\"contentUrl\":\"https:\\\/\\\/intercontrol.be\\\/wp-content\\\/uploads\\\/2022\\\/06\\\/BD-Sensors-17.600G-druktransmitter-intercontrol.jpg\",\"width\":800,\"height\":800,\"caption\":\"BD-Sensors-17.600G druktransmitter intercontrol\"},{\"@type\":\"BreadcrumbList\",\"@id\":\"https:\\\/\\\/intercontrol.be\\\/drukmeters\\\/bd-sensors-17-600-g-druktransmitter-3\\\/#breadcrumb\",\"itemListElement\":[{\"@type\":\"ListItem\",\"position\":1,\"name\":\"Home\",\"item\":\"https:\\\/\\\/intercontrol.be\\\/frs\\\/\"},{\"@type\":\"ListItem\",\"position\":2,\"name\":\"Catalogus\",\"item\":\"https:\\\/\\\/intercontrol.be\\\/catalogus\\\/\"},{\"@type\":\"ListItem\",\"position\":3,\"name\":\"BD Sensors 17.600 G transmetteur de pression (FEO)\"}]},{\"@type\":\"WebSite\",\"@id\":\"https:\\\/\\\/intercontrol.be\\\/#website\",\"url\":\"https:\\\/\\\/intercontrol.be\\\/\",\"name\":\"Intercontrol Belgi\u00eb\",\"description\":\"Alles onder controle!\",\"potentialAction\":[{\"@type\":\"SearchAction\",\"target\":{\"@type\":\"EntryPoint\",\"urlTemplate\":\"https:\\\/\\\/intercontrol.be\\\/?s={search_term_string}\"},\"query-input\":{\"@type\":\"PropertyValueSpecification\",\"valueRequired\":true,\"valueName\":\"search_term_string\"}}],\"inLanguage\":\"fr-FR\"}]}<\/script>\n<!-- \/ Yoast SEO plugin. -->","yoast_head_json":{"title":"BD Sensors 17.600 G transmetteur de pression (FEO) - Intercontrol Belgi\u00eb","description":"Ce transmetteur de pression est polyvalent\u00a0; particuli\u00e8rement adapt\u00e9 aux applications FEO dans l'industrie des v\u00e9hicules utilitaires et aux installations hydrauliques.","robots":{"index":"index","follow":"follow","max-snippet":"max-snippet:-1","max-image-preview":"max-image-preview:large","max-video-preview":"max-video-preview:-1"},"canonical":"https:\/\/intercontrol.be\/drukmeters\/bd-sensors-17-600-g-druktransmitter-3\/","og_locale":"fr_FR","og_type":"article","og_title":"BD Sensors 17.600 G transmetteur de pression (FEO) - Intercontrol Belgi\u00eb","og_description":"Ce transmetteur de pression est polyvalent\u00a0; particuli\u00e8rement adapt\u00e9 aux applications FEO dans l'industrie des v\u00e9hicules utilitaires et aux installations hydrauliques.","og_url":"https:\/\/intercontrol.be\/drukmeters\/bd-sensors-17-600-g-druktransmitter-3\/","og_site_name":"Intercontrol Belgi\u00eb","article_modified_time":"2024-12-09T08:34:25+00:00","og_image":[{"width":800,"height":800,"url":"https:\/\/intercontrol.be\/wp-content\/uploads\/2022\/06\/BD-Sensors-17.600G-druktransmitter-intercontrol.jpg","type":"image\/jpeg"}],"twitter_card":"summary_large_image","twitter_misc":{"Dur\u00e9e de lecture estim\u00e9e":"3 minutes"},"schema":{"@context":"https:\/\/schema.org","@graph":[{"@type":"WebPage","@id":"https:\/\/intercontrol.be\/drukmeters\/bd-sensors-17-600-g-druktransmitter-3\/","url":"https:\/\/intercontrol.be\/drukmeters\/bd-sensors-17-600-g-druktransmitter-3\/","name":"BD Sensors 17.600 G transmetteur de pression (FEO) - Intercontrol Belgi\u00eb","isPartOf":{"@id":"https:\/\/intercontrol.be\/#website"},"primaryImageOfPage":{"@id":"https:\/\/intercontrol.be\/drukmeters\/bd-sensors-17-600-g-druktransmitter-3\/#primaryimage"},"image":{"@id":"https:\/\/intercontrol.be\/drukmeters\/bd-sensors-17-600-g-druktransmitter-3\/#primaryimage"},"thumbnailUrl":"https:\/\/intercontrol.be\/wp-content\/uploads\/2022\/06\/BD-Sensors-17.600G-druktransmitter-intercontrol.jpg","datePublished":"2024-12-06T10:50:01+00:00","dateModified":"2024-12-09T08:34:25+00:00","description":"Ce transmetteur de pression est polyvalent\u00a0; particuli\u00e8rement adapt\u00e9 aux applications FEO dans l'industrie des v\u00e9hicules utilitaires et aux installations hydrauliques.","breadcrumb":{"@id":"https:\/\/intercontrol.be\/drukmeters\/bd-sensors-17-600-g-druktransmitter-3\/#breadcrumb"},"inLanguage":"fr-FR","potentialAction":[{"@type":"ReadAction","target":["https:\/\/intercontrol.be\/drukmeters\/bd-sensors-17-600-g-druktransmitter-3\/"]}]},{"@type":"ImageObject","inLanguage":"fr-FR","@id":"https:\/\/intercontrol.be\/drukmeters\/bd-sensors-17-600-g-druktransmitter-3\/#primaryimage","url":"https:\/\/intercontrol.be\/wp-content\/uploads\/2022\/06\/BD-Sensors-17.600G-druktransmitter-intercontrol.jpg","contentUrl":"https:\/\/intercontrol.be\/wp-content\/uploads\/2022\/06\/BD-Sensors-17.600G-druktransmitter-intercontrol.jpg","width":800,"height":800,"caption":"BD-Sensors-17.600G druktransmitter intercontrol"},{"@type":"BreadcrumbList","@id":"https:\/\/intercontrol.be\/drukmeters\/bd-sensors-17-600-g-druktransmitter-3\/#breadcrumb","itemListElement":[{"@type":"ListItem","position":1,"name":"Home","item":"https:\/\/intercontrol.be\/frs\/"},{"@type":"ListItem","position":2,"name":"Catalogus","item":"https:\/\/intercontrol.be\/catalogus\/"},{"@type":"ListItem","position":3,"name":"BD Sensors 17.600 G transmetteur de pression (FEO)"}]},{"@type":"WebSite","@id":"https:\/\/intercontrol.be\/#website","url":"https:\/\/intercontrol.be\/","name":"Intercontrol Belgi\u00eb","description":"Alles onder controle!","potentialAction":[{"@type":"SearchAction","target":{"@type":"EntryPoint","urlTemplate":"https:\/\/intercontrol.be\/?s={search_term_string}"},"query-input":{"@type":"PropertyValueSpecification","valueRequired":true,"valueName":"search_term_string"}}],"inLanguage":"fr-FR"}]}},"_links":{"self":[{"href":"https:\/\/intercontrol.be\/frs\/wp-json\/wp\/v2\/product\/41689","targetHints":{"allow":["GET"]}}],"collection":[{"href":"https:\/\/intercontrol.be\/frs\/wp-json\/wp\/v2\/product"}],"about":[{"href":"https:\/\/intercontrol.be\/frs\/wp-json\/wp\/v2\/types\/product"}],"replies":[{"embeddable":true,"href":"https:\/\/intercontrol.be\/frs\/wp-json\/wp\/v2\/comments?post=41689"}],"wp:featuredmedia":[{"embeddable":true,"href":"https:\/\/intercontrol.be\/frs\/wp-json\/wp\/v2\/media\/19027"}],"wp:attachment":[{"href":"https:\/\/intercontrol.be\/frs\/wp-json\/wp\/v2\/media?parent=41689"}],"wp:term":[{"taxonomy":"product_brand","embeddable":true,"href":"https:\/\/intercontrol.be\/frs\/wp-json\/wp\/v2\/product_brand?post=41689"},{"taxonomy":"product_cat","embeddable":true,"href":"https:\/\/intercontrol.be\/frs\/wp-json\/wp\/v2\/product_cat?post=41689"},{"taxonomy":"product_tag","embeddable":true,"href":"https:\/\/intercontrol.be\/frs\/wp-json\/wp\/v2\/product_tag?post=41689"}],"curies":[{"name":"wp","href":"https:\/\/api.w.org\/{rel}","templated":true}]}}