{"id":41333,"date":"2024-09-09T18:29:12","date_gmt":"2024-09-09T18:29:12","guid":{"rendered":"https:\/\/intercontrol.be\/uncategorized\/aquasant-tss-80-detection-de-produit-pour-une-separation-de-phase-entierement-automatique\/"},"modified":"2024-09-09T18:29:13","modified_gmt":"2024-09-09T18:29:13","slug":"aquasant-tss-80-detection-de-produit-pour-une-separation-de-phase-entierement-automatique","status":"publish","type":"product","link":"https:\/\/intercontrol.be\/frs\/detection-de-produits\/aquasant-tss-80-detection-de-produit-pour-une-separation-de-phase-entierement-automatique\/","title":{"rendered":"<b>Aquasant TSS 80<\/b> <br>D\u00e9tection de produit pour une s\u00e9paration de phase enti\u00e8rement automatique"},"content":{"rendered":"<section class=\"l-section wpb_row height_large color_primary parallax_ver with_shape\"><div class=\"l-section-overlay\" style=\"background:rgba(6,56,119,0.81)\"><\/div><div class=\"l-section-shape type_triangle pos_bottom\" style=\"height:5vh;\"><svg xmlns=\"http:\/\/www.w3.org\/2000\/svg\" viewBox=\"0 0 64 8\" preserveAspectRatio=\"none\" width=\"100%\" height=\"100%\">\r\n\t<path fill=\"currentColor\" d=\"M64 8 L0 8 L0 0 L32 7.9 L64 0 Z\"\/>\r\n<\/svg><\/div><div class=\"l-section-h i-cf\"><div class=\"g-cols vc_row via_flex valign_top type_default stacking_default\"><div class=\"vc_col-sm-2 wpb_column vc_column_container\"><div class=\"vc_column-inner\"><div class=\"wpb_wrapper\"><\/div><\/div><\/div><div class=\"vc_col-sm-8 wpb_column vc_column_container\"><div class=\"vc_column-inner\"><div class=\"wpb_wrapper\"><div class=\"wpb_text_column\"><div class=\"wpb_wrapper\"><h1 style=\"text-align: center;\">Aquasant TSS 80<\/h1>\n<\/div><\/div><div class=\"w-image align_center\"><div class=\"w-image-h\"><img decoding=\"async\" width=\"50\" height=\"10\" data-src=\"https:\/\/intercontrol.be\/wp-content\/uploads\/2021\/04\/intercontrol-dividerwit.png\" class=\"attachment-large size-large lazyload\" alt=\"\" src=\"data:image\/svg+xml;base64,PHN2ZyB3aWR0aD0iMSIgaGVpZ2h0PSIxIiB4bWxucz0iaHR0cDovL3d3dy53My5vcmcvMjAwMC9zdmciPjwvc3ZnPg==\" style=\"--smush-placeholder-width: 50px; --smush-placeholder-aspect-ratio: 50\/10;\" \/><\/div><\/div><div class=\"w-separator size_small\"><\/div><div class=\"wpb_text_column\"><div class=\"wpb_wrapper\"><\/div><\/div><\/div><\/div><\/div><div class=\"vc_col-sm-2 wpb_column vc_column_container\"><div class=\"vc_column-inner\"><div class=\"wpb_wrapper\"><\/div><\/div><\/div><\/div><\/div><\/section><section class=\"l-section wpb_row us_custom_a4ebe4e2 height_large\"><div class=\"l-section-h i-cf\"><div class=\"g-cols vc_row via_flex valign_top type_default stacking_default\" style=\"--additional-gap:10px;\"><div class=\"vc_col-sm-12 wpb_column vc_column_container\"><div class=\"vc_column-inner\"><div class=\"wpb_wrapper\"><div class=\"g-cols wpb_row via_flex valign_middle type_default stacking_default\"><div class=\"vc_col-sm-8 wpb_column vc_column_container\"><div class=\"vc_column-inner\"><div class=\"wpb_wrapper\"><div class=\"w-slider style_none fit_scaledown\"><div class=\"w-slider-h\"><div class=\"royalSlider\"><div class=\"rsContent\"><a class=\"rsImg\" data-rsw=\"1024\" data-rsh=\"1024\" data-rsBigImg=\"https:\/\/intercontrol.be\/wp-content\/uploads\/2022\/07\/aquasant-tss80.png\" href=\"https:\/\/intercontrol.be\/wp-content\/uploads\/2022\/07\/aquasant-tss80-1024x1024.png\"><span data-alt=\"aquasant tss 80\"><\/span><\/a><\/div><\/div><img decoding=\"async\" data-src=\"https:\/\/intercontrol.be\/wp-content\/uploads\/2022\/07\/aquasant-tss80-1024x1024.png\" width=\"1024\" height=\"1024\" alt=\"aquasant tss 80\" src=\"data:image\/svg+xml;base64,PHN2ZyB3aWR0aD0iMSIgaGVpZ2h0PSIxIiB4bWxucz0iaHR0cDovL3d3dy53My5vcmcvMjAwMC9zdmciPjwvc3ZnPg==\" class=\"lazyload\" style=\"--smush-placeholder-width: 1024px; --smush-placeholder-aspect-ratio: 1024\/1024;\"><\/div><div class=\"w-slider-json\" onclick='return {&quot;autoScaleSlider&quot;:true,&quot;loop&quot;:true,&quot;fadeInLoadedSlide&quot;:false,&quot;slidesSpacing&quot;:0,&quot;imageScalePadding&quot;:0,&quot;numImagesToPreload&quot;:2,&quot;arrowsNav&quot;:true,&quot;arrowsNavAutoHide&quot;:false,&quot;transitionType&quot;:&quot;move&quot;,&quot;transitionSpeed&quot;:250,&quot;block&quot;:{&quot;moveEffect&quot;:&quot;none&quot;,&quot;speed&quot;:300},&quot;thumbs&quot;:{&quot;fitInViewport&quot;:false},&quot;controlNavigation&quot;:&quot;none&quot;,&quot;fullscreen&quot;:{&quot;enabled&quot;:true},&quot;imageScaleMode&quot;:&quot;fit-if-smaller&quot;,&quot;autoScaleSliderWidth&quot;:1024,&quot;autoScaleSliderHeight&quot;:1024}'><\/div><\/div><\/div><\/div><\/div><div class=\"vc_col-sm-4 wpb_column vc_column_container\"><div class=\"vc_column-inner\"><div class=\"wpb_wrapper\"><div class=\"w-image align_none\"><div class=\"w-image-h\"><img decoding=\"async\" width=\"400\" height=\"200\" data-src=\"https:\/\/intercontrol.be\/wp-content\/uploads\/2022\/09\/aquasant-batch.jpg\" class=\"attachment-large size-large lazyload\" alt=\"\" data-srcset=\"https:\/\/intercontrol.be\/wp-content\/uploads\/2022\/09\/aquasant-batch.jpg 400w, https:\/\/intercontrol.be\/wp-content\/uploads\/2022\/09\/aquasant-batch-300x150.jpg 300w\" data-sizes=\"(max-width: 400px) 100vw, 400px\" src=\"data:image\/svg+xml;base64,PHN2ZyB3aWR0aD0iMSIgaGVpZ2h0PSIxIiB4bWxucz0iaHR0cDovL3d3dy53My5vcmcvMjAwMC9zdmciPjwvc3ZnPg==\" style=\"--smush-placeholder-width: 400px; --smush-placeholder-aspect-ratio: 400\/200;\" \/><\/div><\/div><div class=\"wpb_text_column\"><div class=\"wpb_wrapper\"><p>La Rohrsonde TSS80 est con\u00e7ue pour d\u00e9tecter les couches de s\u00e9paration et les signaux vides dans les canalisations industrielles. Gr\u00e2ce \u00e0 la couche de protection robuste en PTFE, ce capteur r\u00e9siste \u00e0 la corrosion et \u00e0 la pression et fournit un signal de mesure stable sans pi\u00e8ces mobiles. La sonde est facile \u00e0 installer et adapt\u00e9e \u00e0 une utilisation dans des conditions de temp\u00e9ratures et de pression extr\u00eames.<\/p>\n<\/div><\/div><\/div><\/div><\/div><\/div><div class=\"w-separator size_huge with_line width_default thick_1 style_solid color_primary align_center with_text with_content\"><div class=\"w-separator-h\"><h3 class=\"w-separator-text\"><span>Pr\u00e9sentation du produit<\/span><\/h3><\/div><\/div><div class=\"wpb_text_column\"><div class=\"wpb_wrapper\"><div style=\"overflow-x: auto;\">\n<table style=\"height: 332px;\" width=\"692\">\n<tbody>\n<tr>\n<th style=\"width: 51.9291%;\"><strong>Fabricant<\/strong><\/th>\n<td style=\"width: 47.4453%;\">Aquasant<\/td>\n<\/tr>\n<tr>\n<th style=\"width: 51.9291%;\">plage de mesure<\/th>\n<td style=\"width: 47.4453%;\">10 \/ 20 \/ 50 \/ 100 \/ 200 \/ 300 respectivement 0 \u00e0 max. 3750 impulsions. Cependant, la plage de r\u00e9solution d\u00e9pend de la taille de la sonde et sp\u00e9cifique au produit.<\/td>\n<\/tr>\n<tr>\n<th style=\"width: 51.9291%;\">Solution<\/th>\n<td style=\"width: 47.4453%;\">Max. 0,003 pF\/impulsion<\/td>\n<\/tr>\n<tr>\n<th style=\"width: 51.9291%;\">Plage de mesure standard<\/th>\n<td style=\"width: 47.4453%;\">55 pF, type MTI 30\/, 50\/ (0 &#8211; 16) Plage de balance de base (0 &#8211; 16) en fonction des sondes et de la longueur du c\u00e2ble HF<\/td>\n<\/tr>\n<tr>\n<th style=\"width: 51.9291%;\">Plage de balance de base<\/th>\n<td style=\"width: 47.4453%;\">MTI &#8230;\/.0 \u00e0 16, 0 \u00e0 500 pF<\/td>\n<\/tr>\n<tr>\n<th style=\"width: 51.9291%;\">Fr\u00e9quence de mesure<\/th>\n<td style=\"width: 47.4453%;\">~ 500 kHz<\/td>\n<\/tr>\n<tr>\n<th style=\"width: 51.9291%;\">Ecart de lin\u00e9arit\u00e9<\/th>\n<td style=\"width: 47.4453%;\">D\u00e9viation &lt; 0,1% (sans sonde)<\/td>\n<\/tr>\n<tr>\n<th style=\"width: 51.9291%;\"><\/th>\n<td style=\"width: 47.4453%;\"><\/td>\n<\/tr>\n<\/tbody>\n<\/table>\n<\/div>\n<\/div><\/div><div class=\"w-separator size_huge with_line width_default thick_1 style_solid color_primary align_center with_text with_content\"><div class=\"w-separator-h\"><h3 class=\"w-separator-text\"><span>Caract\u00e9ristiques<\/span><\/h3><\/div><\/div><div class=\"g-cols wpb_row via_flex valign_top type_default stacking_default\"><div class=\"vc_col-sm-12 wpb_column vc_column_container\"><div class=\"vc_column-inner\"><div class=\"wpb_wrapper\"><div class=\"wpb_text_column\"><div class=\"wpb_wrapper\"><p>D\u00e9tection de phase fiable de deux liquides non miscibles directement dans la canalisation avec la sonde \u00e0 tube d&#8217;interface TSS80. En combinaison avec le Mipromex\u00ae MIQ, la s\u00e9paration par lots de deux phases liquides est possible.<\/p>\n<\/div><\/div><div class=\"wpb_text_column\"><div class=\"wpb_wrapper\"><p>L&#8217;automatisation de la s\u00e9paration de phases de deux liquides non miscibles dans un processus peut \u00eatre r\u00e9alis\u00e9e gr\u00e2ce \u00e0 la nouvelle \u00e9valuation dynamique des signaux de mesure du TSS80 sans conna\u00eetre ni mesurer \u00e0 l&#8217;avance les valeurs du produit. Cela facilite grandement la mise en service et le r\u00e9glage des valeurs limites. Le traitement des signaux de mesure et la combinaison avec les amplificateurs sp\u00e9ciaux Mipromex garantissent une grande fiabilit\u00e9 de fonctionnement d\u00e8s la premi\u00e8re mise en service. Cela permet de gagner du temps et d&#8217;\u00e9viter la perte de produit gr\u00e2ce au temps de r\u00e9ponse rapide.<\/p>\n<h3>Caract\u00e9ristiques et avantages :<\/h3>\n<ul>\n<li>D\u00e9tection des couches de s\u00e9paration<\/li>\n<li>Fonctionne \u00e0 des temp\u00e9ratures allant jusqu&#8217;\u00e0 170\u00b0C<\/li>\n<li>R\u00e9sistant \u00e0 la pression jusqu&#8217;\u00e0 16 bars<\/li>\n<li>Couche protectrice en PTFE pour la r\u00e9sistance \u00e0 la corrosion<\/li>\n<li>Pas de pi\u00e8ces mobiles, donc peu d&#8217;entretien<\/li>\n<li>D\u00e9tection d&#8217;interface en mode batch<\/li>\n<li>Electronique de mesure calibr\u00e9e en usine<\/li>\n<li>signal de mesure haute r\u00e9solution<br \/>\nind\u00e9pendant de la pression, signal de mesure stable<br \/>\nversion enti\u00e8rement PFTE Ex ia IIC<\/li>\n<li>Pas de mise en service compliqu\u00e9e\u00a0: branchement et traitement<\/li>\n<\/ul>\n<p>La version standard de la sonde tubulaire est constitu\u00e9e d&#8217;un bo\u00eetier en aluminium anodis\u00e9 dur avec incrustation PFTE (Altefiert) et d&#8217;un bo\u00eetier int\u00e9rieur PFTE avec syst\u00e8me d&#8217;\u00e9lectrodes de mesure.<\/p>\n<\/div><\/div><\/div><\/div><\/div><\/div><div class=\"w-separator size_huge with_line width_default thick_1 style_solid color_primary align_center with_text with_content\"><div class=\"w-separator-h\"><h3 class=\"w-separator-text\"><span>Demande(s)<\/span><\/h3><\/div><\/div><div class=\"wpb_text_column\"><div class=\"wpb_wrapper\"><ul>\n<li>Industrie chimique<\/li>\n<li>R\u00e9acteurs et r\u00e9servoirs de stockage<\/li>\n<li>Stockage en r\u00e9servoir<\/li>\n<li>S\u00e9parations par lots<\/li>\n<\/ul>\n<p>L&#8217;Aquasant TSS 80 est install\u00e9 dans les canalisations apr\u00e8s les s\u00e9parateurs et les r\u00e9acteurs. Dans les syst\u00e8mes de r\u00e9servoirs, dans les syst\u00e8mes mono- et polyvalents et depuis les usines pilotes jusqu&#8217;aux installations de production.<\/p>\n<\/div><\/div><div class=\"w-separator size_huge with_line width_default thick_1 style_solid color_primary align_center with_text with_content\"><div class=\"w-separator-h\"><h3 class=\"w-separator-text\"><span>T\u00e9l\u00e9chargement(s)<\/span><\/h3><\/div><\/div><div class=\"wpb_text_column us_custom_6843bfc2\"><div class=\"wpb_wrapper\"><ul>\n<li><a href=\"https:\/\/intercontrol.be\/wp-content\/uploads\/2022\/07\/Aquasant-TSS-80-interface-buissonde-ENG.pdf\">Aquasant TSS 80 &#8211; sonde tube interface (Anglais)<\/a><\/li>\n<\/ul>\n<\/div><\/div><div class=\"w-separator size_huge with_line width_default thick_1 style_solid color_primary align_center\"><div class=\"w-separator-h\"><\/div><\/div><\/div><\/div><\/div><\/div><\/div><\/section>\n","protected":false},"excerpt":{"rendered":"Aquasant TSS 80 La Rohrsonde TSS80 est con\u00e7ue pour d\u00e9tecter les couches de s\u00e9paration et les signaux vides dans les canalisations industrielles. Gr\u00e2ce \u00e0 la couche de protection robuste en PTFE, ce capteur r\u00e9siste \u00e0 la corrosion et \u00e0 la pression et fournit un signal de mesure stable sans pi\u00e8ces mobiles. La sonde est facile...","protected":false},"featured_media":19416,"comment_status":"closed","ping_status":"closed","template":"","meta":{"_acf_changed":false,"_monsterinsights_skip_tracking":false,"_monsterinsights_sitenote_active":false,"_monsterinsights_sitenote_note":"","_monsterinsights_sitenote_category":0},"product_brand":[],"product_cat":[1181],"product_tag":[],"class_list":{"0":"post-41333","1":"product","2":"type-product","3":"status-publish","4":"has-post-thumbnail","6":"product_cat-detection-de-produits","8":"first","9":"instock","10":"shipping-taxable","11":"product-type-simple"},"acf":[],"yoast_head":"<!-- This site is optimized with the Yoast SEO plugin v27.4 - https:\/\/yoast.com\/product\/yoast-seo-wordpress\/ -->\n<title>Aquasant TSS 80 D\u00e9tection de produit pour une s\u00e9paration de phase enti\u00e8rement automatique - Intercontrol Belgi\u00eb<\/title>\n<meta name=\"robots\" content=\"index, follow, max-snippet:-1, max-image-preview:large, max-video-preview:-1\" \/>\n<link rel=\"canonical\" href=\"https:\/\/intercontrol.be\/productdetectie\/aquasant-tss-80-productdetectie-voor-volautomatische-fasescheiding\/\" \/>\n<meta property=\"og:locale\" content=\"fr_FR\" \/>\n<meta property=\"og:type\" content=\"article\" \/>\n<meta property=\"og:title\" content=\"Aquasant TSS 80 D\u00e9tection de produit pour une s\u00e9paration de phase enti\u00e8rement automatique - Intercontrol Belgi\u00eb\" \/>\n<meta property=\"og:url\" content=\"https:\/\/intercontrol.be\/productdetectie\/aquasant-tss-80-productdetectie-voor-volautomatische-fasescheiding\/\" \/>\n<meta property=\"og:site_name\" content=\"Intercontrol Belgi\u00eb\" \/>\n<meta property=\"article:modified_time\" content=\"2024-09-09T18:29:13+00:00\" \/>\n<meta property=\"og:image\" content=\"https:\/\/intercontrol.be\/wp-content\/uploads\/2022\/07\/aquasant-tss80.png\" \/>\n\t<meta property=\"og:image:width\" content=\"1024\" \/>\n\t<meta property=\"og:image:height\" content=\"1024\" \/>\n\t<meta property=\"og:image:type\" content=\"image\/png\" \/>\n<meta name=\"twitter:card\" content=\"summary_large_image\" \/>\n<meta name=\"twitter:label1\" content=\"Dur\u00e9e de lecture estim\u00e9e\" \/>\n\t<meta name=\"twitter:data1\" content=\"4 minutes\" \/>\n<script type=\"application\/ld+json\" class=\"yoast-schema-graph\">{\"@context\":\"https:\\\/\\\/schema.org\",\"@graph\":[{\"@type\":\"WebPage\",\"@id\":\"https:\\\/\\\/intercontrol.be\\\/productdetectie\\\/aquasant-tss-80-productdetectie-voor-volautomatische-fasescheiding\\\/\",\"url\":\"https:\\\/\\\/intercontrol.be\\\/productdetectie\\\/aquasant-tss-80-productdetectie-voor-volautomatische-fasescheiding\\\/\",\"name\":\"Aquasant TSS 80 D\u00e9tection de produit pour une s\u00e9paration de phase enti\u00e8rement automatique - Intercontrol Belgi\u00eb\",\"isPartOf\":{\"@id\":\"https:\\\/\\\/intercontrol.be\\\/#website\"},\"primaryImageOfPage\":{\"@id\":\"https:\\\/\\\/intercontrol.be\\\/productdetectie\\\/aquasant-tss-80-productdetectie-voor-volautomatische-fasescheiding\\\/#primaryimage\"},\"image\":{\"@id\":\"https:\\\/\\\/intercontrol.be\\\/productdetectie\\\/aquasant-tss-80-productdetectie-voor-volautomatische-fasescheiding\\\/#primaryimage\"},\"thumbnailUrl\":\"https:\\\/\\\/intercontrol.be\\\/wp-content\\\/uploads\\\/2022\\\/07\\\/aquasant-tss80.png\",\"datePublished\":\"2024-09-09T18:29:12+00:00\",\"dateModified\":\"2024-09-09T18:29:13+00:00\",\"breadcrumb\":{\"@id\":\"https:\\\/\\\/intercontrol.be\\\/productdetectie\\\/aquasant-tss-80-productdetectie-voor-volautomatische-fasescheiding\\\/#breadcrumb\"},\"inLanguage\":\"fr-FR\",\"potentialAction\":[{\"@type\":\"ReadAction\",\"target\":[\"https:\\\/\\\/intercontrol.be\\\/productdetectie\\\/aquasant-tss-80-productdetectie-voor-volautomatische-fasescheiding\\\/\"]}]},{\"@type\":\"ImageObject\",\"inLanguage\":\"fr-FR\",\"@id\":\"https:\\\/\\\/intercontrol.be\\\/productdetectie\\\/aquasant-tss-80-productdetectie-voor-volautomatische-fasescheiding\\\/#primaryimage\",\"url\":\"https:\\\/\\\/intercontrol.be\\\/wp-content\\\/uploads\\\/2022\\\/07\\\/aquasant-tss80.png\",\"contentUrl\":\"https:\\\/\\\/intercontrol.be\\\/wp-content\\\/uploads\\\/2022\\\/07\\\/aquasant-tss80.png\",\"width\":1024,\"height\":1024,\"caption\":\"aquasant tss 80\"},{\"@type\":\"BreadcrumbList\",\"@id\":\"https:\\\/\\\/intercontrol.be\\\/productdetectie\\\/aquasant-tss-80-productdetectie-voor-volautomatische-fasescheiding\\\/#breadcrumb\",\"itemListElement\":[{\"@type\":\"ListItem\",\"position\":1,\"name\":\"Home\",\"item\":\"https:\\\/\\\/intercontrol.be\\\/frs\\\/\"},{\"@type\":\"ListItem\",\"position\":2,\"name\":\"Catalogus\",\"item\":\"https:\\\/\\\/intercontrol.be\\\/catalogus\\\/\"},{\"@type\":\"ListItem\",\"position\":3,\"name\":\"Aquasant TSS 80 D\u00e9tection de produit pour une s\u00e9paration de phase enti\u00e8rement automatique\"}]},{\"@type\":\"WebSite\",\"@id\":\"https:\\\/\\\/intercontrol.be\\\/#website\",\"url\":\"https:\\\/\\\/intercontrol.be\\\/\",\"name\":\"Intercontrol Belgi\u00eb\",\"description\":\"Alles onder controle!\",\"potentialAction\":[{\"@type\":\"SearchAction\",\"target\":{\"@type\":\"EntryPoint\",\"urlTemplate\":\"https:\\\/\\\/intercontrol.be\\\/?s={search_term_string}\"},\"query-input\":{\"@type\":\"PropertyValueSpecification\",\"valueRequired\":true,\"valueName\":\"search_term_string\"}}],\"inLanguage\":\"fr-FR\"}]}<\/script>\n<!-- \/ Yoast SEO plugin. -->","yoast_head_json":{"title":"Aquasant TSS 80 D\u00e9tection de produit pour une s\u00e9paration de phase enti\u00e8rement automatique - Intercontrol Belgi\u00eb","robots":{"index":"index","follow":"follow","max-snippet":"max-snippet:-1","max-image-preview":"max-image-preview:large","max-video-preview":"max-video-preview:-1"},"canonical":"https:\/\/intercontrol.be\/productdetectie\/aquasant-tss-80-productdetectie-voor-volautomatische-fasescheiding\/","og_locale":"fr_FR","og_type":"article","og_title":"Aquasant TSS 80 D\u00e9tection de produit pour une s\u00e9paration de phase enti\u00e8rement automatique - Intercontrol Belgi\u00eb","og_url":"https:\/\/intercontrol.be\/productdetectie\/aquasant-tss-80-productdetectie-voor-volautomatische-fasescheiding\/","og_site_name":"Intercontrol Belgi\u00eb","article_modified_time":"2024-09-09T18:29:13+00:00","og_image":[{"width":1024,"height":1024,"url":"https:\/\/intercontrol.be\/wp-content\/uploads\/2022\/07\/aquasant-tss80.png","type":"image\/png"}],"twitter_card":"summary_large_image","twitter_misc":{"Dur\u00e9e de lecture estim\u00e9e":"4 minutes"},"schema":{"@context":"https:\/\/schema.org","@graph":[{"@type":"WebPage","@id":"https:\/\/intercontrol.be\/productdetectie\/aquasant-tss-80-productdetectie-voor-volautomatische-fasescheiding\/","url":"https:\/\/intercontrol.be\/productdetectie\/aquasant-tss-80-productdetectie-voor-volautomatische-fasescheiding\/","name":"Aquasant TSS 80 D\u00e9tection de produit pour une s\u00e9paration de phase enti\u00e8rement automatique - Intercontrol Belgi\u00eb","isPartOf":{"@id":"https:\/\/intercontrol.be\/#website"},"primaryImageOfPage":{"@id":"https:\/\/intercontrol.be\/productdetectie\/aquasant-tss-80-productdetectie-voor-volautomatische-fasescheiding\/#primaryimage"},"image":{"@id":"https:\/\/intercontrol.be\/productdetectie\/aquasant-tss-80-productdetectie-voor-volautomatische-fasescheiding\/#primaryimage"},"thumbnailUrl":"https:\/\/intercontrol.be\/wp-content\/uploads\/2022\/07\/aquasant-tss80.png","datePublished":"2024-09-09T18:29:12+00:00","dateModified":"2024-09-09T18:29:13+00:00","breadcrumb":{"@id":"https:\/\/intercontrol.be\/productdetectie\/aquasant-tss-80-productdetectie-voor-volautomatische-fasescheiding\/#breadcrumb"},"inLanguage":"fr-FR","potentialAction":[{"@type":"ReadAction","target":["https:\/\/intercontrol.be\/productdetectie\/aquasant-tss-80-productdetectie-voor-volautomatische-fasescheiding\/"]}]},{"@type":"ImageObject","inLanguage":"fr-FR","@id":"https:\/\/intercontrol.be\/productdetectie\/aquasant-tss-80-productdetectie-voor-volautomatische-fasescheiding\/#primaryimage","url":"https:\/\/intercontrol.be\/wp-content\/uploads\/2022\/07\/aquasant-tss80.png","contentUrl":"https:\/\/intercontrol.be\/wp-content\/uploads\/2022\/07\/aquasant-tss80.png","width":1024,"height":1024,"caption":"aquasant tss 80"},{"@type":"BreadcrumbList","@id":"https:\/\/intercontrol.be\/productdetectie\/aquasant-tss-80-productdetectie-voor-volautomatische-fasescheiding\/#breadcrumb","itemListElement":[{"@type":"ListItem","position":1,"name":"Home","item":"https:\/\/intercontrol.be\/frs\/"},{"@type":"ListItem","position":2,"name":"Catalogus","item":"https:\/\/intercontrol.be\/catalogus\/"},{"@type":"ListItem","position":3,"name":"Aquasant TSS 80 D\u00e9tection de produit pour une s\u00e9paration de phase enti\u00e8rement automatique"}]},{"@type":"WebSite","@id":"https:\/\/intercontrol.be\/#website","url":"https:\/\/intercontrol.be\/","name":"Intercontrol Belgi\u00eb","description":"Alles onder controle!","potentialAction":[{"@type":"SearchAction","target":{"@type":"EntryPoint","urlTemplate":"https:\/\/intercontrol.be\/?s={search_term_string}"},"query-input":{"@type":"PropertyValueSpecification","valueRequired":true,"valueName":"search_term_string"}}],"inLanguage":"fr-FR"}]}},"_links":{"self":[{"href":"https:\/\/intercontrol.be\/frs\/wp-json\/wp\/v2\/product\/41333","targetHints":{"allow":["GET"]}}],"collection":[{"href":"https:\/\/intercontrol.be\/frs\/wp-json\/wp\/v2\/product"}],"about":[{"href":"https:\/\/intercontrol.be\/frs\/wp-json\/wp\/v2\/types\/product"}],"replies":[{"embeddable":true,"href":"https:\/\/intercontrol.be\/frs\/wp-json\/wp\/v2\/comments?post=41333"}],"wp:featuredmedia":[{"embeddable":true,"href":"https:\/\/intercontrol.be\/frs\/wp-json\/wp\/v2\/media\/19416"}],"wp:attachment":[{"href":"https:\/\/intercontrol.be\/frs\/wp-json\/wp\/v2\/media?parent=41333"}],"wp:term":[{"taxonomy":"product_brand","embeddable":true,"href":"https:\/\/intercontrol.be\/frs\/wp-json\/wp\/v2\/product_brand?post=41333"},{"taxonomy":"product_cat","embeddable":true,"href":"https:\/\/intercontrol.be\/frs\/wp-json\/wp\/v2\/product_cat?post=41333"},{"taxonomy":"product_tag","embeddable":true,"href":"https:\/\/intercontrol.be\/frs\/wp-json\/wp\/v2\/product_tag?post=41333"}],"curies":[{"name":"wp","href":"https:\/\/api.w.org\/{rel}","templated":true}]}}