{"id":41273,"date":"2024-08-22T09:33:57","date_gmt":"2024-08-22T09:33:57","guid":{"rendered":"https:\/\/intercontrol.be\/uncategorized\/kral-serie-c-pompe-haute-pression-jusqua-100-bar\/"},"modified":"2024-08-23T09:52:45","modified_gmt":"2024-08-23T09:52:45","slug":"kral-serie-c-pompe-haute-pression-jusqua-100-bar","status":"publish","type":"product","link":"https:\/\/intercontrol.be\/frs\/pompes-a-vis\/kral-serie-c-pompe-haute-pression-jusqua-100-bar\/","title":{"rendered":"<b>KRAL s\u00e9rie C<\/b> <br>pompe haute pression jusqu&#8217;\u00e0 100 bar"},"content":{"rendered":"<section class=\"l-section wpb_row height_large color_primary parallax_ver with_shape\"><div class=\"l-section-overlay\" style=\"background:rgba(6,56,119,0.81)\"><\/div><div class=\"l-section-shape type_triangle pos_bottom\" style=\"height:5vh;\"><svg xmlns=\"http:\/\/www.w3.org\/2000\/svg\" viewBox=\"0 0 64 8\" preserveAspectRatio=\"none\" width=\"100%\" height=\"100%\">\r\n\t<path fill=\"currentColor\" d=\"M64 8 L0 8 L0 0 L32 7.9 L64 0 Z\"\/>\r\n<\/svg><\/div><div class=\"l-section-h i-cf\"><div class=\"g-cols vc_row via_flex valign_top type_default stacking_default\"><div class=\"vc_col-sm-2 wpb_column vc_column_container\"><div class=\"vc_column-inner\"><div class=\"wpb_wrapper\"><\/div><\/div><\/div><div class=\"vc_col-sm-8 wpb_column vc_column_container\"><div class=\"vc_column-inner\"><div class=\"wpb_wrapper\"><div class=\"wpb_text_column\"><div class=\"wpb_wrapper\"><h1 style=\"text-align: center;\">Pompe haute pression KRAL s\u00e9rie C<\/h1>\n<\/div><\/div><div class=\"w-image align_center\"><div class=\"w-image-h\"><img decoding=\"async\" width=\"50\" height=\"10\" data-src=\"https:\/\/intercontrol.be\/wp-content\/uploads\/2021\/04\/intercontrol-dividerwit.png\" class=\"attachment-large size-large lazyload\" alt=\"\" src=\"data:image\/svg+xml;base64,PHN2ZyB3aWR0aD0iMSIgaGVpZ2h0PSIxIiB4bWxucz0iaHR0cDovL3d3dy53My5vcmcvMjAwMC9zdmciPjwvc3ZnPg==\" style=\"--smush-placeholder-width: 50px; --smush-placeholder-aspect-ratio: 50\/10;\" \/><\/div><\/div><div class=\"w-separator size_small\"><\/div><div class=\"wpb_text_column\"><div class=\"wpb_wrapper\"><h3 style=\"text-align: center;\">Pompe haute pression pour fluides jusqu&#8217;\u00e0 100 bar<\/h3>\n<\/div><\/div><\/div><\/div><\/div><div class=\"vc_col-sm-2 wpb_column vc_column_container\"><div class=\"vc_column-inner\"><div class=\"wpb_wrapper\"><\/div><\/div><\/div><\/div><\/div><\/section><section class=\"l-section wpb_row height_large\"><div class=\"l-section-h i-cf\"><div class=\"g-cols vc_row via_flex valign_top type_default stacking_default\" style=\"--additional-gap:10px;\"><div class=\"vc_col-sm-12 wpb_column vc_column_container\"><div class=\"vc_column-inner\"><div class=\"wpb_wrapper\"><div class=\"g-cols wpb_row via_flex valign_middle type_default stacking_default\"><div class=\"vc_col-sm-8 wpb_column vc_column_container\"><div class=\"vc_column-inner\"><div class=\"wpb_wrapper\"><div class=\"w-image align_none\"><div class=\"w-image-h\"><img decoding=\"async\" width=\"960\" height=\"678\" data-src=\"https:\/\/intercontrol.be\/wp-content\/uploads\/2024\/06\/KRAL-schroefpomp-C-serie.png\" class=\"attachment-large size-large lazyload\" alt=\"\" data-srcset=\"https:\/\/intercontrol.be\/wp-content\/uploads\/2024\/06\/KRAL-schroefpomp-C-serie.png 960w, https:\/\/intercontrol.be\/wp-content\/uploads\/2024\/06\/KRAL-schroefpomp-C-serie-300x212.png 300w, https:\/\/intercontrol.be\/wp-content\/uploads\/2024\/06\/KRAL-schroefpomp-C-serie-700x494.png 700w, https:\/\/intercontrol.be\/wp-content\/uploads\/2024\/06\/KRAL-schroefpomp-C-serie-600x424.png 600w\" data-sizes=\"(max-width: 960px) 100vw, 960px\" src=\"data:image\/svg+xml;base64,PHN2ZyB3aWR0aD0iMSIgaGVpZ2h0PSIxIiB4bWxucz0iaHR0cDovL3d3dy53My5vcmcvMjAwMC9zdmciPjwvc3ZnPg==\" style=\"--smush-placeholder-width: 960px; --smush-placeholder-aspect-ratio: 960\/678;\" \/><\/div><\/div><\/div><\/div><\/div><div class=\"vc_col-sm-4 wpb_column vc_column_container\"><div class=\"vc_column-inner\"><div class=\"wpb_wrapper\"><div class=\"w-image align_none\"><a title=\"KRAL \u2013 fabricant de d\u00e9bitm\u00e8tres et de pompes \u00e0 vis d&#039;excellente qualit\u00e9.\" href=\"https:\/\/intercontrol.be\/kral\/\" aria-label=\"Link\" class=\"w-image-h\"><img decoding=\"async\" width=\"800\" height=\"600\" data-src=\"https:\/\/intercontrol.be\/wp-content\/uploads\/2023\/01\/logo-KRAL-4X3.png\" class=\"attachment-large size-large lazyload\" alt=\"\" data-srcset=\"https:\/\/intercontrol.be\/wp-content\/uploads\/2023\/01\/logo-KRAL-4X3.png 800w, https:\/\/intercontrol.be\/wp-content\/uploads\/2023\/01\/logo-KRAL-4X3-300x225.png 300w, https:\/\/intercontrol.be\/wp-content\/uploads\/2023\/01\/logo-KRAL-4X3-667x500.png 667w, https:\/\/intercontrol.be\/wp-content\/uploads\/2023\/01\/logo-KRAL-4X3-600x450.png 600w\" data-sizes=\"(max-width: 800px) 100vw, 800px\" src=\"data:image\/svg+xml;base64,PHN2ZyB3aWR0aD0iMSIgaGVpZ2h0PSIxIiB4bWxucz0iaHR0cDovL3d3dy53My5vcmcvMjAwMC9zdmciPjwvc3ZnPg==\" style=\"--smush-placeholder-width: 800px; --smush-placeholder-aspect-ratio: 800\/600;\" \/><\/a><\/div><div class=\"wpb_text_column\"><div class=\"wpb_wrapper\"><p>Les pompes haute pression KRAL s\u00e9rie C sont con\u00e7ues pour pomper des liquides lubrifiants, non abrasifs et chimiquement neutres.<\/p>\n<\/div><\/div><\/div><\/div><\/div><\/div><div class=\"w-separator size_huge with_line width_default thick_1 style_solid color_primary align_center with_text with_content\"><div class=\"w-separator-h\"><h3 class=\"w-separator-text\"><span>Pr\u00e9sentation du produit<\/span><\/h3><\/div><\/div><div class=\"wpb_text_column\"><div class=\"wpb_wrapper\"><table style=\"height: 332px;\" width=\"692\">\n<tbody>\n<tr>\n<th style=\"text-align: left;\"><b>Fabrikant<\/b><\/th>\n<td>\u00a0Kral<\/td>\n<\/tr>\n<tr>\n<th style=\"text-align: left;\">D\u00e9bit<\/th>\n<td>1750 \u00e0 3500 l\/min. (selon le type)<\/td>\n<\/tr>\n<tr>\n<th style=\"text-align: left;\">Max. diff\u00e9rence de pression<\/th>\n<td>70 bars; 100 barres<\/td>\n<\/tr>\n<tr>\n<th style=\"text-align: left;\">Plage de temp\u00e9rature<\/th>\n<td>-20 \u00e0 180 \u00b0C<\/td>\n<\/tr>\n<tr>\n<th style=\"text-align: left;\">Viscosit\u00e9<\/th>\n<td>10.000 mm\u00b2\/s<\/td>\n<\/tr>\n<tr>\n<th style=\"text-align: left;\">Corps<\/th>\n<td>Fonte nodulaire, acier et aluminium.<\/td>\n<\/tr>\n<tr>\n<th style=\"text-align: left;\">Broches<\/th>\n<td>en acier, nitrur\u00e9<\/td>\n<\/tr>\n<tr>\n<th style=\"text-align: left;\">Approbations<\/th>\n<td>ABS, BV, CCS, DNV, GL, LRS, MRS, NK, RINA, KR<\/td>\n<\/tr>\n<tr>\n<th style=\"text-align: left;\">ATEX<\/th>\n<td>II 2 GD b\/c groupe II, cat\u00e9gorie 2<\/td>\n<\/tr>\n<tr>\n<th style=\"text-align: left;\">Chauffage<\/th>\n<td>\u00e9lectrique, fluides liquides et vapeur.<\/td>\n<\/tr>\n<\/tbody>\n<\/table>\n<\/div><\/div><div class=\"w-separator size_huge with_line width_default thick_1 style_solid color_primary align_center with_text with_content\"><div class=\"w-separator-h\"><h3 class=\"w-separator-text\"><span>Caract\u00e9ristiques<\/span><\/h3><\/div><\/div><div class=\"g-cols wpb_row via_flex valign_top type_default stacking_default\"><div class=\"vc_col-sm-6 wpb_column vc_column_container\"><div class=\"vc_column-inner\"><div class=\"wpb_wrapper\"><div class=\"wpb_text_column\"><div class=\"wpb_wrapper\"><p>Pompe haute pression efficace et auto-amor\u00e7ante jusqu&#8217;\u00e0 100 bars. Solution de pompe pour hautes pressions \u00e0 un excellent rapport qualit\u00e9-prix.<\/p>\n<p>En raison de ses larges possibilit\u00e9s d&#8217;application, nous proposons la s\u00e9rie KRAL C en standard dans les mod\u00e8les CK, CL et CG. Les principaux composants de ces pompes sont tous identiques, les diff\u00e9rences r\u00e9sident dans les d\u00e9tails individuels, adapt\u00e9s aux exigences des diff\u00e9rentes applications. Le mod\u00e8le CK est utilis\u00e9 en hydraulique comme pompe de r\u00e9servoir. La CL est utilis\u00e9e dans l&#8217;industrie des mati\u00e8res plastiques comme pompe d&#8217;alimentation haute pression pour les composants polyur\u00e9thanes tels que les polyols et les isocyanates. Les pompes CG sont utilis\u00e9es dans les m\u00eames secteurs industriels que les lignes K et L, lorsque des pressions et des d\u00e9bits plus \u00e9lev\u00e9s sont requis.<\/p>\n<\/div><\/div><\/div><\/div><\/div><div class=\"vc_col-sm-6 wpb_column vc_column_container\"><div class=\"vc_column-inner\"><div class=\"wpb_wrapper\"><div class=\"wpb_text_column\"><div class=\"wpb_wrapper\"><p>Exemples d&#8217;application : pompes d&#8217;injection, pompes d&#8217;alimentation, pompes de br\u00fbleur, pompes \u00e0 vis, pompes de nettoyage d&#8217;huile de transformateur, pompes hydrauliques et g\u00e9n\u00e9ralement toutes les applications o\u00f9 des pompes haute pression efficaces et fiables pour lubrifiants sont n\u00e9cessaires.<\/p>\n<p>La gamme CK est utilis\u00e9e en hydraulique comme pompe de r\u00e9servoir. La gamme CL est utilis\u00e9e dans l&#8217;industrie des mati\u00e8res plastiques comme pompe d&#8217;alimentation haute pression pour les composants en polyur\u00e9thane tels que les polyols et les isocyanates. Les pompes CG sont utilis\u00e9es dans les m\u00eames secteurs industriels que les lignes K et L, lorsque des pressions et des d\u00e9bits plus \u00e9lev\u00e9s sont requis.<\/p>\n<\/div><\/div><\/div><\/div><\/div><\/div><div class=\"g-cols wpb_row via_flex valign_top type_default stacking_default\"><div class=\"vc_col-sm-6 wpb_column vc_column_container\"><div class=\"vc_column-inner\"><div class=\"wpb_wrapper\"><div class=\"w-image align_none\"><div class=\"w-image-h\"><img decoding=\"async\" width=\"768\" height=\"543\" data-src=\"https:\/\/intercontrol.be\/wp-content\/uploads\/2024\/06\/KRAL-wormpomp-C-serie-model-CGH-.png\" class=\"attachment-large size-large lazyload\" alt=\"KRAL wormpomp C-serie model CGH\" data-srcset=\"https:\/\/intercontrol.be\/wp-content\/uploads\/2024\/06\/KRAL-wormpomp-C-serie-model-CGH-.png 768w, https:\/\/intercontrol.be\/wp-content\/uploads\/2024\/06\/KRAL-wormpomp-C-serie-model-CGH--300x212.png 300w, https:\/\/intercontrol.be\/wp-content\/uploads\/2024\/06\/KRAL-wormpomp-C-serie-model-CGH--700x495.png 700w, https:\/\/intercontrol.be\/wp-content\/uploads\/2024\/06\/KRAL-wormpomp-C-serie-model-CGH--600x424.png 600w\" data-sizes=\"(max-width: 768px) 100vw, 768px\" src=\"data:image\/svg+xml;base64,PHN2ZyB3aWR0aD0iMSIgaGVpZ2h0PSIxIiB4bWxucz0iaHR0cDovL3d3dy53My5vcmcvMjAwMC9zdmciPjwvc3ZnPg==\" style=\"--smush-placeholder-width: 768px; --smush-placeholder-aspect-ratio: 768\/543;\" \/><\/div><\/div><div class=\"wpb_text_column\"><div class=\"wpb_wrapper\"><h3 style=\"text-align: center;\">KRAL CGH<\/h3>\n<\/div><\/div><div class=\"wpb_text_column\"><div class=\"wpb_wrapper\"><p style=\"text-align: center;\">Pompe \u00e0 vis \u00e0 pied<\/p>\n<\/div><\/div><\/div><\/div><\/div><div class=\"vc_col-sm-6 wpb_column vc_column_container\"><div class=\"vc_column-inner\"><div class=\"wpb_wrapper\"><div class=\"w-image align_none\"><div class=\"w-image-h\"><img decoding=\"async\" width=\"768\" height=\"543\" data-src=\"https:\/\/intercontrol.be\/wp-content\/uploads\/2024\/06\/KRAL-schroefpomp-C-serie-model-CK-CL.png\" class=\"attachment-large size-large lazyload\" alt=\"KRAL schroefpomp C-serie model CK-CL\" data-srcset=\"https:\/\/intercontrol.be\/wp-content\/uploads\/2024\/06\/KRAL-schroefpomp-C-serie-model-CK-CL.png 768w, https:\/\/intercontrol.be\/wp-content\/uploads\/2024\/06\/KRAL-schroefpomp-C-serie-model-CK-CL-300x212.png 300w, https:\/\/intercontrol.be\/wp-content\/uploads\/2024\/06\/KRAL-schroefpomp-C-serie-model-CK-CL-700x495.png 700w, https:\/\/intercontrol.be\/wp-content\/uploads\/2024\/06\/KRAL-schroefpomp-C-serie-model-CK-CL-600x424.png 600w\" data-sizes=\"(max-width: 768px) 100vw, 768px\" src=\"data:image\/svg+xml;base64,PHN2ZyB3aWR0aD0iMSIgaGVpZ2h0PSIxIiB4bWxucz0iaHR0cDovL3d3dy53My5vcmcvMjAwMC9zdmciPjwvc3ZnPg==\" style=\"--smush-placeholder-width: 768px; --smush-placeholder-aspect-ratio: 768\/543;\" \/><\/div><\/div><div class=\"wpb_text_column\"><div class=\"wpb_wrapper\"><h3 style=\"text-align: center;\">KRAL CK-CL<\/h3>\n<\/div><\/div><div class=\"wpb_text_column\"><div class=\"wpb_wrapper\"><p style=\"text-align: center;\">Pompe \u00e0 vis \u00e0 pied<\/p>\n<\/div><\/div><\/div><\/div><\/div><\/div><div class=\"w-separator size_huge with_line width_default thick_1 style_solid color_primary align_center with_text with_content\"><div class=\"w-separator-h\"><h3 class=\"w-separator-text\"><span>Application(s) pour cette pompe haute pression<\/span><\/h3><\/div><\/div><div class=\"g-cols wpb_row via_flex valign_top type_default stacking_default\"><div class=\"vc_col-sm-6 wpb_column vc_column_container\"><div class=\"vc_column-inner\"><div class=\"wpb_wrapper\"><div class=\"wpb_text_column\"><div class=\"wpb_wrapper\"><p><strong>Industrie p\u00e9troli\u00e8re et gazi\u00e8re<\/strong><\/p>\n<p>Pour le transfert de fioul, d\u2019huile lubrifiante et d\u2019autres hydrocarbures. La s\u00e9rie C pr\u00e9sente une grande fiabilit\u00e9 et r\u00e9siste aux substances corrosives.<\/p>\n<p><strong>Exp\u00e9dition<\/strong><\/p>\n<p>Dans cette industrie, la s\u00e9rie C est utilis\u00e9e comme pompe \u00e0 carburant, syst\u00e8me d&#8217;huile lubrifiante et pompe de ballast. Ils sont durables et adapt\u00e9s \u00e0 un fonctionnement continu dans des conditions difficiles.<\/p>\n<p><strong>Production d&#8217;\u00e9nergie<\/strong><\/p>\n<p>Pour alimenter des br\u00fbleurs, des syst\u00e8mes de lubrification pour turbines et g\u00e9n\u00e9rateurs. La s\u00e9rie C est utilis\u00e9e ici pour sa fiabilit\u00e9 et son efficacit\u00e9 \u00e0 hautes pressions et temp\u00e9ratures.<\/p>\n<p><strong>Industrie chimique<\/strong><\/p>\n<p>Ici, ces pompes sont utilis\u00e9es pour les produits chimiques corrosifs et visqueux. Ils r\u00e9sistent aux produits chimiques agressifs et sont extr\u00eamement pr\u00e9cis lors du dosage.<\/p>\n<\/div><\/div><\/div><\/div><\/div><div class=\"vc_col-sm-6 wpb_column vc_column_container\"><div class=\"vc_column-inner\"><div class=\"wpb_wrapper\"><div class=\"wpb_text_column\"><div class=\"wpb_wrapper\"><p><strong>Industrie alimentaire<\/strong><\/p>\n<p>Gr\u00e2ce \u00e0 sa conception hygi\u00e9nique et \u00e0 son adaptation aux liquides visqueux, la s\u00e9rie C est \u00e9galement id\u00e9ale pour pomper des huiles v\u00e9g\u00e9tales, des graisses et d&#8217;autres liquides alimentaires.<\/p>\n<p><strong>Industrie du papier et de la p\u00e2te \u00e0 papier<\/strong><\/p>\n<p>Parce que la s\u00e9rie C est adapt\u00e9e aux liquides visqueux et abrasifs et gr\u00e2ce \u00e0 sa conception robuste, ce type est \u00e9galement utilis\u00e9 pour la circulation de produits chimiques et de mat\u00e9riaux auxiliaires dans la production de papier.<\/p>\n<p><strong>Industrie pharmaceutique<\/strong><\/p>\n<p>Pour l\u2019injection pr\u00e9cise de principes actifs et d\u2019excipients pharmaceutiques. Ici aussi, gr\u00e2ce \u00e0 la haute pr\u00e9cision et \u00e0 la conception hygi\u00e9nique.<\/p>\n<\/div><\/div><\/div><\/div><\/div><\/div><div class=\"w-separator size_huge with_line width_default thick_1 style_solid color_primary align_center with_text with_content\"><div class=\"w-separator-h\"><h3 class=\"w-separator-text\"><span>Regardez la vid\u00e9o<\/span><\/h3><\/div><\/div><div class=\"w-separator size_small\"><\/div><div class=\"w-video align_none ratio_16x9\"><div class=\"w-video-h\"><iframe title=\"Youtube video player\" data-src=\"\/\/www.youtube.com\/embed\/JModTzuN0O0?origin=https:\/\/intercontrol.be&controls=1\" allowfullscreen=\"1\" src=\"data:image\/svg+xml;base64,PHN2ZyB3aWR0aD0iMSIgaGVpZ2h0PSIxIiB4bWxucz0iaHR0cDovL3d3dy53My5vcmcvMjAwMC9zdmciPjwvc3ZnPg==\" class=\"lazyload\" data-load-mode=\"1\"><\/iframe><\/div><div class=\"w-video-icon\" style=\"font-size:1.5rem;background:rgba(0,0,0,0.5);color:#fff\"><\/div><\/div><div class=\"w-separator size_huge with_line width_default thick_1 style_solid color_primary align_center with_text with_content\"><div class=\"w-separator-h\"><h3 class=\"w-separator-text\"><span>T\u00e9l\u00e9chargement(s)<\/span><\/h3><\/div><\/div><div class=\"wpb_text_column us_custom_77169355\"><div class=\"wpb_wrapper\"><ul>\n<li><a href=\"https:\/\/intercontrol.be\/wp-content\/uploads\/2024\/06\/KRAL-schroefpompen-C-Serie-datasheet-ENG.pdf\">Pompes \u00e0 vis KRAL \u2013 S\u00e9rie C \u2013 fiche technique (anglais)<\/a><\/li>\n<\/ul>\n<\/div><\/div><div class=\"w-separator size_huge with_line width_default thick_1 style_solid color_primary align_center\"><div class=\"w-separator-h\"><\/div><\/div><\/div><\/div><\/div><\/div><\/div><\/section>\n","protected":false},"excerpt":{"rendered":"Pompe haute pression KRAL s\u00e9rie C Pompe haute pression pour fluides jusqu&#8217;\u00e0 100 bar Les pompes haute pression KRAL s\u00e9rie C sont con\u00e7ues pour pomper des liquides lubrifiants, non abrasifs et chimiquement neutres. Pr\u00e9sentation du produit Fabrikant \u00a0Kral D\u00e9bit 1750 \u00e0 3500 l\/min. (selon le type) Max. diff\u00e9rence de pression 70 bars; 100 barres Plage...","protected":false},"featured_media":41157,"comment_status":"closed","ping_status":"closed","template":"","meta":{"_acf_changed":false,"_monsterinsights_skip_tracking":false,"_monsterinsights_sitenote_active":false,"_monsterinsights_sitenote_note":"","_monsterinsights_sitenote_category":0},"product_brand":[],"product_cat":[1177,1174],"product_tag":[],"class_list":{"0":"post-41273","1":"product","2":"type-product","3":"status-publish","4":"has-post-thumbnail","6":"product_cat-pompes-a-vis","7":"product_cat-pompes-industrielles","9":"first","10":"instock","11":"shipping-taxable","12":"product-type-simple"},"acf":[],"yoast_head":"<!-- This site is optimized with the Yoast SEO plugin v27.5 - https:\/\/yoast.com\/product\/yoast-seo-wordpress\/ -->\n<title>Pompe haute pression jusqu&#039;\u00e0 100 bar - s\u00e9rie KRAL C<\/title>\n<meta name=\"description\" content=\"Cette pompe haute pression de KRAL est sp\u00e9cialement con\u00e7ue pour pomper des liquides lubrifiants, non abrasifs et chimiquement neutres.\" \/>\n<meta name=\"robots\" content=\"index, follow, max-snippet:-1, max-image-preview:large, max-video-preview:-1\" \/>\n<link rel=\"canonical\" href=\"https:\/\/intercontrol.be\/schroefpompen\/kral-c-serie-hogedrukpomp-tot-100-bar\/\" \/>\n<meta property=\"og:locale\" content=\"fr_FR\" \/>\n<meta property=\"og:type\" content=\"article\" \/>\n<meta property=\"og:title\" content=\"Pompe haute pression jusqu&#039;\u00e0 100 bar - s\u00e9rie KRAL C\" \/>\n<meta property=\"og:description\" content=\"Cette pompe haute pression de KRAL est sp\u00e9cialement con\u00e7ue pour pomper des liquides lubrifiants, non abrasifs et chimiquement neutres.\" \/>\n<meta property=\"og:url\" content=\"https:\/\/intercontrol.be\/schroefpompen\/kral-c-serie-hogedrukpomp-tot-100-bar\/\" \/>\n<meta property=\"og:site_name\" content=\"Intercontrol Belgi\u00eb\" \/>\n<meta property=\"article:modified_time\" content=\"2024-08-23T09:52:45+00:00\" \/>\n<meta property=\"og:image\" content=\"https:\/\/intercontrol.be\/wp-content\/uploads\/2024\/06\/KRAL-C-serie-schroefpomp-tot-100-bar.png\" \/>\n\t<meta property=\"og:image:width\" content=\"600\" \/>\n\t<meta property=\"og:image:height\" content=\"600\" \/>\n\t<meta property=\"og:image:type\" content=\"image\/png\" \/>\n<meta name=\"twitter:card\" content=\"summary_large_image\" \/>\n<meta name=\"twitter:label1\" content=\"Dur\u00e9e de lecture estim\u00e9e\" \/>\n\t<meta name=\"twitter:data1\" content=\"5 minutes\" \/>\n<script type=\"application\/ld+json\" class=\"yoast-schema-graph\">{\"@context\":\"https:\\\/\\\/schema.org\",\"@graph\":[{\"@type\":\"WebPage\",\"@id\":\"https:\\\/\\\/intercontrol.be\\\/schroefpompen\\\/kral-c-serie-hogedrukpomp-tot-100-bar\\\/\",\"url\":\"https:\\\/\\\/intercontrol.be\\\/schroefpompen\\\/kral-c-serie-hogedrukpomp-tot-100-bar\\\/\",\"name\":\"Pompe haute pression jusqu'\u00e0 100 bar - s\u00e9rie KRAL C\",\"isPartOf\":{\"@id\":\"https:\\\/\\\/intercontrol.be\\\/#website\"},\"primaryImageOfPage\":{\"@id\":\"https:\\\/\\\/intercontrol.be\\\/schroefpompen\\\/kral-c-serie-hogedrukpomp-tot-100-bar\\\/#primaryimage\"},\"image\":{\"@id\":\"https:\\\/\\\/intercontrol.be\\\/schroefpompen\\\/kral-c-serie-hogedrukpomp-tot-100-bar\\\/#primaryimage\"},\"thumbnailUrl\":\"https:\\\/\\\/intercontrol.be\\\/wp-content\\\/uploads\\\/2024\\\/06\\\/KRAL-C-serie-schroefpomp-tot-100-bar.png\",\"datePublished\":\"2024-08-22T09:33:57+00:00\",\"dateModified\":\"2024-08-23T09:52:45+00:00\",\"description\":\"Cette pompe haute pression de KRAL est sp\u00e9cialement con\u00e7ue pour pomper des liquides lubrifiants, non abrasifs et chimiquement neutres.\",\"breadcrumb\":{\"@id\":\"https:\\\/\\\/intercontrol.be\\\/schroefpompen\\\/kral-c-serie-hogedrukpomp-tot-100-bar\\\/#breadcrumb\"},\"inLanguage\":\"fr-FR\",\"potentialAction\":[{\"@type\":\"ReadAction\",\"target\":[\"https:\\\/\\\/intercontrol.be\\\/schroefpompen\\\/kral-c-serie-hogedrukpomp-tot-100-bar\\\/\"]}]},{\"@type\":\"ImageObject\",\"inLanguage\":\"fr-FR\",\"@id\":\"https:\\\/\\\/intercontrol.be\\\/schroefpompen\\\/kral-c-serie-hogedrukpomp-tot-100-bar\\\/#primaryimage\",\"url\":\"https:\\\/\\\/intercontrol.be\\\/wp-content\\\/uploads\\\/2024\\\/06\\\/KRAL-C-serie-schroefpomp-tot-100-bar.png\",\"contentUrl\":\"https:\\\/\\\/intercontrol.be\\\/wp-content\\\/uploads\\\/2024\\\/06\\\/KRAL-C-serie-schroefpomp-tot-100-bar.png\",\"width\":600,\"height\":600,\"caption\":\"KRAL C-serie schroefpomp tot 100 bar\"},{\"@type\":\"BreadcrumbList\",\"@id\":\"https:\\\/\\\/intercontrol.be\\\/schroefpompen\\\/kral-c-serie-hogedrukpomp-tot-100-bar\\\/#breadcrumb\",\"itemListElement\":[{\"@type\":\"ListItem\",\"position\":1,\"name\":\"Home\",\"item\":\"https:\\\/\\\/intercontrol.be\\\/frs\\\/\"},{\"@type\":\"ListItem\",\"position\":2,\"name\":\"Catalogus\",\"item\":\"https:\\\/\\\/intercontrol.be\\\/catalogus\\\/\"},{\"@type\":\"ListItem\",\"position\":3,\"name\":\"KRAL s\u00e9rie C pompe haute pression jusqu&#8217;\u00e0 100 bar\"}]},{\"@type\":\"WebSite\",\"@id\":\"https:\\\/\\\/intercontrol.be\\\/#website\",\"url\":\"https:\\\/\\\/intercontrol.be\\\/\",\"name\":\"Intercontrol Belgi\u00eb\",\"description\":\"Alles onder controle!\",\"potentialAction\":[{\"@type\":\"SearchAction\",\"target\":{\"@type\":\"EntryPoint\",\"urlTemplate\":\"https:\\\/\\\/intercontrol.be\\\/?s={search_term_string}\"},\"query-input\":{\"@type\":\"PropertyValueSpecification\",\"valueRequired\":true,\"valueName\":\"search_term_string\"}}],\"inLanguage\":\"fr-FR\"}]}<\/script>\n<!-- \/ Yoast SEO plugin. -->","yoast_head_json":{"title":"Pompe haute pression jusqu'\u00e0 100 bar - s\u00e9rie KRAL C","description":"Cette pompe haute pression de KRAL est sp\u00e9cialement con\u00e7ue pour pomper des liquides lubrifiants, non abrasifs et chimiquement neutres.","robots":{"index":"index","follow":"follow","max-snippet":"max-snippet:-1","max-image-preview":"max-image-preview:large","max-video-preview":"max-video-preview:-1"},"canonical":"https:\/\/intercontrol.be\/schroefpompen\/kral-c-serie-hogedrukpomp-tot-100-bar\/","og_locale":"fr_FR","og_type":"article","og_title":"Pompe haute pression jusqu'\u00e0 100 bar - s\u00e9rie KRAL C","og_description":"Cette pompe haute pression de KRAL est sp\u00e9cialement con\u00e7ue pour pomper des liquides lubrifiants, non abrasifs et chimiquement neutres.","og_url":"https:\/\/intercontrol.be\/schroefpompen\/kral-c-serie-hogedrukpomp-tot-100-bar\/","og_site_name":"Intercontrol Belgi\u00eb","article_modified_time":"2024-08-23T09:52:45+00:00","og_image":[{"width":600,"height":600,"url":"https:\/\/intercontrol.be\/wp-content\/uploads\/2024\/06\/KRAL-C-serie-schroefpomp-tot-100-bar.png","type":"image\/png"}],"twitter_card":"summary_large_image","twitter_misc":{"Dur\u00e9e de lecture estim\u00e9e":"5 minutes"},"schema":{"@context":"https:\/\/schema.org","@graph":[{"@type":"WebPage","@id":"https:\/\/intercontrol.be\/schroefpompen\/kral-c-serie-hogedrukpomp-tot-100-bar\/","url":"https:\/\/intercontrol.be\/schroefpompen\/kral-c-serie-hogedrukpomp-tot-100-bar\/","name":"Pompe haute pression jusqu'\u00e0 100 bar - s\u00e9rie KRAL C","isPartOf":{"@id":"https:\/\/intercontrol.be\/#website"},"primaryImageOfPage":{"@id":"https:\/\/intercontrol.be\/schroefpompen\/kral-c-serie-hogedrukpomp-tot-100-bar\/#primaryimage"},"image":{"@id":"https:\/\/intercontrol.be\/schroefpompen\/kral-c-serie-hogedrukpomp-tot-100-bar\/#primaryimage"},"thumbnailUrl":"https:\/\/intercontrol.be\/wp-content\/uploads\/2024\/06\/KRAL-C-serie-schroefpomp-tot-100-bar.png","datePublished":"2024-08-22T09:33:57+00:00","dateModified":"2024-08-23T09:52:45+00:00","description":"Cette pompe haute pression de KRAL est sp\u00e9cialement con\u00e7ue pour pomper des liquides lubrifiants, non abrasifs et chimiquement neutres.","breadcrumb":{"@id":"https:\/\/intercontrol.be\/schroefpompen\/kral-c-serie-hogedrukpomp-tot-100-bar\/#breadcrumb"},"inLanguage":"fr-FR","potentialAction":[{"@type":"ReadAction","target":["https:\/\/intercontrol.be\/schroefpompen\/kral-c-serie-hogedrukpomp-tot-100-bar\/"]}]},{"@type":"ImageObject","inLanguage":"fr-FR","@id":"https:\/\/intercontrol.be\/schroefpompen\/kral-c-serie-hogedrukpomp-tot-100-bar\/#primaryimage","url":"https:\/\/intercontrol.be\/wp-content\/uploads\/2024\/06\/KRAL-C-serie-schroefpomp-tot-100-bar.png","contentUrl":"https:\/\/intercontrol.be\/wp-content\/uploads\/2024\/06\/KRAL-C-serie-schroefpomp-tot-100-bar.png","width":600,"height":600,"caption":"KRAL C-serie schroefpomp tot 100 bar"},{"@type":"BreadcrumbList","@id":"https:\/\/intercontrol.be\/schroefpompen\/kral-c-serie-hogedrukpomp-tot-100-bar\/#breadcrumb","itemListElement":[{"@type":"ListItem","position":1,"name":"Home","item":"https:\/\/intercontrol.be\/frs\/"},{"@type":"ListItem","position":2,"name":"Catalogus","item":"https:\/\/intercontrol.be\/catalogus\/"},{"@type":"ListItem","position":3,"name":"KRAL s\u00e9rie C pompe haute pression jusqu&#8217;\u00e0 100 bar"}]},{"@type":"WebSite","@id":"https:\/\/intercontrol.be\/#website","url":"https:\/\/intercontrol.be\/","name":"Intercontrol Belgi\u00eb","description":"Alles onder controle!","potentialAction":[{"@type":"SearchAction","target":{"@type":"EntryPoint","urlTemplate":"https:\/\/intercontrol.be\/?s={search_term_string}"},"query-input":{"@type":"PropertyValueSpecification","valueRequired":true,"valueName":"search_term_string"}}],"inLanguage":"fr-FR"}]}},"_links":{"self":[{"href":"https:\/\/intercontrol.be\/frs\/wp-json\/wp\/v2\/product\/41273","targetHints":{"allow":["GET"]}}],"collection":[{"href":"https:\/\/intercontrol.be\/frs\/wp-json\/wp\/v2\/product"}],"about":[{"href":"https:\/\/intercontrol.be\/frs\/wp-json\/wp\/v2\/types\/product"}],"replies":[{"embeddable":true,"href":"https:\/\/intercontrol.be\/frs\/wp-json\/wp\/v2\/comments?post=41273"}],"wp:featuredmedia":[{"embeddable":true,"href":"https:\/\/intercontrol.be\/frs\/wp-json\/wp\/v2\/media\/41157"}],"wp:attachment":[{"href":"https:\/\/intercontrol.be\/frs\/wp-json\/wp\/v2\/media?parent=41273"}],"wp:term":[{"taxonomy":"product_brand","embeddable":true,"href":"https:\/\/intercontrol.be\/frs\/wp-json\/wp\/v2\/product_brand?post=41273"},{"taxonomy":"product_cat","embeddable":true,"href":"https:\/\/intercontrol.be\/frs\/wp-json\/wp\/v2\/product_cat?post=41273"},{"taxonomy":"product_tag","embeddable":true,"href":"https:\/\/intercontrol.be\/frs\/wp-json\/wp\/v2\/product_tag?post=41273"}],"curies":[{"name":"wp","href":"https:\/\/api.w.org\/{rel}","templated":true}]}}