{"id":41270,"date":"2024-08-22T07:49:59","date_gmt":"2024-08-22T07:49:59","guid":{"rendered":"https:\/\/intercontrol.be\/uncategorized\/beinlich-visco-mini-pompe-pour-micro-dosage\/"},"modified":"2024-08-23T09:29:56","modified_gmt":"2024-08-23T09:29:56","slug":"beinlich-visco-mini-pompe-pour-micro-dosage","status":"publish","type":"product","link":"https:\/\/intercontrol.be\/frs\/pompes-doseuses\/beinlich-visco-mini-pompe-pour-micro-dosage\/","title":{"rendered":"<b>Beinlich VISCO.mini<\/b> <br>pompe pour micro-dosage"},"content":{"rendered":"<section class=\"l-section wpb_row height_large color_primary parallax_ver with_shape\"><div class=\"l-section-overlay\" style=\"background:rgba(6,56,119,0.81)\"><\/div><div class=\"l-section-shape type_triangle pos_bottom\" style=\"height:5vh;\"><svg xmlns=\"http:\/\/www.w3.org\/2000\/svg\" viewBox=\"0 0 64 8\" preserveAspectRatio=\"none\" width=\"100%\" height=\"100%\">\r\n\t<path fill=\"currentColor\" d=\"M64 8 L0 8 L0 0 L32 7.9 L64 0 Z\"\/>\r\n<\/svg><\/div><div class=\"l-section-h i-cf\"><div class=\"g-cols vc_row via_flex valign_top type_default stacking_default\"><div class=\"vc_col-sm-2 wpb_column vc_column_container\"><div class=\"vc_column-inner\"><div class=\"wpb_wrapper\"><\/div><\/div><\/div><div class=\"vc_col-sm-8 wpb_column vc_column_container\"><div class=\"vc_column-inner\"><div class=\"wpb_wrapper\"><div class=\"wpb_text_column\"><div class=\"wpb_wrapper\"><h1 style=\"text-align: center;\">VISCO.mini<\/h1>\n<\/div><\/div><div class=\"w-image align_center\"><div class=\"w-image-h\"><img decoding=\"async\" width=\"50\" height=\"10\" data-src=\"https:\/\/intercontrol.be\/wp-content\/uploads\/2021\/04\/intercontrol-dividerwit.png\" class=\"attachment-large size-large lazyload\" alt=\"\" src=\"data:image\/svg+xml;base64,PHN2ZyB3aWR0aD0iMSIgaGVpZ2h0PSIxIiB4bWxucz0iaHR0cDovL3d3dy53My5vcmcvMjAwMC9zdmciPjwvc3ZnPg==\" style=\"--smush-placeholder-width: 50px; --smush-placeholder-aspect-ratio: 50\/10;\" \/><\/div><\/div><div class=\"w-separator size_small\"><\/div><div class=\"wpb_text_column\"><div class=\"wpb_wrapper\"><h3 style=\"text-align: center;\">Sp\u00e9cialement con\u00e7u pour le dosage pr\u00e9cis de liquides et de p\u00e2tes.<\/h3>\n<\/div><\/div><\/div><\/div><\/div><div class=\"vc_col-sm-2 wpb_column vc_column_container\"><div class=\"vc_column-inner\"><div class=\"wpb_wrapper\"><\/div><\/div><\/div><\/div><\/div><\/section><section class=\"l-section wpb_row us_custom_a4ebe4e2 height_large\"><div class=\"l-section-h i-cf\"><div class=\"g-cols vc_row via_flex valign_top type_default stacking_default\" style=\"--additional-gap:10px;\"><div class=\"vc_col-sm-12 wpb_column vc_column_container\"><div class=\"vc_column-inner\"><div class=\"wpb_wrapper\"><div class=\"w-separator size_medium\"><\/div><div class=\"g-cols wpb_row via_flex valign_middle type_default stacking_default\"><div class=\"vc_col-sm-8 wpb_column vc_column_container\"><div class=\"vc_column-inner\"><div class=\"wpb_wrapper\"><div class=\"w-slider style_none fit_scaledown\"><div class=\"w-slider-h\"><div class=\"royalSlider\"><div class=\"rsContent\"><a class=\"rsImg\" data-rsw=\"1024\" data-rsh=\"683\" data-rsBigImg=\"https:\/\/intercontrol.be\/wp-content\/uploads\/2021\/07\/Beinlich-ViSCO-mini.png\" href=\"https:\/\/intercontrol.be\/wp-content\/uploads\/2021\/07\/Beinlich-ViSCO-mini.png\"><span data-alt=\"\"><\/span><\/a><\/div><div class=\"rsContent\"><a class=\"rsImg\" data-rsw=\"629\" data-rsh=\"396\" data-rsBigImg=\"https:\/\/intercontrol.be\/wp-content\/uploads\/2021\/07\/Beinlich-ViSCO-mini-in-actie.png\" href=\"https:\/\/intercontrol.be\/wp-content\/uploads\/2021\/07\/Beinlich-ViSCO-mini-in-actie.png\"><span data-alt=\"\"><\/span><\/a><\/div><\/div><img decoding=\"async\" data-src=\"https:\/\/intercontrol.be\/wp-content\/uploads\/2021\/07\/Beinlich-ViSCO-mini.png\" width=\"1024\" height=\"683\" alt src=\"data:image\/svg+xml;base64,PHN2ZyB3aWR0aD0iMSIgaGVpZ2h0PSIxIiB4bWxucz0iaHR0cDovL3d3dy53My5vcmcvMjAwMC9zdmciPjwvc3ZnPg==\" class=\"lazyload\" style=\"--smush-placeholder-width: 1024px; --smush-placeholder-aspect-ratio: 1024\/683;\"><\/div><div class=\"w-slider-json\" onclick='return {&quot;autoScaleSlider&quot;:true,&quot;loop&quot;:true,&quot;fadeInLoadedSlide&quot;:false,&quot;slidesSpacing&quot;:0,&quot;imageScalePadding&quot;:0,&quot;numImagesToPreload&quot;:2,&quot;arrowsNav&quot;:true,&quot;arrowsNavAutoHide&quot;:false,&quot;transitionType&quot;:&quot;move&quot;,&quot;transitionSpeed&quot;:250,&quot;block&quot;:{&quot;moveEffect&quot;:&quot;none&quot;,&quot;speed&quot;:300},&quot;thumbs&quot;:{&quot;fitInViewport&quot;:false},&quot;controlNavigation&quot;:&quot;none&quot;,&quot;fullscreen&quot;:{&quot;enabled&quot;:true},&quot;imageScaleMode&quot;:&quot;fit-if-smaller&quot;,&quot;autoScaleSliderWidth&quot;:1024,&quot;autoScaleSliderHeight&quot;:683}'><\/div><\/div><\/div><\/div><\/div><div class=\"vc_col-sm-4 wpb_column vc_column_container\"><div class=\"vc_column-inner\"><div class=\"wpb_wrapper\"><div class=\"w-image align_none\"><div class=\"w-image-h\"><img decoding=\"async\" width=\"400\" height=\"200\" data-src=\"https:\/\/intercontrol.be\/wp-content\/uploads\/2022\/09\/beinlich-batch.jpg\" class=\"attachment-large size-large lazyload\" alt=\"\" data-srcset=\"https:\/\/intercontrol.be\/wp-content\/uploads\/2022\/09\/beinlich-batch.jpg 400w, https:\/\/intercontrol.be\/wp-content\/uploads\/2022\/09\/beinlich-batch-300x150.jpg 300w\" data-sizes=\"(max-width: 400px) 100vw, 400px\" src=\"data:image\/svg+xml;base64,PHN2ZyB3aWR0aD0iMSIgaGVpZ2h0PSIxIiB4bWxucz0iaHR0cDovL3d3dy53My5vcmcvMjAwMC9zdmciPjwvc3ZnPg==\" style=\"--smush-placeholder-width: 400px; --smush-placeholder-aspect-ratio: 400\/200;\" \/><\/div><\/div><div class=\"wpb_text_column\"><div class=\"wpb_wrapper\"><p>Le ViSCO.mini\u00ae convient \u00e0 une large gamme d&#8217;applications pour les fluides \u00e0 haute et faible viscosit\u00e9, y compris les variantes abrasives.<\/p>\n<\/div><\/div><\/div><\/div><\/div><\/div><div class=\"w-separator size_huge with_line width_default thick_1 style_solid color_primary align_center with_text with_content\"><div class=\"w-separator-h\"><h3 class=\"w-separator-text\"><span>Pr\u00e9sentation du produit<\/span><\/h3><\/div><\/div><div class=\"wpb_text_column\"><div class=\"wpb_wrapper\"><table class=\"intertabel\" style=\"width: 100%;\" border=\"1\" width=\"100%\">\n<tbody>\n<tr>\n<th style=\"width: 51.9291%;\">Taille nominale<\/th>\n<td style=\"width: 47.4453%;\">0.01<\/td>\n<\/tr>\n<tr>\n<th style=\"width: 51.9291%;\">Type de cl\u00e9<\/th>\n<td style=\"width: 47.4453%;\">VPN 1-0,01-BE.-L-M\/HS0\/P2-000<\/td>\n<\/tr>\n<tr>\n<th style=\"width: 51.9291%;\">Mat\u00e9riau d&#8217;entr\u00e9e<\/th>\n<td style=\"width: 47.4453%;\">G 1\/8\u201d<\/td>\n<\/tr>\n<tr>\n<th style=\"width: 51.9291%;\">Mat\u00e9riau de sortie<\/th>\n<td style=\"width: 47.4453%;\">Luer Lock DIN EN 1707 avec joint torique<\/td>\n<\/tr>\n<tr>\n<th style=\"width: 51.9291%;\">Min. pression de service (entr\u00e9e)<\/th>\n<td style=\"width: 47.4453%;\">0 bar, fluide autonivelant<\/td>\n<\/tr>\n<tr>\n<th style=\"width: 51.9291%;\">Max. pression de service (entr\u00e9e)<\/th>\n<td style=\"width: 47.4453%;\">0 \u00e0 6 bar pression d&#8217;entr\u00e9e, fluide non autonivelant<\/td>\n<\/tr>\n<tr>\n<th style=\"width: 51.9291%;\">Max. pression de service (\u00e9chappement)<\/th>\n<td style=\"width: 47.4453%;\">10 bar<\/td>\n<\/tr>\n<tr>\n<th style=\"width: 51.9291%;\">Mat\u00e9riau des pi\u00e8ces en contact avec le fluide<\/th>\n<td style=\"width: 47.4453%;\">Aluminium\/acier inoxydable, FFKM (perfluoro\u00e9lastom\u00e8re), joint d&#8217;arbre en PTFE<\/td>\n<\/tr>\n<tr>\n<th style=\"width: 51.9291%;\">Motor<\/th>\n<td style=\"width: 47.4453%;\">Codeur incr\u00e9mental 24 V DC, m\u00e9canisme \u00e0 engrenages plan\u00e9taires<\/td>\n<\/tr>\n<tr>\n<th style=\"width: 51.9291%;\">Conditions de fonctionnement<\/th>\n<td style=\"width: 47.4453%;\">+10\u00b0 C \u00e0 +40\u00b0 C, pression d&#8217;air 1 bar<\/td>\n<\/tr>\n<tr>\n<th style=\"width: 51.9291%;\">Temp\u00e9rature du liquide<\/th>\n<td style=\"width: 47.4453%;\">+10\u00b0 C \u00e0 +40\u00b0 C<\/td>\n<\/tr>\n<tr>\n<th style=\"width: 51.9291%;\">Volume de dosage estim\u00e9 par tour<\/th>\n<td style=\"width: 47.4453%;\">0.013 ml<\/td>\n<\/tr>\n<tr>\n<th style=\"width: 51.9291%;\">Vitesse de rotation<\/th>\n<td style=\"width: 47.4453%;\">0 \u00e0 150 tr\/min<\/td>\n<\/tr>\n<tr>\n<th style=\"width: 51.9291%;\">D\u00e9bit<\/th>\n<td style=\"width: 47.4453%;\">0,13 \u00e0 1,95 ml\/min<\/td>\n<\/tr>\n<tr>\n<th style=\"width: 51.9291%;\">Min. Volume de livraison<\/th>\n<td style=\"width: 47.4453%;\">0.002 ml<\/td>\n<\/tr>\n<tr>\n<th style=\"width: 51.9291%;\">Couple de d\u00e9marrage<\/th>\n<td style=\"width: 47.4453%;\">0.22 Nm<\/td>\n<\/tr>\n<tr>\n<th style=\"width: 51.9291%;\">Pr\u00e9cision du dosage<\/th>\n<td style=\"width: 47.4453%;\">+\/-1 %<\/td>\n<\/tr>\n<tr>\n<th style=\"width: 51.9291%;\">Poids environ<\/th>\n<td style=\"width: 47.4453%;\">ca. 450 grammes<\/td>\n<\/tr>\n<\/tbody>\n<\/table>\n<\/div><\/div><div class=\"w-separator size_huge with_line width_default thick_1 style_solid color_primary align_center with_text with_content\"><div class=\"w-separator-h\"><h3 class=\"w-separator-text\"><span>Caract\u00e9ristiques<\/span><\/h3><\/div><\/div><div class=\"g-cols wpb_row via_flex valign_top type_default stacking_default\"><div class=\"vc_col-sm-12 wpb_column vc_column_container\"><div class=\"vc_column-inner\"><div class=\"wpb_wrapper\"><div class=\"wpb_text_column\"><div class=\"wpb_wrapper\"><p>La technologie du ViSCO.mini\u00ae est bas\u00e9e sur le principe volum\u00e9trique d&#8217;un \u00ab piston sans fin \u00bb, tandis que les composants centraux, rotor et stator, forment une chambre de mesure parfaitement \u00e9tanche. Le mouvement excentrique du rotor permet un faible mouvement de cisaillement du fluide d&#8217;une chambre \u00e0 la chambre suivante sans comprimer le fluide.<\/p>\n<\/div><\/div><div class=\"wpb_text_column\"><div class=\"wpb_wrapper\"><h3>Avantages<\/h3>\n<ul>\n<li>Dosage volum\u00e9trique continu<\/li>\n<li>Syst\u00e8me ferm\u00e9 sans vanne<\/li>\n<li>Ind\u00e9pendant de la viscosit\u00e9<\/li>\n<li>Faible pulsation et cisaillement<\/li>\n<li>Haute pr\u00e9cision de dosage<\/li>\n<li>Haute r\u00e9p\u00e9tabilit\u00e9<\/li>\n<li>G\u00e8re les produits abrasifs\/abrasifs<\/li>\n<li>Effet d&#8217;inconv\u00e9nient<\/li>\n<\/ul>\n<\/div><\/div><\/div><\/div><\/div><\/div><div class=\"w-separator size_huge with_line width_default thick_1 style_solid color_primary align_center with_text with_content\"><div class=\"w-separator-h\"><h3 class=\"w-separator-text\"><span>Demande(s)<\/span><\/h3><\/div><\/div><div class=\"wpb_text_column\"><div class=\"wpb_wrapper\"><ul>\n<li>Dosage de colle<\/li>\n<li>Rev\u00eatement de circuits imprim\u00e9s<\/li>\n<li>Dosage des perles<\/li>\n<li>Sous-remplissages<\/li>\n<li>Doseurs de remplissage<\/li>\n<li>Dosage de liquides tr\u00e8s visqueux, abrasifs et corrosifs<\/li>\n<\/ul>\n<\/div><\/div><div class=\"w-separator size_huge with_line width_default thick_1 style_solid color_primary align_center with_text with_content\"><div class=\"w-separator-h\"><h3 class=\"w-separator-text\"><span>T\u00e9l\u00e9chargement(s)<\/span><\/h3><\/div><\/div><div class=\"wpb_text_column us_custom_77169355\"><div class=\"wpb_wrapper\"><ul>\n<li><a href=\"https:\/\/intercontrol.be\/wp-content\/uploads\/2021\/07\/Beinlich-ViSCO.mini-ENG.pdf\">Beinlich ViSCO.mini (ENG)<\/a><\/li>\n<\/ul>\n<\/div><\/div><div class=\"w-separator size_huge with_line width_default thick_1 style_solid color_primary align_center\"><div class=\"w-separator-h\"><\/div><\/div><\/div><\/div><\/div><\/div><\/div><\/section>\n","protected":false},"excerpt":{"rendered":"VISCO.mini Sp\u00e9cialement con\u00e7u pour le dosage pr\u00e9cis de liquides et de p\u00e2tes. Le ViSCO.mini\u00ae convient \u00e0 une large gamme d&#8217;applications pour les fluides \u00e0 haute et faible viscosit\u00e9, y compris les variantes abrasives. Pr\u00e9sentation du produit Taille nominale 0.01 Type de cl\u00e9 VPN 1-0,01-BE.-L-M\/HS0\/P2-000 Mat\u00e9riau d&#8217;entr\u00e9e G 1\/8\u201d Mat\u00e9riau de sortie Luer Lock DIN EN...","protected":false},"featured_media":18564,"comment_status":"closed","ping_status":"closed","template":"","meta":{"_acf_changed":false,"_monsterinsights_skip_tracking":false,"_monsterinsights_sitenote_active":false,"_monsterinsights_sitenote_note":"","_monsterinsights_sitenote_category":0},"product_brand":[],"product_cat":[1180,1174],"product_tag":[],"class_list":{"0":"post-41270","1":"product","2":"type-product","3":"status-publish","4":"has-post-thumbnail","6":"product_cat-pompes-doseuses","7":"product_cat-pompes-industrielles","9":"first","10":"instock","11":"shipping-taxable","12":"product-type-simple"},"acf":[],"yoast_head":"<!-- This site is optimized with the Yoast SEO plugin v27.6 - https:\/\/yoast.com\/product\/yoast-seo-wordpress\/ -->\n<title>Beinlich VISCO.mini pompe pour micro-dosage - Intercontrol Belgi\u00eb<\/title>\n<meta name=\"robots\" content=\"index, follow, max-snippet:-1, max-image-preview:large, max-video-preview:-1\" \/>\n<link rel=\"canonical\" href=\"https:\/\/intercontrol.be\/doseerpompen\/beinlich-visco-mini-pomp-t-b-v-micro-doseringen\/\" \/>\n<meta property=\"og:locale\" content=\"fr_FR\" \/>\n<meta property=\"og:type\" content=\"article\" \/>\n<meta property=\"og:title\" content=\"Beinlich VISCO.mini pompe pour micro-dosage - Intercontrol Belgi\u00eb\" \/>\n<meta property=\"og:url\" content=\"https:\/\/intercontrol.be\/doseerpompen\/beinlich-visco-mini-pomp-t-b-v-micro-doseringen\/\" \/>\n<meta property=\"og:site_name\" content=\"Intercontrol Belgi\u00eb\" \/>\n<meta property=\"article:modified_time\" content=\"2024-08-23T09:29:56+00:00\" \/>\n<meta property=\"og:image\" content=\"https:\/\/intercontrol.be\/wp-content\/uploads\/2022\/06\/beinlich.png\" \/>\n\t<meta property=\"og:image:width\" content=\"1200\" \/>\n\t<meta property=\"og:image:height\" content=\"1200\" \/>\n\t<meta property=\"og:image:type\" content=\"image\/png\" \/>\n<meta name=\"twitter:card\" content=\"summary_large_image\" \/>\n<meta name=\"twitter:label1\" content=\"Dur\u00e9e de lecture estim\u00e9e\" \/>\n\t<meta name=\"twitter:data1\" content=\"3 minutes\" \/>\n<script type=\"application\/ld+json\" class=\"yoast-schema-graph\">{\"@context\":\"https:\\\/\\\/schema.org\",\"@graph\":[{\"@type\":\"WebPage\",\"@id\":\"https:\\\/\\\/intercontrol.be\\\/doseerpompen\\\/beinlich-visco-mini-pomp-t-b-v-micro-doseringen\\\/\",\"url\":\"https:\\\/\\\/intercontrol.be\\\/doseerpompen\\\/beinlich-visco-mini-pomp-t-b-v-micro-doseringen\\\/\",\"name\":\"Beinlich VISCO.mini pompe pour micro-dosage - Intercontrol Belgi\u00eb\",\"isPartOf\":{\"@id\":\"https:\\\/\\\/intercontrol.be\\\/#website\"},\"primaryImageOfPage\":{\"@id\":\"https:\\\/\\\/intercontrol.be\\\/doseerpompen\\\/beinlich-visco-mini-pomp-t-b-v-micro-doseringen\\\/#primaryimage\"},\"image\":{\"@id\":\"https:\\\/\\\/intercontrol.be\\\/doseerpompen\\\/beinlich-visco-mini-pomp-t-b-v-micro-doseringen\\\/#primaryimage\"},\"thumbnailUrl\":\"https:\\\/\\\/intercontrol.be\\\/wp-content\\\/uploads\\\/2022\\\/06\\\/beinlich.png\",\"datePublished\":\"2024-08-22T07:49:59+00:00\",\"dateModified\":\"2024-08-23T09:29:56+00:00\",\"breadcrumb\":{\"@id\":\"https:\\\/\\\/intercontrol.be\\\/doseerpompen\\\/beinlich-visco-mini-pomp-t-b-v-micro-doseringen\\\/#breadcrumb\"},\"inLanguage\":\"fr-FR\",\"potentialAction\":[{\"@type\":\"ReadAction\",\"target\":[\"https:\\\/\\\/intercontrol.be\\\/doseerpompen\\\/beinlich-visco-mini-pomp-t-b-v-micro-doseringen\\\/\"]}]},{\"@type\":\"ImageObject\",\"inLanguage\":\"fr-FR\",\"@id\":\"https:\\\/\\\/intercontrol.be\\\/doseerpompen\\\/beinlich-visco-mini-pomp-t-b-v-micro-doseringen\\\/#primaryimage\",\"url\":\"https:\\\/\\\/intercontrol.be\\\/wp-content\\\/uploads\\\/2022\\\/06\\\/beinlich.png\",\"contentUrl\":\"https:\\\/\\\/intercontrol.be\\\/wp-content\\\/uploads\\\/2022\\\/06\\\/beinlich.png\",\"width\":1200,\"height\":1200},{\"@type\":\"BreadcrumbList\",\"@id\":\"https:\\\/\\\/intercontrol.be\\\/doseerpompen\\\/beinlich-visco-mini-pomp-t-b-v-micro-doseringen\\\/#breadcrumb\",\"itemListElement\":[{\"@type\":\"ListItem\",\"position\":1,\"name\":\"Home\",\"item\":\"https:\\\/\\\/intercontrol.be\\\/frs\\\/\"},{\"@type\":\"ListItem\",\"position\":2,\"name\":\"Catalogus\",\"item\":\"https:\\\/\\\/intercontrol.be\\\/catalogus\\\/\"},{\"@type\":\"ListItem\",\"position\":3,\"name\":\"Beinlich VISCO.mini pompe pour micro-dosage\"}]},{\"@type\":\"WebSite\",\"@id\":\"https:\\\/\\\/intercontrol.be\\\/#website\",\"url\":\"https:\\\/\\\/intercontrol.be\\\/\",\"name\":\"Intercontrol Belgi\u00eb\",\"description\":\"Alles onder controle!\",\"potentialAction\":[{\"@type\":\"SearchAction\",\"target\":{\"@type\":\"EntryPoint\",\"urlTemplate\":\"https:\\\/\\\/intercontrol.be\\\/?s={search_term_string}\"},\"query-input\":{\"@type\":\"PropertyValueSpecification\",\"valueRequired\":true,\"valueName\":\"search_term_string\"}}],\"inLanguage\":\"fr-FR\"}]}<\/script>\n<!-- \/ Yoast SEO plugin. -->","yoast_head_json":{"title":"Beinlich VISCO.mini pompe pour micro-dosage - Intercontrol Belgi\u00eb","robots":{"index":"index","follow":"follow","max-snippet":"max-snippet:-1","max-image-preview":"max-image-preview:large","max-video-preview":"max-video-preview:-1"},"canonical":"https:\/\/intercontrol.be\/doseerpompen\/beinlich-visco-mini-pomp-t-b-v-micro-doseringen\/","og_locale":"fr_FR","og_type":"article","og_title":"Beinlich VISCO.mini pompe pour micro-dosage - Intercontrol Belgi\u00eb","og_url":"https:\/\/intercontrol.be\/doseerpompen\/beinlich-visco-mini-pomp-t-b-v-micro-doseringen\/","og_site_name":"Intercontrol Belgi\u00eb","article_modified_time":"2024-08-23T09:29:56+00:00","og_image":[{"width":1200,"height":1200,"url":"https:\/\/intercontrol.be\/wp-content\/uploads\/2022\/06\/beinlich.png","type":"image\/png"}],"twitter_card":"summary_large_image","twitter_misc":{"Dur\u00e9e de lecture estim\u00e9e":"3 minutes"},"schema":{"@context":"https:\/\/schema.org","@graph":[{"@type":"WebPage","@id":"https:\/\/intercontrol.be\/doseerpompen\/beinlich-visco-mini-pomp-t-b-v-micro-doseringen\/","url":"https:\/\/intercontrol.be\/doseerpompen\/beinlich-visco-mini-pomp-t-b-v-micro-doseringen\/","name":"Beinlich VISCO.mini pompe pour micro-dosage - Intercontrol Belgi\u00eb","isPartOf":{"@id":"https:\/\/intercontrol.be\/#website"},"primaryImageOfPage":{"@id":"https:\/\/intercontrol.be\/doseerpompen\/beinlich-visco-mini-pomp-t-b-v-micro-doseringen\/#primaryimage"},"image":{"@id":"https:\/\/intercontrol.be\/doseerpompen\/beinlich-visco-mini-pomp-t-b-v-micro-doseringen\/#primaryimage"},"thumbnailUrl":"https:\/\/intercontrol.be\/wp-content\/uploads\/2022\/06\/beinlich.png","datePublished":"2024-08-22T07:49:59+00:00","dateModified":"2024-08-23T09:29:56+00:00","breadcrumb":{"@id":"https:\/\/intercontrol.be\/doseerpompen\/beinlich-visco-mini-pomp-t-b-v-micro-doseringen\/#breadcrumb"},"inLanguage":"fr-FR","potentialAction":[{"@type":"ReadAction","target":["https:\/\/intercontrol.be\/doseerpompen\/beinlich-visco-mini-pomp-t-b-v-micro-doseringen\/"]}]},{"@type":"ImageObject","inLanguage":"fr-FR","@id":"https:\/\/intercontrol.be\/doseerpompen\/beinlich-visco-mini-pomp-t-b-v-micro-doseringen\/#primaryimage","url":"https:\/\/intercontrol.be\/wp-content\/uploads\/2022\/06\/beinlich.png","contentUrl":"https:\/\/intercontrol.be\/wp-content\/uploads\/2022\/06\/beinlich.png","width":1200,"height":1200},{"@type":"BreadcrumbList","@id":"https:\/\/intercontrol.be\/doseerpompen\/beinlich-visco-mini-pomp-t-b-v-micro-doseringen\/#breadcrumb","itemListElement":[{"@type":"ListItem","position":1,"name":"Home","item":"https:\/\/intercontrol.be\/frs\/"},{"@type":"ListItem","position":2,"name":"Catalogus","item":"https:\/\/intercontrol.be\/catalogus\/"},{"@type":"ListItem","position":3,"name":"Beinlich VISCO.mini pompe pour micro-dosage"}]},{"@type":"WebSite","@id":"https:\/\/intercontrol.be\/#website","url":"https:\/\/intercontrol.be\/","name":"Intercontrol Belgi\u00eb","description":"Alles onder controle!","potentialAction":[{"@type":"SearchAction","target":{"@type":"EntryPoint","urlTemplate":"https:\/\/intercontrol.be\/?s={search_term_string}"},"query-input":{"@type":"PropertyValueSpecification","valueRequired":true,"valueName":"search_term_string"}}],"inLanguage":"fr-FR"}]}},"_links":{"self":[{"href":"https:\/\/intercontrol.be\/frs\/wp-json\/wp\/v2\/product\/41270","targetHints":{"allow":["GET"]}}],"collection":[{"href":"https:\/\/intercontrol.be\/frs\/wp-json\/wp\/v2\/product"}],"about":[{"href":"https:\/\/intercontrol.be\/frs\/wp-json\/wp\/v2\/types\/product"}],"replies":[{"embeddable":true,"href":"https:\/\/intercontrol.be\/frs\/wp-json\/wp\/v2\/comments?post=41270"}],"wp:featuredmedia":[{"embeddable":true,"href":"https:\/\/intercontrol.be\/frs\/wp-json\/wp\/v2\/media\/18564"}],"wp:attachment":[{"href":"https:\/\/intercontrol.be\/frs\/wp-json\/wp\/v2\/media?parent=41270"}],"wp:term":[{"taxonomy":"product_brand","embeddable":true,"href":"https:\/\/intercontrol.be\/frs\/wp-json\/wp\/v2\/product_brand?post=41270"},{"taxonomy":"product_cat","embeddable":true,"href":"https:\/\/intercontrol.be\/frs\/wp-json\/wp\/v2\/product_cat?post=41270"},{"taxonomy":"product_tag","embeddable":true,"href":"https:\/\/intercontrol.be\/frs\/wp-json\/wp\/v2\/product_tag?post=41270"}],"curies":[{"name":"wp","href":"https:\/\/api.w.org\/{rel}","templated":true}]}}