{"id":9178,"date":"2016-07-23T16:45:39","date_gmt":"2016-07-23T16:45:39","guid":{"rendered":"http:\/\/inter.snv-ontwikkeling.nl\/frs\/?page_id=9178"},"modified":"2016-07-23T17:01:33","modified_gmt":"2016-07-23T17:01:33","slug":"mesure-debit-fiable-biogaz-possible","status":"publish","type":"page","link":"https:\/\/intercontrol.be\/frs\/mesure-debit-fiable-biogaz-possible\/","title":{"rendered":"Mesure de d\u00e9bit fiable de biogaz possible?"},"content":{"rendered":"<p>Le biogaz est un gaz humide et une mesure de d\u00e9bit fiable n\u2019est pas possible avec la plupart des compteurs de gaz. Ces compteurs ne sont pas pr\u00e9cis en raison de changements de la composition et du pourcentage d\u2019humidit\u00e9 dans le gaz.<!--more--><\/p>\n<h2>Nos nouveaux d\u00e9bitm\u00e8tres de biogaz sont insensibles \u00e0 l\u2019humidit\u00e9!<\/h2>\n<p>Kurz Instruments a r\u00e9solu ce probl\u00e8me avec les nouveaux d\u00e9bitm\u00e8tres de biogaz en utilisant une \u00ab barri\u00e8re thermique \u00bb dans le capteur.<\/p>\n<p>Cette barri\u00e8re est bas\u00e9e sur la soi-disant \u201ceffet Leidenfrost\u201c: un ph\u00e9nom\u00e8ne bien connu dans lequel les gouttelettes d\u2019eau semblent flotter au-dessus d\u2019une plaque surchauff\u00e9e gr\u00e2ce \u00e0 une couche de vapeur mince invisible entre la plaque et les gouttelettes.<br \/>\nLes nouveaux biogaz d\u00e9bitm\u00e8tres thermiques fonctionnent aussi bien dans le biogaz humide en raison du m\u00eame principe. Les capteurs dans ces d\u00e9bitm\u00e8tres sont chauff\u00e9s de sorte que l\u2019influence de la variation d\u2019humidit\u00e9 devient n\u00e9gligeable par une couche de vapeur similaire. Il est \u00e9vident que nos d\u00e9bitm\u00e8tre Kurz sont certifi\u00e9 ATEX.<\/p>\n<h2>Pourquoi mesurer le biogaz avec ce d\u00e9bitm\u00e8tre?<\/h2>\n<p>\u2022 Dans toutes les conditions, pr\u00e9cises et fiables<br \/>\n\u2022 Toujours fiable et r\u00e9sistant \u00e0 la contamination<br \/>\n\u2022 ATEX non incendiaire \/ antid\u00e9flagrant certifi\u00e9; pas de barri\u00e8res de s\u00e9curit\u00e9 n\u00e9cessaires<br \/>\n\u2022 Insensible aux \u00e9l\u00e9ments de corrosion<br \/>\n\u2022 Lecture massique; correction de la pression et de la temp\u00e9rature non requise<br \/>\n\u2022 Sans entretien<br \/>\n\u2022 Installation facile<br \/>\n\u2022 remplacement de d\u00e9bitm\u00e8tres existants tout simplement par adaptateurs<br \/>\n\u2022 3 ans de garantie<\/p>\n<h2>Voyez ici le fonctionnement des biogaz Kurz<\/h2>\n[youtube id=&#8221;mRGuzq74pEg?rel=0&#8243; width=&#8221;670&#8243; height=&#8221;377&#8243;]\n<h2>En savoir plus sur ce sujet?<\/h2>\n<ul>\n<li><a href=\"https:\/\/intercontrol.be\/frs\/le-torchage-controlee-biogaz-en-utilisant-un-debitmetre\/\">Le torchage contr\u00f4l\u00e9e de biogaz en utilisant un d\u00e9bitm\u00e8tre<\/a><\/li>\n<li>Nouveau d\u00e9bitm\u00e8tre thermique pour biogaz de Kurz<\/li>\n<\/ul>\n<h2>V\u00e9rifiez les sp\u00e9cifications de ces d\u00e9bitm\u00e8tres dans notre catalogue<\/h2>\n<ul>\n<li><a href=\"\/?p=8010\">Kurz 454FTB-GTF<\/a><\/li>\n<\/ul>\n<h2>Nous fournissons toujours des conseils ind\u00e9pendants<\/h2>\n<p>Notre gamme offre un large choix d&#8217;instruments de diff\u00e9rentes marques afin que nous puissions vous offrir le meilleur capteur pour presque toutes les applications. Donc sur mesure!<\/p>\n","protected":false},"excerpt":{"rendered":"<p>Le biogaz est un gaz humide et une mesure de d\u00e9bit fiable n\u2019est pas possible avec la plupart des compteurs de gaz. Ces compteurs ne sont pas pr\u00e9cis en raison de changements de la composition et du pourcentage d\u2019humidit\u00e9 dans le gaz.<\/p>\n","protected":false},"author":3,"featured_media":9179,"parent":0,"menu_order":0,"comment_status":"closed","ping_status":"closed","template":"","meta":{"_acf_changed":false,"_monsterinsights_skip_tracking":false,"_monsterinsights_sitenote_active":false,"_monsterinsights_sitenote_note":"","_monsterinsights_sitenote_category":0,"footnotes":""},"class_list":["post-9178","page","type-page","status-publish","has-post-thumbnail","hentry"],"acf":[],"yoast_head":"<!-- This site is optimized with the Yoast SEO plugin v27.5 - https:\/\/yoast.com\/product\/yoast-seo-wordpress\/ -->\n<title>Mesure de d\u00e9bit fiable de biogaz possible? - Intercontrol Belgi\u00eb<\/title>\n<meta name=\"description\" content=\"Mesurer le biogaz est difficiles pour les d\u00e9bitm\u00e8tres masse thermique traditionnels. Le d\u00e9bitm\u00e8tre WGF de Kurz offre une solution!\" \/>\n<meta name=\"robots\" content=\"index, follow, max-snippet:-1, max-image-preview:large, max-video-preview:-1\" \/>\n<link rel=\"canonical\" href=\"https:\/\/intercontrol.be\/frs\/mesure-debit-fiable-biogaz-possible\/\" \/>\n<meta property=\"og:locale\" content=\"fr_FR\" \/>\n<meta property=\"og:type\" content=\"article\" \/>\n<meta property=\"og:title\" content=\"Mesure de d\u00e9bit fiable de biogaz possible? - Intercontrol Belgi\u00eb\" \/>\n<meta property=\"og:description\" content=\"Mesurer le biogaz est difficiles pour les d\u00e9bitm\u00e8tres masse thermique traditionnels. Le d\u00e9bitm\u00e8tre WGF de Kurz offre une solution!\" \/>\n<meta property=\"og:url\" content=\"https:\/\/intercontrol.be\/frs\/mesure-debit-fiable-biogaz-possible\/\" \/>\n<meta property=\"og:site_name\" content=\"Intercontrol Belgi\u00eb\" \/>\n<meta property=\"article:modified_time\" content=\"2016-07-23T17:01:33+00:00\" \/>\n<meta property=\"og:image\" content=\"https:\/\/intercontrol.be\/wp-content\/uploads\/2016\/07\/Mesure-le-d\u00e9bit-de-biogaz-1-Intercontrol.jpg\" \/>\n\t<meta property=\"og:image:width\" content=\"2046\" \/>\n\t<meta property=\"og:image:height\" content=\"1362\" \/>\n\t<meta property=\"og:image:type\" content=\"image\/jpeg\" \/>\n<meta name=\"twitter:card\" content=\"summary_large_image\" \/>\n<meta name=\"twitter:label1\" content=\"Dur\u00e9e de lecture estim\u00e9e\" \/>\n\t<meta name=\"twitter:data1\" content=\"2 minutes\" \/>\n<script type=\"application\/ld+json\" class=\"yoast-schema-graph\">{\"@context\":\"https:\\\/\\\/schema.org\",\"@graph\":[{\"@type\":\"WebPage\",\"@id\":\"https:\\\/\\\/intercontrol.be\\\/frs\\\/mesure-debit-fiable-biogaz-possible\\\/\",\"url\":\"https:\\\/\\\/intercontrol.be\\\/frs\\\/mesure-debit-fiable-biogaz-possible\\\/\",\"name\":\"Mesure de d\u00e9bit fiable de biogaz possible? - Intercontrol Belgi\u00eb\",\"isPartOf\":{\"@id\":\"https:\\\/\\\/intercontrol.be\\\/#website\"},\"primaryImageOfPage\":{\"@id\":\"https:\\\/\\\/intercontrol.be\\\/frs\\\/mesure-debit-fiable-biogaz-possible\\\/#primaryimage\"},\"image\":{\"@id\":\"https:\\\/\\\/intercontrol.be\\\/frs\\\/mesure-debit-fiable-biogaz-possible\\\/#primaryimage\"},\"thumbnailUrl\":\"https:\\\/\\\/intercontrol.be\\\/wp-content\\\/uploads\\\/2016\\\/07\\\/Mesure-le-d\u00e9bit-de-biogaz-1-Intercontrol.jpg\",\"datePublished\":\"2016-07-23T16:45:39+00:00\",\"dateModified\":\"2016-07-23T17:01:33+00:00\",\"description\":\"Mesurer le biogaz est difficiles pour les d\u00e9bitm\u00e8tres masse thermique traditionnels. Le d\u00e9bitm\u00e8tre WGF de Kurz offre une solution!\",\"breadcrumb\":{\"@id\":\"https:\\\/\\\/intercontrol.be\\\/frs\\\/mesure-debit-fiable-biogaz-possible\\\/#breadcrumb\"},\"inLanguage\":\"fr-FR\",\"potentialAction\":[{\"@type\":\"ReadAction\",\"target\":[\"https:\\\/\\\/intercontrol.be\\\/frs\\\/mesure-debit-fiable-biogaz-possible\\\/\"]}]},{\"@type\":\"ImageObject\",\"inLanguage\":\"fr-FR\",\"@id\":\"https:\\\/\\\/intercontrol.be\\\/frs\\\/mesure-debit-fiable-biogaz-possible\\\/#primaryimage\",\"url\":\"https:\\\/\\\/intercontrol.be\\\/wp-content\\\/uploads\\\/2016\\\/07\\\/Mesure-le-d\u00e9bit-de-biogaz-1-Intercontrol.jpg\",\"contentUrl\":\"https:\\\/\\\/intercontrol.be\\\/wp-content\\\/uploads\\\/2016\\\/07\\\/Mesure-le-d\u00e9bit-de-biogaz-1-Intercontrol.jpg\",\"width\":2046,\"height\":1362,\"caption\":\"Mesure le d\u00e9bit de biogaz 1 Intercontrol\"},{\"@type\":\"BreadcrumbList\",\"@id\":\"https:\\\/\\\/intercontrol.be\\\/frs\\\/mesure-debit-fiable-biogaz-possible\\\/#breadcrumb\",\"itemListElement\":[{\"@type\":\"ListItem\",\"position\":1,\"name\":\"Home\",\"item\":\"https:\\\/\\\/intercontrol.be\\\/frs\\\/\"},{\"@type\":\"ListItem\",\"position\":2,\"name\":\"Mesure de d\u00e9bit fiable de biogaz possible?\"}]},{\"@type\":\"WebSite\",\"@id\":\"https:\\\/\\\/intercontrol.be\\\/#website\",\"url\":\"https:\\\/\\\/intercontrol.be\\\/\",\"name\":\"Intercontrol Belgi\u00eb\",\"description\":\"Alles onder controle!\",\"potentialAction\":[{\"@type\":\"SearchAction\",\"target\":{\"@type\":\"EntryPoint\",\"urlTemplate\":\"https:\\\/\\\/intercontrol.be\\\/?s={search_term_string}\"},\"query-input\":{\"@type\":\"PropertyValueSpecification\",\"valueRequired\":true,\"valueName\":\"search_term_string\"}}],\"inLanguage\":\"fr-FR\"}]}<\/script>\n<!-- \/ Yoast SEO plugin. -->","yoast_head_json":{"title":"Mesure de d\u00e9bit fiable de biogaz possible? - Intercontrol Belgi\u00eb","description":"Mesurer le biogaz est difficiles pour les d\u00e9bitm\u00e8tres masse thermique traditionnels. Le d\u00e9bitm\u00e8tre WGF de Kurz offre une solution!","robots":{"index":"index","follow":"follow","max-snippet":"max-snippet:-1","max-image-preview":"max-image-preview:large","max-video-preview":"max-video-preview:-1"},"canonical":"https:\/\/intercontrol.be\/frs\/mesure-debit-fiable-biogaz-possible\/","og_locale":"fr_FR","og_type":"article","og_title":"Mesure de d\u00e9bit fiable de biogaz possible? - Intercontrol Belgi\u00eb","og_description":"Mesurer le biogaz est difficiles pour les d\u00e9bitm\u00e8tres masse thermique traditionnels. Le d\u00e9bitm\u00e8tre WGF de Kurz offre une solution!","og_url":"https:\/\/intercontrol.be\/frs\/mesure-debit-fiable-biogaz-possible\/","og_site_name":"Intercontrol Belgi\u00eb","article_modified_time":"2016-07-23T17:01:33+00:00","og_image":[{"width":2046,"height":1362,"url":"https:\/\/intercontrol.be\/wp-content\/uploads\/2016\/07\/Mesure-le-d\u00e9bit-de-biogaz-1-Intercontrol.jpg","type":"image\/jpeg"}],"twitter_card":"summary_large_image","twitter_misc":{"Dur\u00e9e de lecture estim\u00e9e":"2 minutes"},"schema":{"@context":"https:\/\/schema.org","@graph":[{"@type":"WebPage","@id":"https:\/\/intercontrol.be\/frs\/mesure-debit-fiable-biogaz-possible\/","url":"https:\/\/intercontrol.be\/frs\/mesure-debit-fiable-biogaz-possible\/","name":"Mesure de d\u00e9bit fiable de biogaz possible? - Intercontrol Belgi\u00eb","isPartOf":{"@id":"https:\/\/intercontrol.be\/#website"},"primaryImageOfPage":{"@id":"https:\/\/intercontrol.be\/frs\/mesure-debit-fiable-biogaz-possible\/#primaryimage"},"image":{"@id":"https:\/\/intercontrol.be\/frs\/mesure-debit-fiable-biogaz-possible\/#primaryimage"},"thumbnailUrl":"https:\/\/intercontrol.be\/wp-content\/uploads\/2016\/07\/Mesure-le-d\u00e9bit-de-biogaz-1-Intercontrol.jpg","datePublished":"2016-07-23T16:45:39+00:00","dateModified":"2016-07-23T17:01:33+00:00","description":"Mesurer le biogaz est difficiles pour les d\u00e9bitm\u00e8tres masse thermique traditionnels. Le d\u00e9bitm\u00e8tre WGF de Kurz offre une solution!","breadcrumb":{"@id":"https:\/\/intercontrol.be\/frs\/mesure-debit-fiable-biogaz-possible\/#breadcrumb"},"inLanguage":"fr-FR","potentialAction":[{"@type":"ReadAction","target":["https:\/\/intercontrol.be\/frs\/mesure-debit-fiable-biogaz-possible\/"]}]},{"@type":"ImageObject","inLanguage":"fr-FR","@id":"https:\/\/intercontrol.be\/frs\/mesure-debit-fiable-biogaz-possible\/#primaryimage","url":"https:\/\/intercontrol.be\/wp-content\/uploads\/2016\/07\/Mesure-le-d\u00e9bit-de-biogaz-1-Intercontrol.jpg","contentUrl":"https:\/\/intercontrol.be\/wp-content\/uploads\/2016\/07\/Mesure-le-d\u00e9bit-de-biogaz-1-Intercontrol.jpg","width":2046,"height":1362,"caption":"Mesure le d\u00e9bit de biogaz 1 Intercontrol"},{"@type":"BreadcrumbList","@id":"https:\/\/intercontrol.be\/frs\/mesure-debit-fiable-biogaz-possible\/#breadcrumb","itemListElement":[{"@type":"ListItem","position":1,"name":"Home","item":"https:\/\/intercontrol.be\/frs\/"},{"@type":"ListItem","position":2,"name":"Mesure de d\u00e9bit fiable de biogaz possible?"}]},{"@type":"WebSite","@id":"https:\/\/intercontrol.be\/#website","url":"https:\/\/intercontrol.be\/","name":"Intercontrol Belgi\u00eb","description":"Alles onder controle!","potentialAction":[{"@type":"SearchAction","target":{"@type":"EntryPoint","urlTemplate":"https:\/\/intercontrol.be\/?s={search_term_string}"},"query-input":{"@type":"PropertyValueSpecification","valueRequired":true,"valueName":"search_term_string"}}],"inLanguage":"fr-FR"}]}},"_links":{"self":[{"href":"https:\/\/intercontrol.be\/frs\/wp-json\/wp\/v2\/pages\/9178","targetHints":{"allow":["GET"]}}],"collection":[{"href":"https:\/\/intercontrol.be\/frs\/wp-json\/wp\/v2\/pages"}],"about":[{"href":"https:\/\/intercontrol.be\/frs\/wp-json\/wp\/v2\/types\/page"}],"author":[{"embeddable":true,"href":"https:\/\/intercontrol.be\/frs\/wp-json\/wp\/v2\/users\/3"}],"replies":[{"embeddable":true,"href":"https:\/\/intercontrol.be\/frs\/wp-json\/wp\/v2\/comments?post=9178"}],"version-history":[{"count":8,"href":"https:\/\/intercontrol.be\/frs\/wp-json\/wp\/v2\/pages\/9178\/revisions"}],"predecessor-version":[{"id":9190,"href":"https:\/\/intercontrol.be\/frs\/wp-json\/wp\/v2\/pages\/9178\/revisions\/9190"}],"wp:featuredmedia":[{"embeddable":true,"href":"https:\/\/intercontrol.be\/frs\/wp-json\/wp\/v2\/media\/9179"}],"wp:attachment":[{"href":"https:\/\/intercontrol.be\/frs\/wp-json\/wp\/v2\/media?parent=9178"}],"curies":[{"name":"wp","href":"https:\/\/api.w.org\/{rel}","templated":true}]}}