{"id":8563,"date":"2016-03-15T13:27:43","date_gmt":"2016-03-15T13:27:43","guid":{"rendered":"http:\/\/inter.snv-ontwikkeling.nl\/frs\/?page_id=8563"},"modified":"2021-04-09T14:46:19","modified_gmt":"2021-04-09T14:46:19","slug":"controler-le-debit-fiable-avec-meister","status":"publish","type":"page","link":"https:\/\/intercontrol.be\/frs\/controler-le-debit-fiable-avec-meister\/","title":{"rendered":"Contr\u00f4ler le d\u00e9bit fiable avec Meister"},"content":{"rendered":"<section class=\"l-section wpb_row height_auto\"><div class=\"l-section-h i-cf\"><div class=\"g-cols vc_row via_flex valign_top type_default stacking_default\"><div class=\"vc_col-sm-12 wpb_column vc_column_container\"><div class=\"vc_column-inner\"><div class=\"wpb_wrapper\"><\/div><\/div><\/div><\/div><\/div><\/section><section class=\"l-section wpb_row openingsfoto height_large color_primary with_img parallax_fixed with_shape\"><div class=\"l-section-img lazyload\" data-img-width=\"1098\" data-img-height=\"715\" style=\"background-image:inherit;\" data-bg-image=\"url(https:\/\/intercontrol.be\/wp-content\/uploads\/2014\/09\/flowbewaking-Meister.jpg)\"><\/div><div class=\"l-section-overlay\" style=\"background:rgba(6,56,119,0.57)\"><\/div><div class=\"l-section-shape type_triangle pos_bottom\" style=\"height:5vh;\"><svg xmlns=\"http:\/\/www.w3.org\/2000\/svg\" viewBox=\"0 0 64 8\" preserveAspectRatio=\"none\" width=\"100%\" height=\"100%\">\r\n\t<path fill=\"currentColor\" d=\"M64 8 L0 8 L0 0 L32 7.9 L64 0 Z\"\/>\r\n<\/svg><\/div><div class=\"l-section-h i-cf\"><div class=\"g-cols vc_row via_flex valign_middle type_default stacking_default\"><div class=\"vc_col-sm-12 wpb_column vc_column_container\"><div class=\"vc_column-inner\"><div class=\"wpb_wrapper\"><h1 class=\"w-post-elm post_title align_center entry-title color_link_inherit\">Contr\u00f4ler le d\u00e9bit fiable avec Meister<\/h1><div class=\"g-cols wpb_row via_flex valign_top type_default stacking_default\"><div class=\"vc_col-sm-2 wpb_column vc_column_container\"><div class=\"vc_column-inner\"><div class=\"wpb_wrapper\"><\/div><\/div><\/div><div class=\"vc_col-sm-8 wpb_column vc_column_container\"><div class=\"vc_column-inner\"><div class=\"wpb_wrapper\"><div class=\"w-image align_center\"><div class=\"w-image-h\"><img decoding=\"async\" width=\"50\" height=\"10\" data-src=\"https:\/\/intercontrol.be\/wp-content\/uploads\/2021\/04\/intercontrol-dividerwit.png\" class=\"attachment-large size-large lazyload\" alt=\"\" src=\"data:image\/svg+xml;base64,PHN2ZyB3aWR0aD0iMSIgaGVpZ2h0PSIxIiB4bWxucz0iaHR0cDovL3d3dy53My5vcmcvMjAwMC9zdmciPjwvc3ZnPg==\" style=\"--smush-placeholder-width: 50px; --smush-placeholder-aspect-ratio: 50\/10;\" \/><\/div><\/div><div class=\"wpb_text_column\"><div class=\"wpb_wrapper\"><h4 style=\"text-align: center;\">Fluides, lubrifiants ou gaz \u2013 Vous devez surveiller en permanence les d\u00e9bits dans vos syst\u00e8mes. La solution doit \u00e9videmment \u00eatre abordable, mais le processus lui-m\u00eame ne doit jamais transiger sur la qualit\u00e9.<\/h4>\n<\/div><\/div><\/div><\/div><\/div><div class=\"vc_col-sm-2 wpb_column vc_column_container\"><div class=\"vc_column-inner\"><div class=\"wpb_wrapper\"><\/div><\/div><\/div><\/div><\/div><\/div><\/div><\/div><\/div><\/section><section class=\"l-section wpb_row height_large\"><div class=\"l-section-h i-cf\"><div class=\"g-cols vc_row via_flex valign_top type_default stacking_default\"><div class=\"vc_col-sm-12 wpb_column vc_column_container\"><div class=\"vc_column-inner\"><div class=\"wpb_wrapper\"><div class=\"wpb_text_column\"><div class=\"wpb_wrapper\"><p>Nous nous sp\u00e9cialisons dans des capteurs de d\u00e9bit &#8211; et pr\u00e9cis\u00e9ment pour cette fin, nous recommandons nos instruments Meister. Ces solides indicateurs et contr\u00f4leurs de d\u00e9bit peuvent rapidement et facilement \u00eatre int\u00e9gr\u00e9es dans toute installation.<\/p>\n<h2>Pourquoi contr\u00f4ler le d\u00e9bit avec Meister?<\/h2>\n<ul>\n<li>Toujours fiable; dans toutes les conditions<\/li>\n<li>rapidement installable<\/li>\n<li>construction compacte<\/li>\n<li>adapt\u00e9 pour les liquides \u00e0 faible ou haute viscosit\u00e9<\/li>\n<li>r\u00e9sistant \u00e0 des pressions \u00e9lev\u00e9es<\/li>\n<li>avec compensation de viscosit\u00e9<\/li>\n<\/ul>\n<h2>Quelques-uns de nos clients satisfaits<\/h2>\n<p><img decoding=\"async\" class=\"alignnone size-full wp-image-8564 lazyload\" data-src=\"http:\/\/inter.snv-ontwikkeling.nl\/wp-content\/uploads\/2016\/03\/Intercontrol-Quelques-uns-de-nos-clients-satisfaits-Meister.jpg\" alt=\"Intercontrol - Quelques-uns de nos clients satisfaits - Meister\" width=\"985\" height=\"357\" data-srcset=\"https:\/\/intercontrol.be\/wp-content\/uploads\/2016\/03\/Intercontrol-Quelques-uns-de-nos-clients-satisfaits-Meister.jpg 985w, https:\/\/intercontrol.be\/wp-content\/uploads\/2016\/03\/Intercontrol-Quelques-uns-de-nos-clients-satisfaits-Meister-600x217.jpg 600w\" data-sizes=\"(max-width: 985px) 100vw, 985px\" src=\"data:image\/svg+xml;base64,PHN2ZyB3aWR0aD0iMSIgaGVpZ2h0PSIxIiB4bWxucz0iaHR0cDovL3d3dy53My5vcmcvMjAwMC9zdmciPjwvc3ZnPg==\" style=\"--smush-placeholder-width: 985px; --smush-placeholder-aspect-ratio: 985\/357;\" \/><\/p>\n<h2>En savoir plus sur ce sujet?<\/h2>\n<p>\u2022 D\u00e9bitm\u00e8tre prot\u00e8ge le circuit de refroidissement<br \/>\n\u2022 Contr\u00f4leur de d\u00e9bit d\u2019air s\u00e9curise la production Oc\u00e9<br \/>\n\u2022 D\u00e9bitm\u00e8tre r\u00e8gle l&#8217;huile dans les r\u00e9ducteur<\/p>\n<h2>V\u00e9rifiez les sp\u00e9cifications de nos instruments Meister<\/h2>\n<p>\u2022 L&#8217;eau du d\u00e9bitm\u00e8tre Meister<br \/>\n\u2022 L&#8217;huile de moniteur de flux Meister<\/p>\n<h2>Vous voulez en savoir plus sur ces d\u00e9bitm\u00e8tres?<\/h2>\n<p>Prenez contact avec nous en utilisant le formulaire \u00e0 c\u00f4t\u00e9 de cet article ou appelez-nous.<\/p>\n<\/div><\/div><\/div><\/div><\/div><\/div><\/div><\/section>\n","protected":false},"excerpt":{"rendered":"Contr\u00f4ler le d\u00e9bit fiable avec MeisterFluides, lubrifiants ou gaz \u2013 Vous devez surveiller en permanence les d\u00e9bits dans vos syst\u00e8mes. La solution doit \u00e9videmment \u00eatre abordable, mais le processus lui-m\u00eame ne doit jamais transiger sur la qualit\u00e9. Nous nous sp\u00e9cialisons dans des capteurs de d\u00e9bit &#8211; et pr\u00e9cis\u00e9ment pour cette fin, nous recommandons nos instruments...","protected":false},"author":3,"featured_media":12640,"parent":0,"menu_order":0,"comment_status":"closed","ping_status":"closed","template":"","meta":{"_acf_changed":false,"_monsterinsights_skip_tracking":false,"_monsterinsights_sitenote_active":false,"_monsterinsights_sitenote_note":"","_monsterinsights_sitenote_category":0,"footnotes":""},"class_list":["post-8563","page","type-page","status-publish","has-post-thumbnail","hentry"],"acf":[],"yoast_head":"<!-- This site is optimized with the Yoast SEO plugin v27.4 - https:\/\/yoast.com\/product\/yoast-seo-wordpress\/ -->\n<title>Contr\u00f4ler le d\u00e9bit fiable avec Meister - Intercontrol Belgi\u00eb<\/title>\n<meta name=\"description\" content=\"Le contr\u00f4le de d\u00e9bit fiable des liquides, des lubrifiants et des gaz - Avec Meister, vous pouvez surveiller en permanence les d\u00e9bit dans votre usine.\" \/>\n<meta name=\"robots\" content=\"index, follow, max-snippet:-1, max-image-preview:large, max-video-preview:-1\" \/>\n<link rel=\"canonical\" href=\"https:\/\/intercontrol.be\/frs\/controler-le-debit-fiable-avec-meister\/\" \/>\n<meta property=\"og:locale\" content=\"fr_FR\" \/>\n<meta property=\"og:type\" content=\"article\" \/>\n<meta property=\"og:title\" content=\"Contr\u00f4ler le d\u00e9bit fiable avec Meister - Intercontrol Belgi\u00eb\" \/>\n<meta property=\"og:description\" content=\"Le contr\u00f4le de d\u00e9bit fiable des liquides, des lubrifiants et des gaz - Avec Meister, vous pouvez surveiller en permanence les d\u00e9bit dans votre usine.\" \/>\n<meta property=\"og:url\" content=\"https:\/\/intercontrol.be\/frs\/controler-le-debit-fiable-avec-meister\/\" \/>\n<meta property=\"og:site_name\" content=\"Intercontrol Belgi\u00eb\" \/>\n<meta property=\"article:modified_time\" content=\"2021-04-09T14:46:19+00:00\" \/>\n<meta property=\"og:image\" content=\"https:\/\/intercontrol.be\/wp-content\/uploads\/2014\/09\/flowbewaking-Meister.jpg\" \/>\n\t<meta property=\"og:image:width\" content=\"1098\" \/>\n\t<meta property=\"og:image:height\" content=\"715\" \/>\n\t<meta property=\"og:image:type\" content=\"image\/jpeg\" \/>\n<meta name=\"twitter:card\" content=\"summary_large_image\" \/>\n<meta name=\"twitter:label1\" content=\"Dur\u00e9e de lecture estim\u00e9e\" \/>\n\t<meta name=\"twitter:data1\" content=\"2 minutes\" \/>\n<script type=\"application\/ld+json\" class=\"yoast-schema-graph\">{\"@context\":\"https:\\\/\\\/schema.org\",\"@graph\":[{\"@type\":\"WebPage\",\"@id\":\"https:\\\/\\\/intercontrol.be\\\/frs\\\/controler-le-debit-fiable-avec-meister\\\/\",\"url\":\"https:\\\/\\\/intercontrol.be\\\/frs\\\/controler-le-debit-fiable-avec-meister\\\/\",\"name\":\"Contr\u00f4ler le d\u00e9bit fiable avec Meister - Intercontrol Belgi\u00eb\",\"isPartOf\":{\"@id\":\"https:\\\/\\\/intercontrol.be\\\/#website\"},\"primaryImageOfPage\":{\"@id\":\"https:\\\/\\\/intercontrol.be\\\/frs\\\/controler-le-debit-fiable-avec-meister\\\/#primaryimage\"},\"image\":{\"@id\":\"https:\\\/\\\/intercontrol.be\\\/frs\\\/controler-le-debit-fiable-avec-meister\\\/#primaryimage\"},\"thumbnailUrl\":\"https:\\\/\\\/intercontrol.be\\\/wp-content\\\/uploads\\\/2014\\\/09\\\/flowbewaking-Meister.jpg\",\"datePublished\":\"2016-03-15T13:27:43+00:00\",\"dateModified\":\"2021-04-09T14:46:19+00:00\",\"description\":\"Le contr\u00f4le de d\u00e9bit fiable des liquides, des lubrifiants et des gaz - Avec Meister, vous pouvez surveiller en permanence les d\u00e9bit dans votre usine.\",\"breadcrumb\":{\"@id\":\"https:\\\/\\\/intercontrol.be\\\/frs\\\/controler-le-debit-fiable-avec-meister\\\/#breadcrumb\"},\"inLanguage\":\"fr-FR\",\"potentialAction\":[{\"@type\":\"ReadAction\",\"target\":[\"https:\\\/\\\/intercontrol.be\\\/frs\\\/controler-le-debit-fiable-avec-meister\\\/\"]}]},{\"@type\":\"ImageObject\",\"inLanguage\":\"fr-FR\",\"@id\":\"https:\\\/\\\/intercontrol.be\\\/frs\\\/controler-le-debit-fiable-avec-meister\\\/#primaryimage\",\"url\":\"https:\\\/\\\/intercontrol.be\\\/wp-content\\\/uploads\\\/2014\\\/09\\\/flowbewaking-Meister.jpg\",\"contentUrl\":\"https:\\\/\\\/intercontrol.be\\\/wp-content\\\/uploads\\\/2014\\\/09\\\/flowbewaking-Meister.jpg\",\"width\":1098,\"height\":715},{\"@type\":\"BreadcrumbList\",\"@id\":\"https:\\\/\\\/intercontrol.be\\\/frs\\\/controler-le-debit-fiable-avec-meister\\\/#breadcrumb\",\"itemListElement\":[{\"@type\":\"ListItem\",\"position\":1,\"name\":\"Home\",\"item\":\"https:\\\/\\\/intercontrol.be\\\/frs\\\/\"},{\"@type\":\"ListItem\",\"position\":2,\"name\":\"Contr\u00f4ler le d\u00e9bit fiable avec Meister\"}]},{\"@type\":\"WebSite\",\"@id\":\"https:\\\/\\\/intercontrol.be\\\/#website\",\"url\":\"https:\\\/\\\/intercontrol.be\\\/\",\"name\":\"Intercontrol Belgi\u00eb\",\"description\":\"Alles onder controle!\",\"potentialAction\":[{\"@type\":\"SearchAction\",\"target\":{\"@type\":\"EntryPoint\",\"urlTemplate\":\"https:\\\/\\\/intercontrol.be\\\/?s={search_term_string}\"},\"query-input\":{\"@type\":\"PropertyValueSpecification\",\"valueRequired\":true,\"valueName\":\"search_term_string\"}}],\"inLanguage\":\"fr-FR\"}]}<\/script>\n<!-- \/ Yoast SEO plugin. -->","yoast_head_json":{"title":"Contr\u00f4ler le d\u00e9bit fiable avec Meister - Intercontrol Belgi\u00eb","description":"Le contr\u00f4le de d\u00e9bit fiable des liquides, des lubrifiants et des gaz - Avec Meister, vous pouvez surveiller en permanence les d\u00e9bit dans votre usine.","robots":{"index":"index","follow":"follow","max-snippet":"max-snippet:-1","max-image-preview":"max-image-preview:large","max-video-preview":"max-video-preview:-1"},"canonical":"https:\/\/intercontrol.be\/frs\/controler-le-debit-fiable-avec-meister\/","og_locale":"fr_FR","og_type":"article","og_title":"Contr\u00f4ler le d\u00e9bit fiable avec Meister - Intercontrol Belgi\u00eb","og_description":"Le contr\u00f4le de d\u00e9bit fiable des liquides, des lubrifiants et des gaz - Avec Meister, vous pouvez surveiller en permanence les d\u00e9bit dans votre usine.","og_url":"https:\/\/intercontrol.be\/frs\/controler-le-debit-fiable-avec-meister\/","og_site_name":"Intercontrol Belgi\u00eb","article_modified_time":"2021-04-09T14:46:19+00:00","og_image":[{"width":1098,"height":715,"url":"https:\/\/intercontrol.be\/wp-content\/uploads\/2014\/09\/flowbewaking-Meister.jpg","type":"image\/jpeg"}],"twitter_card":"summary_large_image","twitter_misc":{"Dur\u00e9e de lecture estim\u00e9e":"2 minutes"},"schema":{"@context":"https:\/\/schema.org","@graph":[{"@type":"WebPage","@id":"https:\/\/intercontrol.be\/frs\/controler-le-debit-fiable-avec-meister\/","url":"https:\/\/intercontrol.be\/frs\/controler-le-debit-fiable-avec-meister\/","name":"Contr\u00f4ler le d\u00e9bit fiable avec Meister - Intercontrol Belgi\u00eb","isPartOf":{"@id":"https:\/\/intercontrol.be\/#website"},"primaryImageOfPage":{"@id":"https:\/\/intercontrol.be\/frs\/controler-le-debit-fiable-avec-meister\/#primaryimage"},"image":{"@id":"https:\/\/intercontrol.be\/frs\/controler-le-debit-fiable-avec-meister\/#primaryimage"},"thumbnailUrl":"https:\/\/intercontrol.be\/wp-content\/uploads\/2014\/09\/flowbewaking-Meister.jpg","datePublished":"2016-03-15T13:27:43+00:00","dateModified":"2021-04-09T14:46:19+00:00","description":"Le contr\u00f4le de d\u00e9bit fiable des liquides, des lubrifiants et des gaz - Avec Meister, vous pouvez surveiller en permanence les d\u00e9bit dans votre usine.","breadcrumb":{"@id":"https:\/\/intercontrol.be\/frs\/controler-le-debit-fiable-avec-meister\/#breadcrumb"},"inLanguage":"fr-FR","potentialAction":[{"@type":"ReadAction","target":["https:\/\/intercontrol.be\/frs\/controler-le-debit-fiable-avec-meister\/"]}]},{"@type":"ImageObject","inLanguage":"fr-FR","@id":"https:\/\/intercontrol.be\/frs\/controler-le-debit-fiable-avec-meister\/#primaryimage","url":"https:\/\/intercontrol.be\/wp-content\/uploads\/2014\/09\/flowbewaking-Meister.jpg","contentUrl":"https:\/\/intercontrol.be\/wp-content\/uploads\/2014\/09\/flowbewaking-Meister.jpg","width":1098,"height":715},{"@type":"BreadcrumbList","@id":"https:\/\/intercontrol.be\/frs\/controler-le-debit-fiable-avec-meister\/#breadcrumb","itemListElement":[{"@type":"ListItem","position":1,"name":"Home","item":"https:\/\/intercontrol.be\/frs\/"},{"@type":"ListItem","position":2,"name":"Contr\u00f4ler le d\u00e9bit fiable avec Meister"}]},{"@type":"WebSite","@id":"https:\/\/intercontrol.be\/#website","url":"https:\/\/intercontrol.be\/","name":"Intercontrol Belgi\u00eb","description":"Alles onder controle!","potentialAction":[{"@type":"SearchAction","target":{"@type":"EntryPoint","urlTemplate":"https:\/\/intercontrol.be\/?s={search_term_string}"},"query-input":{"@type":"PropertyValueSpecification","valueRequired":true,"valueName":"search_term_string"}}],"inLanguage":"fr-FR"}]}},"_links":{"self":[{"href":"https:\/\/intercontrol.be\/frs\/wp-json\/wp\/v2\/pages\/8563","targetHints":{"allow":["GET"]}}],"collection":[{"href":"https:\/\/intercontrol.be\/frs\/wp-json\/wp\/v2\/pages"}],"about":[{"href":"https:\/\/intercontrol.be\/frs\/wp-json\/wp\/v2\/types\/page"}],"author":[{"embeddable":true,"href":"https:\/\/intercontrol.be\/frs\/wp-json\/wp\/v2\/users\/3"}],"replies":[{"embeddable":true,"href":"https:\/\/intercontrol.be\/frs\/wp-json\/wp\/v2\/comments?post=8563"}],"version-history":[{"count":2,"href":"https:\/\/intercontrol.be\/frs\/wp-json\/wp\/v2\/pages\/8563\/revisions"}],"predecessor-version":[{"id":12639,"href":"https:\/\/intercontrol.be\/frs\/wp-json\/wp\/v2\/pages\/8563\/revisions\/12639"}],"wp:featuredmedia":[{"embeddable":true,"href":"https:\/\/intercontrol.be\/frs\/wp-json\/wp\/v2\/media\/12640"}],"wp:attachment":[{"href":"https:\/\/intercontrol.be\/frs\/wp-json\/wp\/v2\/media?parent=8563"}],"curies":[{"name":"wp","href":"https:\/\/api.w.org\/{rel}","templated":true}]}}