{"id":8045,"date":"2015-12-17T19:08:33","date_gmt":"2015-12-17T19:08:33","guid":{"rendered":"http:\/\/inter.snv-ontwikkeling.nl\/frs\/?page_id=8045"},"modified":"2016-01-09T17:33:36","modified_gmt":"2016-01-09T17:33:36","slug":"transmetteur-de-niveau-a-laser-lti","status":"publish","type":"page","link":"https:\/\/intercontrol.be\/frs\/transmetteur-de-niveau-a-laser-lti\/","title":{"rendered":"Transmetteur de niveau \u00e0 laser LTI"},"content":{"rendered":"<p>Le LTI d\u2019Intercontrol est un transmetteur de niveau \u00e0 laser qui a \u00e9t\u00e9 d\u00e9velopp\u00e9 par nous-m\u00eames. Ce transmetteur de niveau peut mesurer le contenu de chaque silo ou citerne de stockage sans avoir contact avec le mat\u00e9riel ou le fluide.<!--more--><\/p>\n<p>Gr\u00e2ce \u00e0 la technologie \u00e9minente, son rayon laser \u00e9troite caract\u00e9ristique et son faible divergence, le LTI peut directement d\u00e9terminer le niveau de la surface.<\/p>\n<p>Le transmetteur de niveau \u00e0 laser ne subit pas d&#8217;interf\u00e9rence par l&#8217;int\u00e9rieur de l&#8217;espace de stockage. En outre, il est insensible \u00e0 la bizarrerie de la surface ou de la valeur di\u00e9lectrique du mat\u00e9riau.<\/p>\n<h2><img decoding=\"async\" class=\"alignnone size-medium wp-image-8050 lazyload\" data-src=\"http:\/\/inter.snv-ontwikkeling.nl\/wp-content\/uploads\/2015\/12\/Intercontrol-Transmetteur-de-niveau----laser-LTI-213x300.png\" alt=\"Intercontrol - Transmetteur de niveau \u00e0 laser LTI\" width=\"213\" height=\"300\" src=\"data:image\/svg+xml;base64,PHN2ZyB3aWR0aD0iMSIgaGVpZ2h0PSIxIiB4bWxucz0iaHR0cDovL3d3dy53My5vcmcvMjAwMC9zdmciPjwvc3ZnPg==\" style=\"--smush-placeholder-width: 213px; --smush-placeholder-aspect-ratio: 213\/300;\" \/><\/h2>\n<h2>Caract\u00e9ristiques du transmetteur de niveau \u00e0 laser LTI<\/h2>\n<ul>\n<li>Mesurer tous les niveaux verticaux; jusqu&#8217;\u00e0 la partie inf\u00e9rieure des silos les plus longues<\/li>\n<li>Un rayon laser hi-tec avec une faible divergence<\/li>\n<li>Facilement \u00e0 configurer et ajuster sur site<\/li>\n<li>Peut \u00eatre configur\u00e9 sans vider silo pour vider<\/li>\n<li>Sont \u00e9quipez avec un purge d&#8217;air pour garder les lentilles automatiquement libre de poussi\u00e8re<\/li>\n<\/ul>\n<h2>Lisez nos projets ou notre sonde de mesure de niveau \u00e0 laser LTI est appliqu\u00e9e avec succ\u00e8s<\/h2>\n<ul>\n<li>Mesure de niveau \u00e0 laser dans des silos Allemands<\/li>\n<li>Mesurer pr\u00e9cise des granul\u00e9s; jusqu\u2019au fond!<\/li>\n<li>Les silos hauts chez Katoennatie<\/li>\n<\/ul>\n<p><a ref=\"magnificPopup\" href=\"http:\/\/inter.snv-ontwikkeling.nl\/wp-content\/uploads\/2015\/12\/transmetteur-de-niveau----laser-LTI1.jpg\"><img decoding=\"async\" class=\"alignnone size-large wp-image-8055 lazyload\" data-src=\"http:\/\/inter.snv-ontwikkeling.nl\/wp-content\/uploads\/2015\/12\/transmetteur-de-niveau----laser-LTI1-1024x330.jpg\" alt=\"transmetteur de niveau \u00e0 laser LTI\" width=\"1024\" height=\"330\" src=\"data:image\/svg+xml;base64,PHN2ZyB3aWR0aD0iMSIgaGVpZ2h0PSIxIiB4bWxucz0iaHR0cDovL3d3dy53My5vcmcvMjAwMC9zdmciPjwvc3ZnPg==\" style=\"--smush-placeholder-width: 1024px; --smush-placeholder-aspect-ratio: 1024\/330;\" \/><\/a><\/p>\n<h2>Mesure simple les bizarreries de la surface du produit<\/h2>\n<ul>\n<li>Id\u00e9al pour les granul\u00e9s, solides en vrac sec, poudres et liquides opaques.<\/li>\n<li>Mesure de la surface de tous les angles<\/li>\n<li>Mesurer le niveau &#8216;sans contact&#8217; \u00e0 travers les obstacles (comme des grilles de protection)<\/li>\n<\/ul>\n<h2>Vous voulez plus de d\u00e9tails techniques?<\/h2>\n<ul>\n<li><a href=\"http:\/\/inter.snv-ontwikkeling.nl\/wp-content\/uploads\/2016\/01\/Intercontrol-LTI-----Capteur-de-mesure-de-niveau----laser-----fiche-technique-Fr.pdf\">Intercontrol LTI \u2013 Capteur de mesure de niveau \u00e0 laser \u2013 fiche technique (Fr)<\/a><\/li>\n<li><a href=\"\/?p=8183\">Sp\u00e9cifications | Consultez la sonde de mesure de niveau \u00e0 laser dans notre catalogue de produits<\/a><\/li>\n<\/ul>\n<h2>Vous voulez en savoir plus sur notre transmetteur de niveau laser?<\/h2>\n<p>Appelez-nous ou contactez-nous en utilisant le formulaire; nous aimerions vous expliquer quelles sont les possibilit\u00e9s.<\/p>\n","protected":false},"excerpt":{"rendered":"<p>Le LTI d\u2019Intercontrol est un transmetteur de niveau \u00e0 laser qui a \u00e9t\u00e9 d\u00e9velopp\u00e9 par nous-m\u00eames. Ce transmetteur de niveau peut mesurer le contenu de chaque silo ou citerne de stockage sans avoir contact avec le mat\u00e9riel ou le fluide.<\/p>\n","protected":false},"author":3,"featured_media":8046,"parent":0,"menu_order":0,"comment_status":"closed","ping_status":"closed","template":"","meta":{"_acf_changed":false,"_monsterinsights_skip_tracking":false,"_monsterinsights_sitenote_active":false,"_monsterinsights_sitenote_note":"","_monsterinsights_sitenote_category":0,"footnotes":""},"class_list":["post-8045","page","type-page","status-publish","has-post-thumbnail","hentry"],"acf":[],"yoast_head":"<!-- This site is optimized with the Yoast SEO plugin v27.4 - https:\/\/yoast.com\/product\/yoast-seo-wordpress\/ -->\n<title>Transmetteur de niveau \u00e0 laser LTI - Intercontrol Belgi\u00eb<\/title>\n<meta name=\"description\" content=\"Le transmetteur de niveau \u00e0 laser LTI d&#039;Intercontrol peut mesurer le contenu de chaque silo ou citerne de stockage, sans avoir contact avec le mat\u00e9riel ou le fluide.\" \/>\n<meta name=\"robots\" content=\"index, follow, max-snippet:-1, max-image-preview:large, max-video-preview:-1\" \/>\n<link rel=\"canonical\" href=\"https:\/\/intercontrol.be\/laser-niveaumeter-lti\/\" \/>\n<meta property=\"og:locale\" content=\"fr_FR\" \/>\n<meta property=\"og:type\" content=\"article\" \/>\n<meta property=\"og:title\" content=\"Transmetteur de niveau \u00e0 laser LTI - Intercontrol Belgi\u00eb\" \/>\n<meta property=\"og:description\" content=\"Le transmetteur de niveau \u00e0 laser LTI d&#039;Intercontrol peut mesurer le contenu de chaque silo ou citerne de stockage, sans avoir contact avec le mat\u00e9riel ou le fluide.\" \/>\n<meta property=\"og:url\" content=\"https:\/\/intercontrol.be\/laser-niveaumeter-lti\/\" \/>\n<meta property=\"og:site_name\" content=\"Intercontrol Belgi\u00eb\" \/>\n<meta property=\"article:modified_time\" content=\"2016-01-09T17:33:36+00:00\" \/>\n<meta property=\"og:image\" content=\"https:\/\/intercontrol.be\/wp-content\/uploads\/2015\/12\/Transmetteur-de-niveau----laser-LTI-Intercontrol.jpg\" \/>\n\t<meta property=\"og:image:width\" content=\"800\" \/>\n\t<meta property=\"og:image:height\" content=\"600\" \/>\n\t<meta property=\"og:image:type\" content=\"image\/jpeg\" \/>\n<meta name=\"twitter:card\" content=\"summary_large_image\" \/>\n<meta name=\"twitter:label1\" content=\"Dur\u00e9e de lecture estim\u00e9e\" \/>\n\t<meta name=\"twitter:data1\" content=\"2 minutes\" \/>\n<script type=\"application\/ld+json\" class=\"yoast-schema-graph\">{\"@context\":\"https:\\\/\\\/schema.org\",\"@graph\":[{\"@type\":\"WebPage\",\"@id\":\"https:\\\/\\\/intercontrol.be\\\/laser-niveaumeter-lti\\\/\",\"url\":\"https:\\\/\\\/intercontrol.be\\\/laser-niveaumeter-lti\\\/\",\"name\":\"Transmetteur de niveau \u00e0 laser LTI - Intercontrol Belgi\u00eb\",\"isPartOf\":{\"@id\":\"https:\\\/\\\/intercontrol.be\\\/#website\"},\"primaryImageOfPage\":{\"@id\":\"https:\\\/\\\/intercontrol.be\\\/laser-niveaumeter-lti\\\/#primaryimage\"},\"image\":{\"@id\":\"https:\\\/\\\/intercontrol.be\\\/laser-niveaumeter-lti\\\/#primaryimage\"},\"thumbnailUrl\":\"https:\\\/\\\/intercontrol.be\\\/wp-content\\\/uploads\\\/2015\\\/12\\\/Transmetteur-de-niveau----laser-LTI-Intercontrol.jpg\",\"datePublished\":\"2015-12-17T19:08:33+00:00\",\"dateModified\":\"2016-01-09T17:33:36+00:00\",\"description\":\"Le transmetteur de niveau \u00e0 laser LTI d'Intercontrol peut mesurer le contenu de chaque silo ou citerne de stockage, sans avoir contact avec le mat\u00e9riel ou le fluide.\",\"breadcrumb\":{\"@id\":\"https:\\\/\\\/intercontrol.be\\\/laser-niveaumeter-lti\\\/#breadcrumb\"},\"inLanguage\":\"fr-FR\",\"potentialAction\":[{\"@type\":\"ReadAction\",\"target\":[\"https:\\\/\\\/intercontrol.be\\\/laser-niveaumeter-lti\\\/\"]}]},{\"@type\":\"ImageObject\",\"inLanguage\":\"fr-FR\",\"@id\":\"https:\\\/\\\/intercontrol.be\\\/laser-niveaumeter-lti\\\/#primaryimage\",\"url\":\"https:\\\/\\\/intercontrol.be\\\/wp-content\\\/uploads\\\/2015\\\/12\\\/Transmetteur-de-niveau----laser-LTI-Intercontrol.jpg\",\"contentUrl\":\"https:\\\/\\\/intercontrol.be\\\/wp-content\\\/uploads\\\/2015\\\/12\\\/Transmetteur-de-niveau----laser-LTI-Intercontrol.jpg\",\"width\":800,\"height\":600,\"caption\":\"Transmetteur de niveau \u00e0 laser LTI - Intercontrol\"},{\"@type\":\"BreadcrumbList\",\"@id\":\"https:\\\/\\\/intercontrol.be\\\/laser-niveaumeter-lti\\\/#breadcrumb\",\"itemListElement\":[{\"@type\":\"ListItem\",\"position\":1,\"name\":\"Home\",\"item\":\"https:\\\/\\\/intercontrol.be\\\/frs\\\/\"},{\"@type\":\"ListItem\",\"position\":2,\"name\":\"Transmetteur de niveau \u00e0 laser LTI\"}]},{\"@type\":\"WebSite\",\"@id\":\"https:\\\/\\\/intercontrol.be\\\/#website\",\"url\":\"https:\\\/\\\/intercontrol.be\\\/\",\"name\":\"Intercontrol Belgi\u00eb\",\"description\":\"Alles onder controle!\",\"potentialAction\":[{\"@type\":\"SearchAction\",\"target\":{\"@type\":\"EntryPoint\",\"urlTemplate\":\"https:\\\/\\\/intercontrol.be\\\/?s={search_term_string}\"},\"query-input\":{\"@type\":\"PropertyValueSpecification\",\"valueRequired\":true,\"valueName\":\"search_term_string\"}}],\"inLanguage\":\"fr-FR\"}]}<\/script>\n<!-- \/ Yoast SEO plugin. -->","yoast_head_json":{"title":"Transmetteur de niveau \u00e0 laser LTI - Intercontrol Belgi\u00eb","description":"Le transmetteur de niveau \u00e0 laser LTI d'Intercontrol peut mesurer le contenu de chaque silo ou citerne de stockage, sans avoir contact avec le mat\u00e9riel ou le fluide.","robots":{"index":"index","follow":"follow","max-snippet":"max-snippet:-1","max-image-preview":"max-image-preview:large","max-video-preview":"max-video-preview:-1"},"canonical":"https:\/\/intercontrol.be\/laser-niveaumeter-lti\/","og_locale":"fr_FR","og_type":"article","og_title":"Transmetteur de niveau \u00e0 laser LTI - Intercontrol Belgi\u00eb","og_description":"Le transmetteur de niveau \u00e0 laser LTI d'Intercontrol peut mesurer le contenu de chaque silo ou citerne de stockage, sans avoir contact avec le mat\u00e9riel ou le fluide.","og_url":"https:\/\/intercontrol.be\/laser-niveaumeter-lti\/","og_site_name":"Intercontrol Belgi\u00eb","article_modified_time":"2016-01-09T17:33:36+00:00","og_image":[{"width":800,"height":600,"url":"https:\/\/intercontrol.be\/wp-content\/uploads\/2015\/12\/Transmetteur-de-niveau----laser-LTI-Intercontrol.jpg","type":"image\/jpeg"}],"twitter_card":"summary_large_image","twitter_misc":{"Dur\u00e9e de lecture estim\u00e9e":"2 minutes"},"schema":{"@context":"https:\/\/schema.org","@graph":[{"@type":"WebPage","@id":"https:\/\/intercontrol.be\/laser-niveaumeter-lti\/","url":"https:\/\/intercontrol.be\/laser-niveaumeter-lti\/","name":"Transmetteur de niveau \u00e0 laser LTI - Intercontrol Belgi\u00eb","isPartOf":{"@id":"https:\/\/intercontrol.be\/#website"},"primaryImageOfPage":{"@id":"https:\/\/intercontrol.be\/laser-niveaumeter-lti\/#primaryimage"},"image":{"@id":"https:\/\/intercontrol.be\/laser-niveaumeter-lti\/#primaryimage"},"thumbnailUrl":"https:\/\/intercontrol.be\/wp-content\/uploads\/2015\/12\/Transmetteur-de-niveau----laser-LTI-Intercontrol.jpg","datePublished":"2015-12-17T19:08:33+00:00","dateModified":"2016-01-09T17:33:36+00:00","description":"Le transmetteur de niveau \u00e0 laser LTI d'Intercontrol peut mesurer le contenu de chaque silo ou citerne de stockage, sans avoir contact avec le mat\u00e9riel ou le fluide.","breadcrumb":{"@id":"https:\/\/intercontrol.be\/laser-niveaumeter-lti\/#breadcrumb"},"inLanguage":"fr-FR","potentialAction":[{"@type":"ReadAction","target":["https:\/\/intercontrol.be\/laser-niveaumeter-lti\/"]}]},{"@type":"ImageObject","inLanguage":"fr-FR","@id":"https:\/\/intercontrol.be\/laser-niveaumeter-lti\/#primaryimage","url":"https:\/\/intercontrol.be\/wp-content\/uploads\/2015\/12\/Transmetteur-de-niveau----laser-LTI-Intercontrol.jpg","contentUrl":"https:\/\/intercontrol.be\/wp-content\/uploads\/2015\/12\/Transmetteur-de-niveau----laser-LTI-Intercontrol.jpg","width":800,"height":600,"caption":"Transmetteur de niveau \u00e0 laser LTI - Intercontrol"},{"@type":"BreadcrumbList","@id":"https:\/\/intercontrol.be\/laser-niveaumeter-lti\/#breadcrumb","itemListElement":[{"@type":"ListItem","position":1,"name":"Home","item":"https:\/\/intercontrol.be\/frs\/"},{"@type":"ListItem","position":2,"name":"Transmetteur de niveau \u00e0 laser LTI"}]},{"@type":"WebSite","@id":"https:\/\/intercontrol.be\/#website","url":"https:\/\/intercontrol.be\/","name":"Intercontrol Belgi\u00eb","description":"Alles onder controle!","potentialAction":[{"@type":"SearchAction","target":{"@type":"EntryPoint","urlTemplate":"https:\/\/intercontrol.be\/?s={search_term_string}"},"query-input":{"@type":"PropertyValueSpecification","valueRequired":true,"valueName":"search_term_string"}}],"inLanguage":"fr-FR"}]}},"_links":{"self":[{"href":"https:\/\/intercontrol.be\/frs\/wp-json\/wp\/v2\/pages\/8045","targetHints":{"allow":["GET"]}}],"collection":[{"href":"https:\/\/intercontrol.be\/frs\/wp-json\/wp\/v2\/pages"}],"about":[{"href":"https:\/\/intercontrol.be\/frs\/wp-json\/wp\/v2\/types\/page"}],"author":[{"embeddable":true,"href":"https:\/\/intercontrol.be\/frs\/wp-json\/wp\/v2\/users\/3"}],"replies":[{"embeddable":true,"href":"https:\/\/intercontrol.be\/frs\/wp-json\/wp\/v2\/comments?post=8045"}],"version-history":[{"count":10,"href":"https:\/\/intercontrol.be\/frs\/wp-json\/wp\/v2\/pages\/8045\/revisions"}],"predecessor-version":[{"id":8232,"href":"https:\/\/intercontrol.be\/frs\/wp-json\/wp\/v2\/pages\/8045\/revisions\/8232"}],"wp:featuredmedia":[{"embeddable":true,"href":"https:\/\/intercontrol.be\/frs\/wp-json\/wp\/v2\/media\/8046"}],"wp:attachment":[{"href":"https:\/\/intercontrol.be\/frs\/wp-json\/wp\/v2\/media?parent=8045"}],"curies":[{"name":"wp","href":"https:\/\/api.w.org\/{rel}","templated":true}]}}